Vremenska postaja Sladki Vrh

46.691233 N| 15.767722 E| 326 meters | Prikaži na zemljevidu

Vreme na kratko
18.8°C 84% 1008.0 mbar 0 km/h 0 km/h 0.0 mm
-0.0°C/h 2%/h 0.1 mbar/h N/A ( N/A) N/A ( N/A) 0.0 mm/h

03/07/20 00:15:00 CEST

Vremenska statistika za 2016

Vremenska postaja:LaCrosse WS-2355
Programska oprema:weewx v4.0.0
WeeWX aktiven:17 days, 5 hours, 28 minutes
Strežnik aktiven:17 days, 14 hours, 5 minutes
                     CLIMATOLOGICAL SUMMARY for year 2016


NAME: Zgornja Velka, Šentilj                  
ELEV: 326 meters    LAT: 46-41.47 N    LONG: 015-46.07 E


                                       TEMPERATURE (°C)

                              HEAT    COOL                             Tropske Vroci  Topli  Hladni  Ledeni
          MEAN   MEAN         DEG     DEG                                >=     >=     >=      <       < 
 YR  MO   MAX    MIN    MEAN  DAYS    DAYS      HI  DAY     LOW  DAY     20     30     25      0       0
---------------------------------------------------------------------------------------------------------
2016 01    5.4   -3.4   -0.1  574.0    0.0    17.3   28    -8.1   19      0      0      0     29      8
2016 02   10.8    1.8    5.6  367.4    0.0    19.3   22    -1.8   12      0      0      0      7      0
2016 03   14.3    2.7    7.8  321.8    0.0    26.4   31    -0.7   15      0      0      1      2      0
2016 04   20.7    6.6   13.2  155.5    2.5    28.5   04    -0.4   26      0      0     10      1      0
2016 05   22.5   10.7   15.9   86.6   14.8    29.9   27     4.9   16      0      0     10      0      0
2016 06   25.3   13.6   18.9   21.2   38.6    31.6   24    11.0   18      0      2     16      0      0
2016 07   26.9   15.1   20.9    8.7   70.3    31.9   11    10.1   15      0      5     19      0      0
2016 08   25.5   13.6   18.8   22.9   32.9    29.9   29     7.2   12      0      0     20      0      0
2016 09   24.0   12.2   16.9   64.8   22.6    29.2   04     6.4   21      0      0     13      0      0
2016 10   13.5    5.1    8.8  294.2    0.0    24.5   01     0.6   13      0      0      0      0      0
2016 11    8.6    1.3    4.8  406.9    0.0    16.9   22    -6.5   30      0      0      0     12      0
2016 12    2.1   -3.6   -1.1  606.2    0.0    10.5   12    -7.5   31      0      0      0     31      9
------------------------------------------------------------------------------------------------
          16.4    6.2   10.7 2930.2  181.8    31.9  Jul    -8.1  Jan      0      7     89     82     17


                  PRECIPITATION (mm)

                  MAX         ---DAYS OF RAIN---
                  OBS.               OVER
 YR  MO  TOTAL    DAY  DATE   0.20   2.00  20.00
------------------------------------------------
2016 01   15.0   11.4    11      3      2      0
2016 02   72.0    9.8    10     12     10      0
2016 03   29.5   18.1    03      6      3      0
2016 04   24.9   10.4    27      5      5      0
2016 05   73.0   17.1    01     19      9      0
2016 06   96.9   21.2    20     15     11      1
2016 07   40.4   20.7    14      6      3      1
2016 08   29.0    7.3    10      6      5      0
2016 09   59.6   30.1    19      5      5      1
2016 10   67.3   14.0    10     12     10      0
2016 11   51.8   22.3    06      8      5      1
2016 12    0.0    0.0    01      0      0      0
------------------------------------------------
         559.5   30.1   Sep     97     68      4


           WIND SPEED (km/h)

                                DOM
 YR  MO    AVG     HI   DATE    DIR
-----------------------------------
2016 01    0.0    0.0     01    N/A 
2016 02    0.0    0.0     01    N/A 
2016 03    0.0    4.7     31    318 
2016 04    0.0    3.6     04    340 
2016 05    0.1   16.6     28     68 
2016 06    0.9   92.2     02    340 
2016 07    1.0   17.3     05    299 
2016 08    1.0   22.0     22    307 
2016 09    0.8   11.9     05    292 
2016 10    0.8   30.2     05    304 
2016 11    1.3   21.2     06    149 
2016 12    0.8   28.8     27      6 
-----------------------------------
           0.5   92.2    Jun    313