Vremenska postaja Sladki Vrh

46.691233 N| 15.767722 E| 326 meters | Prikaži na zemljevidu

Vreme na kratko
18.4°C 83% 1008.0 mbar 0 km/h 0 km/h 0.5 mm
-0.7°C/h 2%/h 0.2 mbar/h N/A ( N/A) N/A ( N/A) 0.0 mm/h

02/07/20 23:45:00 CEST

Vremenska statistika za 01-2017

Vremenska postaja:LaCrosse WS-2355
Programska oprema:weewx v4.0.0
WeeWX aktiven:17 days, 4 hours, 56 minutes
Strežnik aktiven:17 days, 13 hours, 33 minutes
                   MONTHLY CLIMATOLOGICAL SUMMARY for Jan 2017


NAME: Zgornja Velka, Šentilj                  
ELEV: 326 meters    LAT: 46-41.47 N    LONG: 015-46.07 E


                   TEMPERATURE (°C), RAIN (mm), WIND SPEED (km/h)

                                         HEAT   COOL         AVG
      MEAN                               DEG    DEG          WIND                   DOM
DAY   TEMP   HIGH   TIME    LOW   TIME   DAYS   DAYS   RAIN  SPEED   HIGH   TIME    DIR
---------------------------------------------------------------------------------------
 01   -3.8    2.2  13:05   -7.5  07:30   22.2    0.0    0.0    0.4    5.0  00:35    286
 02   -4.0    0.9  13:40   -7.9  07:50   22.4    0.0    0.0    0.3    6.5  13:30    292
 03   -2.4    2.6  13:10   -5.6  08:30   20.7    0.0    0.0    1.3    6.8  05:20     90
 04   -2.1    1.8  14:05   -5.0  00:00   20.5    0.0    0.0    1.2    9.4  17:10     83
 05   -3.5    1.3  13:05   -6.1  07:10   21.8    0.0    0.0    3.7   29.2  14:30    291
 06   -7.1   -4.4  11:45  -11.9  00:00   25.4    0.0    0.0    4.1   27.7  10:25    289
 07  -10.1   -5.5  13:10  -14.8  07:55   28.4    0.0    0.0    0.5    7.2  11:40     67
 08   -8.5   -5.9  14:35  -11.9  22:40   26.9    0.0    0.0    0.7    7.6  14:00    307
 09   -7.3   -3.1  14:10  -12.8  07:25   25.7    0.0    0.0    0.9   10.1  14:15     96
 10   -8.6   -4.7  00:05  -15.9  22:05   27.0    0.0    0.0    1.2   11.2  11:45     83
 11   -9.9   -4.2  13:10  -16.2  03:55   28.2    0.0    0.0    1.2   10.1  15:20    104
 12   -3.6    2.7  14:25   -9.5  06:10   21.9    0.0    0.0    1.0   10.8  10:05     37
 13    1.7    4.2  06:30   -0.7  00:00   16.6    0.0    2.1    1.8   19.1  05:55    140
 14   -2.8    0.6  12:40   -5.1  19:25   21.1    0.0    0.0    0.0    0.0  00:05    N/A
 15   -4.9   -1.3  14:20   -8.4  08:05   23.2    0.0    0.0    0.0    2.5  11:30    302
 16   -5.3   -2.2  14:25   -7.2  04:05   23.6    0.0    0.0    0.6    6.1  09:25    287
 17   -2.8   -0.4  12:50   -4.6  00:05   21.2    0.0    0.0    1.1   10.1  13:00     81
 18   -3.2   -1.4  13:45   -4.4  05:15   21.5    0.0    0.0    1.1    9.7  00:40    284
 19   -4.9   -0.4  13:15  -10.6  23:30   23.2    0.0    0.5    0.2    4.7  02:25      8
 20   -8.3   -2.4  15:15  -12.3  07:20   26.7    0.0    0.0    0.3    4.7  12:50    305
 21   -9.7   -2.4  13:15  -12.8  07:40   28.0    0.0    0.0    0.3    4.0  10:55    300
 22   -8.7   -3.2  15:00  -12.8  06:20   27.0    0.0    0.0    0.4    5.8  12:40    332
 23   -9.6   -7.2  12:30  -12.4  04:45   27.9    0.0    0.0    0.3    4.3  13:30     63
 24   -7.7   -6.8  14:50   -8.4  00:05   26.0    0.0    0.0    0.4    4.0  11:05    285
 25   -5.4   -3.7  15:50   -7.1  00:05   23.7    0.0    0.0    1.3    8.3  12:10    283
 26   -3.1   -1.7  14:05   -4.1  05:50   21.4    0.0    0.0    1.4    6.5  04:00    292
 27   -6.8   -1.6  15:25  -10.8  07:50   25.2    0.0    0.0    0.8    8.3  17:35    356
 28   -7.4   -6.6  12:50   -9.6  00:05   25.7    0.0    0.0    0.3    5.8  14:35    358
 29   -6.8   -5.4  13:25   -7.6  00:25   25.1    0.0    0.0    0.1    2.2  09:40     16
 30   -7.1   -6.1  12:50   -7.8  23:40   25.4    0.0    0.0    0.1    2.9  00:10     60
 31   -6.4   -4.7  14:20   -8.1  01:40   24.7    0.0    0.0    0.1    2.9  14:10     47
---------------------------------------------------------------------------------------
      -5.8    4.2     13  -16.2     11  748.2    0.0    2.6    0.9   29.2     05    306
    
Tropske noči (Tmin >= 20): 0
Vroči dnevi (Tmax >= 30): 0
Topli dnevi (Tmax >= 25): 0
Hladni dnevi (Tmin < 0): 23
Ledeni dnevi (Tmax < 0): 31