Vremenska postaja Sladki Vrh

46.691233 N| 15.767722 E| 326 meters | Prikaži na zemljevidu

Vreme na kratko
19.1°C 83% 1007.8 mbar 0 km/h 0 km/h 0.0 mm
0.7°C/h 0%/h -0.2 mbar/h N/A ( N/A) N/A ( N/A) 0.0 mm/h

03/07/20 00:45:00 CEST

Vremenska statistika za 02-2017

Vremenska postaja:LaCrosse WS-2355
Programska oprema:weewx v4.0.0
WeeWX aktiven:17 days, 5 hours, 56 minutes
Strežnik aktiven:17 days, 14 hours, 33 minutes
                   MONTHLY CLIMATOLOGICAL SUMMARY for Feb 2017


NAME: Zgornja Velka, Šentilj                  
ELEV: 326 meters    LAT: 46-41.47 N    LONG: 015-46.07 E


                   TEMPERATURE (°C), RAIN (mm), WIND SPEED (km/h)

                                         HEAT   COOL         AVG
      MEAN                               DEG    DEG          WIND                   DOM
DAY   TEMP   HIGH   TIME    LOW   TIME   DAYS   DAYS   RAIN  SPEED   HIGH   TIME    DIR
---------------------------------------------------------------------------------------
 01   -2.6   -1.1  15:05   -4.9  00:05   21.0    0.0    0.0    1.1    5.4  11:55    286
 02    0.6    6.2  19:30   -3.2  07:15   17.8    0.0    5.2    2.5    9.4  18:20    131
 03    8.3   13.3  13:35    3.3  01:15   10.0    0.0    0.0    5.0   11.2  05:55    137
 04    5.7    8.9  13:15    1.2  08:00   12.6    0.0    3.6    2.4   11.2  14:00    131
 05    4.6   10.6  13:00   -0.1  05:55   13.8    0.0    4.7    1.1   21.2  12:45    133
 06    3.5    4.4  00:40    2.9  20:30   14.8    0.0   17.1    1.5    7.2  11:20    283
 07    2.1    5.3  15:00   -0.2  07:15   16.2    0.0    0.0    0.8    5.0  10:30     90
 08   -0.5    1.9  14:40   -2.1  23:45   18.8    0.0    0.0    1.5   11.2  17:15     82
 09   -1.6   -1.1  13:40   -2.2  04:15   19.9    0.0    0.0    0.7    4.7  12:50    271
 10   -0.9   -0.1  13:40   -1.3  04:00   19.2    0.0    0.0    0.2    4.7  09:25    270
 11    0.1    1.9  14:40   -1.2  01:05   18.2    0.0    0.5    0.9    8.6  11:50     94
 12    0.8    1.9  12:40   -0.1  07:40   17.6    0.0    0.0    0.3    6.1  14:45     56
 13   -0.4    1.8  13:05   -3.3  00:00   18.7    0.0    0.0    0.6    6.5  12:55    309
 14   -2.5    2.8  15:35   -6.0  07:40   20.8    0.0    0.0    0.5    6.1  13:15    261
 15    1.3    9.5  15:00   -4.1  06:35   17.1    0.0    0.0    0.6    5.8  14:45    299
 16    2.7   10.4  13:05   -1.8  07:35   15.6    0.0    0.0    1.1    6.5  14:45    317
 17    1.2    7.6  13:50   -3.1  06:15   17.1    0.0    3.1    1.0   10.4  12:15    295
 18    3.2    8.9  13:25    0.2  07:25   15.2    0.0    0.5    1.2    9.7  06:00    279
 19    2.5    8.0  15:25   -1.6  23:20   15.8    0.0    0.0    0.9    7.6  15:20     33
 20    2.5    9.6  15:10   -1.9  04:05   15.9    0.0    0.0    1.1   11.5  05:35     75
 21    4.6    9.8  14:15    0.3  00:35   13.8    0.0    0.0    1.0    5.0  13:50     45
 22    6.2   14.2  14:55    2.2  07:35   12.1    0.0    0.0    1.7    9.7  14:20     90
 23    7.8   16.6  14:00    2.6  00:05   10.5    0.0    0.0    2.4    9.7  16:30    105
 24    5.5    9.6  01:45    2.9  00:00   12.8    0.0    2.1    1.8    9.0  01:10     89
 25    2.8    9.3  12:45   -1.9  00:00   15.5    0.0    0.0    1.3    9.4  12:25     39
 26    2.9   10.4  15:00   -3.8  05:15   15.4    0.0    0.0    1.0   10.1  11:00    324
 27    6.8   13.8  15:10    0.4  07:00   11.6    0.0    0.0    3.0   26.3  15:45    143
 28    9.9   14.2  13:10    3.6  03:35    8.5    0.0    0.0    5.1   14.0  23:30    142
---------------------------------------------------------------------------------------
       2.7   16.6     23   -6.0     14  436.3    0.0   36.8    1.5   26.3     27    128
    
Tropske noči (Tmin >= 20): 0
Vroči dnevi (Tmax >= 30): 0
Topli dnevi (Tmax >= 25): 0
Hladni dnevi (Tmin < 0): 3
Ledeni dnevi (Tmax < 0): 18