Vremenska postaja Sladki Vrh

46.691233 N| 15.767722 E| 326 meters | Prikaži na zemljevidu

Vreme na kratko
18.5°C 83% 1008.0 mbar 0 km/h 0 km/h 0.0 mm
-0.4°C/h 1%/h 0.1 mbar/h N/A ( N/A) N/A ( N/A) 0.0 mm/h

03/07/20 00:05:00 CEST

Vremenska statistika za 03-2017

Vremenska postaja:LaCrosse WS-2355
Programska oprema:weewx v4.0.0
WeeWX aktiven:17 days, 5 hours, 14 minutes
Strežnik aktiven:17 days, 13 hours, 52 minutes
                   MONTHLY CLIMATOLOGICAL SUMMARY for Mar 2017


NAME: Zgornja Velka, Šentilj                  
ELEV: 326 meters    LAT: 46-41.47 N    LONG: 015-46.07 E


                   TEMPERATURE (°C), RAIN (mm), WIND SPEED (km/h)

                                         HEAT   COOL         AVG
      MEAN                               DEG    DEG          WIND                   DOM
DAY   TEMP   HIGH   TIME    LOW   TIME   DAYS   DAYS   RAIN  SPEED   HIGH   TIME    DIR
---------------------------------------------------------------------------------------
 01    5.4   11.4  00:05   -0.3  23:35   12.9    0.0    6.7    1.7   22.7  01:50    257
 02    6.1   13.4  15:20   -0.7  00:55   12.2    0.0    0.0    0.9    8.3  15:55    345
 03    8.0   12.7  13:15    1.2  06:30   10.4    0.0    0.0    2.9   14.4  11:30    134
 04   11.7   17.2  13:15    6.9  04:15    6.7    0.0    0.0    4.4   20.2  15:25    141
 05    9.0   13.3  11:15    4.9  00:00    9.3    0.0    0.0    3.4   20.5  11:25    126
 06    5.8   10.8  13:40    2.3  06:25   12.5    0.0    2.6    2.3   14.0  13:35    100
 07    6.6   12.2  13:15    3.1  22:50   11.8    0.0    0.0    1.6   16.2  15:10    321
 08    5.9   13.6  15:05   -0.6  06:40   12.4    0.0    0.0    1.2   16.6  13:15    357
 09    8.3   16.3  12:50    1.3  00:10   10.1    0.0    0.0    1.1    8.6  13:55    337
 10    7.6   11.2  12:55    3.3  23:50   10.8    0.0    0.0    7.1   40.0  13:20    283
 11    5.8   12.5  13:40   -0.4  06:30   12.5    0.0    0.0    2.0   19.4  10:10    300
 12    3.8    9.9  14:40   -0.7  07:15   14.5    0.0    0.0    1.3   12.6  15:55    356
 13    3.9   11.6  15:05   -1.9  04:40   14.5    0.0    0.0    1.4   10.1  13:05    280
 14    6.4   15.8  14:35   -0.4  05:00   12.0    0.0    0.0    1.5   16.2  12:55    300
 15    6.9   16.1  13:40   -0.2  06:25   11.4    0.0    0.0    0.7    9.0  13:40     44
 16    7.9   17.5  15:15    0.5  05:55   10.4    0.0    0.0    1.0   12.2  11:55     41
 17   10.1   19.9  15:30    1.0  06:15    8.2    0.0    0.0    1.9   14.4  10:25     95
 18   10.1   15.3  13:35    6.6  04:50    8.2    0.0    0.0    0.8    7.2  13:40     39
 19    9.4   15.6  15:00    3.9  06:30    8.9    0.0    0.0    1.9   17.3  12:25     84
 20   11.3   20.2  15:15    4.4  05:35    7.1    0.0    0.0    1.3   10.1  14:15     78
 21   11.9   19.0  15:25    5.3  06:05    6.4    0.0    0.0    1.5   14.8  15:25     53
 22   11.8   18.2  15:25    6.6  02:40    6.5    0.0    0.0    1.2    7.6  20:50     17
 23   11.8   20.6  14:45    4.3  02:25    6.5    0.0    0.0    1.5   15.5  10:10    129
 24   10.6   18.9  15:15    4.0  06:20    7.7    0.0    0.0    1.6   20.9  17:20     70
 25    8.0   15.3  15:40    2.3  04:35   10.3    0.0    0.0    1.1    8.6  09:05     41
 26    7.9   13.9  15:45    2.5  23:05   10.5    0.0    0.0    2.1   15.8  16:55     21
 27    6.0   14.8  16:50   -1.4  04:30   12.4    0.0    0.0    1.4   10.8  13:00    302
 28   10.0   21.2  15:25    0.6  05:50    8.4    0.0    0.0    1.4   12.6  12:10     79
 29   13.8   23.4  15:00    5.3  06:25    4.5    0.0    0.0    1.5   13.7  13:15    295
 30   12.5   21.0  15:55    7.2  07:20    5.8    0.0    0.0    0.8   10.4  14:40    335
 31   12.9   21.9  15:45    4.4  07:00    5.5    0.0    0.0    2.0   19.1  13:35    106
---------------------------------------------------------------------------------------
       8.6   23.4     29   -1.9     13  301.1    0.0    9.3    1.8   40.0     10     70
    
Tropske noči (Tmin >= 20): 0
Vroči dnevi (Tmax >= 30): 0
Topli dnevi (Tmax >= 25): 0
Hladni dnevi (Tmin < 0): 0
Ledeni dnevi (Tmax < 0): 9