Vremenska postaja Sladki Vrh

46.691233 N| 15.767722 E| 326 meters | Prikaži na zemljevidu

Vreme na kratko
19.3°C 81% 1007.8 mbar 0 km/h 0 km/h 0.0 mm
0.9°C/h -2%/h -0.2 mbar/h N/A ( N/A) N/A ( N/A) 0.0 mm/h

03/07/20 01:00:00 CEST

Vremenska statistika za 04-2017

Vremenska postaja:LaCrosse WS-2355
Programska oprema:weewx v4.0.0
WeeWX aktiven:17 days, 6 hours, 13 minutes
Strežnik aktiven:17 days, 14 hours, 51 minutes
                   MONTHLY CLIMATOLOGICAL SUMMARY for Apr 2017


NAME: Zgornja Velka, Šentilj                  
ELEV: 326 meters    LAT: 46-41.47 N    LONG: 015-46.07 E


                   TEMPERATURE (°C), RAIN (mm), WIND SPEED (km/h)

                                         HEAT   COOL         AVG
      MEAN                               DEG    DEG          WIND                   DOM
DAY   TEMP   HIGH   TIME    LOW   TIME   DAYS   DAYS   RAIN  SPEED   HIGH   TIME    DIR
---------------------------------------------------------------------------------------
 01   13.6   23.6  14:05    4.2  06:55    4.7    0.0    0.0    1.9   14.0  15:35    128
 02   14.0   23.9  16:35    5.1  06:35    4.4    0.0    0.0    1.3   10.1  11:25    103
 03   15.2   24.4  14:55    7.6  07:05    3.1    0.0    0.0    2.4   15.8  15:35    322
 04   13.7   20.4  13:40    8.9  05:10    4.7    0.0    2.1    2.7   16.6  16:20    321
 05   11.1   16.9  16:35    7.8  23:20    7.2    0.0    0.0    1.5   10.8  02:35    290
 06    9.6   13.3  15:30    6.0  00:00    8.7    0.0    0.0    2.7   23.4  17:45    311
 07    9.4   16.2  15:00    3.3  02:00    8.9    0.0    0.0    2.5   23.0  15:20    279
 08   11.8   19.9  14:50    4.9  07:00    6.6    0.0    0.0    2.1   25.6  11:35    329
 09   11.7   20.1  15:25    4.9  03:05    6.6    0.0    0.0    0.9    7.2  12:35     46
 10   13.9   24.8  16:20    5.4  03:50    4.4    0.0    1.0    1.8   15.8  18:30     76
 11   11.1   15.8  11:40    4.4  23:55    7.2    0.0    0.0    1.3   16.9  11:45     86
 12    9.4   17.6  14:55    0.4  06:20    8.9    0.0    0.0    2.0   16.6  16:40    110
 13   13.4   21.3  15:00    7.6  06:50    4.9    0.0    0.0    1.5   12.6  12:25     25
 14   12.7   20.0  13:50    5.6  06:55    5.6    0.0    3.6    1.4   11.9  11:15     64
 15   11.9   16.2  13:45    8.8  06:00    6.4    0.0    1.6    0.7   11.2  15:15     86
 16   11.0   15.6  10:40    7.3  00:00    7.3    0.0    1.0    1.0   10.4  19:50     52
 17    8.9   16.3  14:45    2.3  07:15    9.4    0.0    0.0    0.9   12.6  14:30     68
 18    5.7    9.2  10:45    1.1  23:40   12.7    0.0    2.1    0.9   15.1  11:50     42
 19    3.2    5.6  13:30   -1.1  06:10   15.1    0.0    0.0    8.3   44.3  21:30    280
 20    4.2    9.1  15:55   -0.6  23:25   14.1    0.0    0.0    8.6   30.2  13:30    279
 21    5.6   15.0  16:15   -3.9  05:55   12.8    0.0    0.0    1.6   14.8  14:45    311
 22   10.0   19.4  16:10   -0.4  06:20    8.4    0.0    0.0    1.4   19.1  23:20     62
 23    8.2   13.9  15:15    4.2  06:50   10.1    0.0    1.0    1.0   15.5  12:40     70
 24    9.9   18.9  16:50    1.7  02:50    8.5    0.0    0.0    2.2   20.9  14:05    103
 25   14.0   21.7  14:50    4.9  06:15    4.3    0.0    0.0    2.9   22.7  14:20    103
 26   15.1   18.9  14:45   11.8  00:15    3.3    0.0    0.0    2.6   13.7  07:40    130
 27    9.5   13.9  07:35    6.0  23:15    8.8    0.0    9.3    1.2   12.2  08:00    125
 28    6.3    7.8  16:25    3.4  00:00   12.1    0.0   26.9    1.0    8.3  12:05    288
 29    6.6   14.4  14:55    0.9  03:40   11.7    0.0    0.0    1.3   16.2  14:15    288
 30    8.7   16.2  14:50    1.3  04:50    9.6    0.0    0.0    1.5   13.3  13:55     20
---------------------------------------------------------------------------------------
      10.3   24.8     10   -3.9     21  240.6    0.0   48.7    2.1   44.3     19    299
    
Tropske noči (Tmin >= 20): 0
Vroči dnevi (Tmax >= 30): 0
Topli dnevi (Tmax >= 25): 0
Hladni dnevi (Tmin < 0): 0
Ledeni dnevi (Tmax < 0): 4