Vremenska postaja Sladki Vrh

46.691233 N| 15.767722 E| 326 meters | Prikaži na zemljevidu

Vreme na kratko
18.8°C 84% 1008.0 mbar 0 km/h 0 km/h 0.0 mm
-0.0°C/h 2%/h 0.1 mbar/h N/A ( N/A) N/A ( N/A) 0.0 mm/h

03/07/20 00:15:00 CEST

Vremenska statistika za 05-2017

Vremenska postaja:LaCrosse WS-2355
Programska oprema:weewx v4.0.0
WeeWX aktiven:17 days, 5 hours, 28 minutes
Strežnik aktiven:17 days, 14 hours, 5 minutes
                   MONTHLY CLIMATOLOGICAL SUMMARY for May 2017


NAME: Zgornja Velka, Šentilj                  
ELEV: 326 meters    LAT: 46-41.47 N    LONG: 015-46.07 E


                   TEMPERATURE (°C), RAIN (mm), WIND SPEED (km/h)

                                         HEAT   COOL         AVG
      MEAN                               DEG    DEG          WIND                   DOM
DAY   TEMP   HIGH   TIME    LOW   TIME   DAYS   DAYS   RAIN  SPEED   HIGH   TIME    DIR
---------------------------------------------------------------------------------------
 01   12.1   18.6  16:50    7.4  05:40    6.2    0.0    0.0    1.2   15.8  14:15     75
 02   13.9   20.9  16:55    6.3  06:30    4.5    0.0    0.0    1.5   16.2  12:05     68
 03   10.0   14.8  18:00    7.0  23:35    8.4    0.0    3.1    0.8    8.3  07:25    288
 04   12.0   19.9  17:25    6.0  05:05    6.4    0.0    0.0    1.1   18.4  14:10     78
 05   10.4   12.9  14:35    6.9  05:40    8.0    0.0    4.1    0.8    7.9  16:00    290
 06   14.3   22.4  15:20    5.7  06:25    4.1    0.0    0.0    1.3   14.8  16:30     90
 07   13.5   19.5  16:50    9.9  06:00    4.9    0.0    1.0    0.9   12.6  17:30     97
 08   15.2   21.4  16:10    9.9  05:20    3.1    0.0    0.0    2.1   20.9  17:30    273
 09   10.6   13.3  16:10    6.1  23:55    7.7    0.0    0.0    1.8   16.6  12:50     76
 10    9.8   17.1  17:00    4.4  05:35    8.5    0.0    0.0    2.1  183.6  08:20     85
 11   14.3   22.8  15:50    4.6  05:25    4.0    0.0    0.0    1.3   19.4  15:45    115
 12   17.1   24.8  15:40   11.3  03:40    1.3    0.0    0.0    1.1    7.6  13:25    106
 13   16.6   22.5  15:55   12.1  00:00    1.8    0.0    1.0    0.6    8.3  16:05    322
 14   18.0   25.5  13:45   10.8  05:05    0.3    0.0    0.0    1.0    9.7  23:45    335
 15   15.1   18.1  17:05   12.7  00:00    3.3    0.0   20.7    1.1    9.7  00:30    284
 16   17.2   24.3  16:55   10.2  05:20    1.2    0.0    0.0    1.1   10.8  18:15    310
 17   17.5   23.8  15:45   11.1  00:00    0.8    0.0    0.0    0.8   10.8  12:05     55
 18   17.6   25.3  16:20    8.9  05:15    0.7    0.0    0.0    1.0   11.9  12:05    121
 19   19.1   27.4  15:55    9.7  06:00    0.0    0.7    0.0    1.4   14.4  16:05     97
 20   17.4   22.7  14:55   11.5  06:05    1.0    0.0    0.0    1.9   13.3  23:35    284
 21   16.4   20.9  17:35   11.4  06:35    2.0    0.0    1.0    3.2   20.5  00:25    275
 22   17.5   25.3  17:30    9.3  05:20    0.9    0.0    0.0    1.2   15.8  21:50     33
 23   17.9   26.5  16:35   11.2  06:30    0.5    0.0    0.0    1.4   18.7  12:00    291
 24   15.9   21.8  18:00   11.6  02:30    2.4    0.0    3.6    0.5   10.4  21:10    286
 25   15.0   21.3  16:25    8.6  05:50    3.3    0.0    1.0    1.9   25.6  11:15    277
 26   16.1   23.8  17:05    7.9  05:55    2.2    0.0    0.0    1.1   13.7  12:35     27
 27   19.5   26.2  16:45   12.8  05:40    0.0    1.1    0.0    1.1   11.5  14:55     74
 28   18.6   25.7  17:00   11.5  05:50    0.0    0.2    0.0    0.8   10.8  12:05     70
 29   19.5   27.9  17:20    9.9  06:05    0.0    1.1    0.0    0.8   12.2  15:15     75
 30   21.7   30.3  17:05   13.3  05:20    0.0    3.4    0.0    0.7    7.6  10:35     66
 31   21.8   29.4  15:10   17.2  05:55    0.0    3.4    0.0    0.7   12.6  15:20     58
---------------------------------------------------------------------------------------
      15.8   30.3     30    4.4     10   87.2   10.1   35.7    1.2  183.6     10    356
    
Tropske noči (Tmin >= 20): 0
Vroči dnevi (Tmax >= 30): 1
Topli dnevi (Tmax >= 25): 10
Hladni dnevi (Tmin < 0): 0
Ledeni dnevi (Tmax < 0): 0