Vremenska postaja Sladki Vrh

46.691233 N| 15.767722 E| 326 meters | Prikaži na zemljevidu

Vreme na kratko
19.4°C 80% 1007.8 mbar 0 km/h 0 km/h 0.0 mm
0.6°C/h -4%/h -0.2 mbar/h N/A ( N/A) N/A ( N/A) 0.0 mm/h

03/07/20 01:15:00 CEST

Vremenska statistika za 06-2017

Vremenska postaja:LaCrosse WS-2355
Programska oprema:weewx v4.0.0
WeeWX aktiven:17 days, 6 hours, 26 minutes
Strežnik aktiven:17 days, 15 hours, 4 minutes
                   MONTHLY CLIMATOLOGICAL SUMMARY for Jun 2017


NAME: Zgornja Velka, Šentilj                  
ELEV: 326 meters    LAT: 46-41.47 N    LONG: 015-46.07 E


                   TEMPERATURE (°C), RAIN (mm), WIND SPEED (km/h)

                                         HEAT   COOL         AVG
      MEAN                               DEG    DEG          WIND                   DOM
DAY   TEMP   HIGH   TIME    LOW   TIME   DAYS   DAYS   RAIN  SPEED   HIGH   TIME    DIR
---------------------------------------------------------------------------------------
 01   21.0   27.4  15:30   15.4  06:15    0.0    2.6    1.6    0.8    9.0  14:50    360
 02   17.0   20.4  09:35   15.9  05:25    1.3    0.0    2.1    0.3    4.7  20:15    284
 03   21.4   28.9  15:00   15.4  04:30    0.0    3.0    4.7    0.9   11.9  14:40    296
 04   20.6   30.3  14:20   14.4  05:50    0.0    2.3    3.1    1.4   20.9  17:15    282
 05   18.2   24.2  17:45   12.6  05:10    0.1    0.0    0.0    0.6    7.9  16:05     88
 06   19.7   26.3  11:50   13.1  05:25    0.0    1.4    1.6    1.1   10.1  11:30    115
 07   13.6   18.6  12:30   10.3  23:40    4.8    0.0   10.4    1.6   16.6  01:10    277
 08   14.9   22.7  16:00    7.2  04:40    3.5    0.0    0.0    1.2   10.1  09:50    279
 09   17.8   26.2  16:35    8.5  05:20    0.5    0.0    0.0    1.2   15.8  11:50     74
 10   17.5   24.3  16:35   12.4  03:15    0.8    0.0    5.7    1.1   11.5  07:55     68
 11   19.5   26.3  15:55   12.7  05:55    0.0    1.1    0.0    1.1    9.4  10:20      3
 12   21.0   31.2  15:40   11.2  05:15    0.0    2.7   17.1    0.6   10.8  20:20     55
 13   22.2   27.6  17:20   18.5  04:50    0.0    3.9    0.0    1.2   12.2  13:15     70
 14   20.0   23.6  15:00   14.6  00:00    0.0    1.6    0.0    1.1    9.7  03:10     76
 15   20.8   27.8  16:40   13.8  01:40    0.0    2.5    0.0    1.2   13.3  13:05     72
 16   19.8   25.0  18:10   15.1  05:10    0.0    1.4    0.5    0.8    8.3  10:10     27
 17   19.1   24.8  15:20   15.1  06:20    0.0    0.8    0.0    2.5   25.6  15:40    299
 18   19.4   25.7  15:40   13.9  02:40    0.0    1.0    0.0    2.7   24.5  14:15    275
 19   20.4   28.4  16:20   12.1  05:20    0.0    2.1    0.0    1.2    9.7  13:00      8
 20   22.8   31.9  16:00   12.2  05:35    0.0    4.4    0.0    0.8    8.3  10:55     70
 21   22.8   32.7  13:55   18.1  23:55    0.0    4.5    3.1    0.9   16.6  15:40     70
 22   24.3   33.0  15:15   16.4  04:10    0.0    6.0    0.0    1.2   15.5  15:55     36
 23   22.4   33.1  13:45   17.4  05:30    0.0    4.1   16.1    1.2   33.5  19:25     71
 24   23.1   30.8  16:10   15.9  05:20    0.0    4.8    0.5    1.1   11.5  12:45     62
 25   19.5   23.5  12:15   17.0  05:50    0.0    1.2   22.3    1.1   21.2  02:25    279
 26   21.7   28.5  16:50   15.2  04:30    0.0    3.4    0.0    1.0    8.3  16:15     75
 27   21.5   28.5  14:15   14.8  05:40    0.0    3.2    0.0    0.9   12.2  11:45    102
 28   22.3   30.3  13:25   16.4  05:10    0.0    4.0    2.6    1.0   18.4  11:40     97
 29   20.2   26.3  14:50   14.6  05:30    0.0    1.9   11.9    1.8   25.2  12:10    107
 30   19.8   27.1  13:25   12.3  05:10    0.0    1.5    0.0    1.9   16.6  12:00    101
---------------------------------------------------------------------------------------
      20.2   33.1     23    7.2     08   11.0   65.4  103.1    1.2   33.5     23     47
    
Tropske noči (Tmin >= 20): 0
Vroči dnevi (Tmax >= 30): 8
Topli dnevi (Tmax >= 25): 22
Hladni dnevi (Tmin < 0): 0
Ledeni dnevi (Tmax < 0): 0