Vremenska postaja Sladki Vrh

46.691233 N| 15.767722 E| 326 meters | Prikaži na zemljevidu

Vreme na kratko
18.8°C 84% 1008.0 mbar 0 km/h 0 km/h 0.0 mm
-0.0°C/h 2%/h 0.1 mbar/h N/A ( N/A) N/A ( N/A) 0.0 mm/h

03/07/20 00:15:00 CEST

Vremenska statistika za 07-2017

Vremenska postaja:LaCrosse WS-2355
Programska oprema:weewx v4.0.0
WeeWX aktiven:17 days, 5 hours, 28 minutes
Strežnik aktiven:17 days, 14 hours, 5 minutes
                   MONTHLY CLIMATOLOGICAL SUMMARY for Jul 2017


NAME: Zgornja Velka, Šentilj                  
ELEV: 326 meters    LAT: 46-41.47 N    LONG: 015-46.07 E


                   TEMPERATURE (°C), RAIN (mm), WIND SPEED (km/h)

                                         HEAT   COOL         AVG
      MEAN                               DEG    DEG          WIND                   DOM
DAY   TEMP   HIGH   TIME    LOW   TIME   DAYS   DAYS   RAIN  SPEED   HIGH   TIME    DIR
---------------------------------------------------------------------------------------
 01   20.3   26.3  14:25   14.4  05:55    0.0    2.0    0.0    1.7   24.8  21:05    316
 02   18.5   25.1  11:40   12.3  04:30    0.0    0.2    0.0    1.2   14.8  12:35    274
 03   19.7   25.8  17:40   13.3  00:00    0.0    1.4    0.0    1.8   19.4  17:10    280
 04   20.2   28.4  16:15   11.6  05:00    0.0    1.8    0.0    0.8    9.7  15:10     57
 05   22.1   30.6  15:55   14.4  05:45    0.0    3.8    0.0    0.9   13.7  11:25     97
 06   23.2   30.6  15:00   15.3  05:40    0.0    4.8    0.0    0.9    9.7  11:50     68
 07   23.3   32.3  14:10   17.1  05:35    0.0    5.0    0.0    0.6    7.6  17:55    333
 08   24.8   33.0  16:00   17.4  01:30    0.0    6.4    0.0    0.5    9.0  16:35    306
 09   25.1   33.0  16:20   18.1  05:45    0.0    6.8    0.0    1.3   16.9  14:40     61
 10   25.6   33.9  16:00   17.8  05:30    0.0    7.2    0.0    1.0   12.2  13:30     93
 11   23.6   29.5  13:50   18.7  00:50    0.0    5.2    0.5    1.4   12.2  22:10    304
 12   25.8   29.6  16:45   19.6  23:15    0.0    7.5    0.0    1.6   13.0  13:50     44
 13   22.9   28.7  16:45   16.4  05:55    0.0    4.5    0.0    1.6   10.4  17:10     50
 14   16.3   19.4  14:30   13.4  23:50    2.0    0.0    1.6    1.1   11.2  14:20    294
 15   17.3   24.3  16:25   11.6  05:15    1.0    0.0    0.0    2.1   18.7  18:25    282
 16   17.1   24.8  17:20    9.5  05:35    1.2    0.0    0.0    1.4   13.3  16:25    266
 17   19.7   28.1  17:05   10.4  05:40    0.0    1.4    0.0    1.1   10.8  11:45    349
 18   21.8   29.6  16:05   13.6  03:35    0.0    3.5    0.0    1.0   14.0  13:20     62
 19   23.3   32.6  15:40   13.9  05:20    0.0    4.9    0.0    1.2   19.1  17:10     74
 20   24.2   33.3  15:25   14.4  05:30    0.0    5.9    0.0    1.3   14.0  22:50    309
 21   23.7   31.2  16:40   15.8  05:35    0.0    5.4    0.0    0.9   10.1  14:45    344
 22   24.9   33.3  14:55   18.8  00:20    0.0    6.6    0.0    0.7   10.4  13:15      2
 23   22.8   31.8  14:30   17.5  05:50    0.0    4.5   18.7    1.6   15.5  15:35    290
 24   18.7   21.0  14:40   16.4  23:55    0.0    0.4   15.0    0.9    8.6  12:20    278
 25   18.3   25.6  14:25   12.9  06:10    0.0    0.0    0.5    0.8   14.4  14:30    272
 26   16.8   22.9  15:00   10.9  05:35    1.5    0.0    0.0    0.8    9.7  12:15     19
 27   18.0   24.8  16:25   13.8  05:10    0.4    0.0    1.0    0.0    0.0  00:05    N/A
 28   21.1   29.3  15:30   14.6  03:40    0.0    2.8    0.0    0.4   15.8  20:15    288
 29   21.8   28.9  15:55   15.1  06:30    0.0    3.5    0.0    1.0   14.4  12:15     81
 30   22.6   32.4  15:15   15.9  05:40    0.0    4.2    2.1    1.1   16.2  17:00     91
 31   24.0   33.1  16:20   16.3  05:20    0.0    5.6    0.0    1.2   13.0  14:20    298
---------------------------------------------------------------------------------------
      21.5   33.9     10    9.5     16    6.2  105.3   39.4    1.1   24.8     01    321
    
Tropske noči (Tmin >= 20): 0
Vroči dnevi (Tmax >= 30): 13
Topli dnevi (Tmax >= 25): 25
Hladni dnevi (Tmin < 0): 0
Ledeni dnevi (Tmax < 0): 0