Vremenska postaja Sladki Vrh

46.691233 N| 15.767722 E| 326 meters | Prikaži na zemljevidu

Vreme na kratko
18.8°C 82% 1007.9 mbar 0 km/h 0 km/h 0.5 mm
-1.1°C/h 3%/h -0.1 mbar/h N/A ( N/A) N/A ( N/A) 0.0 mm/h

02/07/20 23:05:00 CEST

Vremenska statistika za 08-2017

Vremenska postaja:LaCrosse WS-2355
Programska oprema:weewx v4.0.0
WeeWX aktiven:17 days, 4 hours, 14 minutes
Strežnik aktiven:17 days, 12 hours, 51 minutes
                   MONTHLY CLIMATOLOGICAL SUMMARY for Aug 2017


NAME: Zgornja Velka, Šentilj                  
ELEV: 326 meters    LAT: 46-41.47 N    LONG: 015-46.07 E


                   TEMPERATURE (°C), RAIN (mm), WIND SPEED (km/h)

                                         HEAT   COOL         AVG
      MEAN                               DEG    DEG          WIND                   DOM
DAY   TEMP   HIGH   TIME    LOW   TIME   DAYS   DAYS   RAIN  SPEED   HIGH   TIME    DIR
---------------------------------------------------------------------------------------
 01   25.7   33.6  15:40   17.5  05:30    0.0    7.4    0.0    1.2   12.6  16:20     74
 02   26.3   34.6  16:25   19.8  23:40    0.0    7.9    1.6    2.4   19.8  21:10    291
 03   25.9   34.4  16:50   17.8  06:15    0.0    7.6    0.0    1.2   16.6  00:20     10
 04   28.4   36.2  17:00   20.8  06:05    0.0   10.1    0.0    1.3   22.7  23:10    322
 05   25.8   31.8  15:55   20.3  05:20    0.0    7.5    0.0    1.7   12.2  01:10    330
 06   22.2   26.9  12:00   18.9  05:20    0.0    3.9    2.6    2.8   20.2  00:20    288
 07   21.4   26.5  17:00   14.6  00:00    0.0    3.1    0.0    1.7   10.4  12:35    288
 08   20.0   27.3  17:20   13.3  03:15    0.0    1.6    0.0    0.8   15.5  16:00     78
 09   23.1   29.6  17:35   17.4  06:00    0.0    4.8    0.0    1.1   12.2  10:35    282
 10   25.4   32.4  13:45   19.8  04:35    0.0    7.0    0.0    1.9   18.4  07:10    284
 11   23.6   28.4  16:45   15.9  00:00    0.0    5.2    0.0    1.3   13.0  18:00     39
 12   17.3   21.4  17:10   13.8  06:10    1.1    0.0    0.5    0.5   10.1  09:00    278
 13   18.6   26.8  17:30   11.2  05:55    0.0    0.3    0.0    1.0   13.3  14:00    273
 14   19.7   27.6  15:45   13.4  06:10    0.0    1.4    0.0    1.1    7.6  07:35    294
 15   20.8   29.0  15:50   13.6  06:15    0.0    2.4    0.0    1.0   10.1  12:50     52
 16   21.4   29.8  16:10   14.1  05:50    0.0    3.1    0.0    1.3   12.6  16:05    310
 17   22.0   29.9  16:40   15.3  06:40    0.0    3.7    0.0    1.0   12.2  13:05    356
 18   23.7   31.4  16:05   16.9  06:05    0.0    5.3    0.0    1.1   14.4  12:50     56
 19   19.0   24.2  12:50   14.6  23:55    0.0    0.7    4.7    1.1   13.3  12:35    281
 20   16.6   24.2  15:10   11.9  00:00    1.7    0.0   13.0    1.7   16.6  15:45    274
 21   15.3   22.8  15:15    9.5  06:00    3.0    0.0    0.0    0.9   23.0  14:55    286
 22   15.3   23.3  16:50    8.4  06:00    3.0    0.0    0.0    0.9   12.6  16:00    336
 23   17.3   25.2  17:10   10.3  06:25    1.1    0.0    0.0    1.0   13.7  13:00     49
 24   19.9   28.9  16:30   12.1  06:20    0.0    1.5    0.0    0.3    5.8  15:45     76
 25   22.1   30.3  16:55   16.2  06:00    0.0    3.7    0.0    0.9    9.7  11:20    282
 26   23.7   32.9  15:55   16.6  06:25    0.0    5.3    0.0    0.6    7.6  16:20    289
 27   24.7   33.3  15:25   18.5  00:00    0.0    6.4    1.0    1.2   13.7  20:40    290
 28   19.1   24.8  13:15   15.5  23:50    0.0    0.8    2.1    0.8    7.9  10:30     11
 29   18.3   25.5  16:00   12.8  00:00    0.0    0.0    0.0    1.3    9.7  13:20    293
 30   18.4   27.5  15:40   10.6  06:35    0.0    0.1    0.0    0.9   20.5  11:30     43
 31   23.5   31.1  16:05   12.6  06:10    0.0    5.1    0.0    1.0    8.3  09:40     29
---------------------------------------------------------------------------------------
      21.3   36.2     04    8.4     22   10.0  106.0   25.4    1.2   23.0     21    305
    
Tropske noči (Tmin >= 20): 2
Vroči dnevi (Tmax >= 30): 11
Topli dnevi (Tmax >= 25): 25
Hladni dnevi (Tmin < 0): 0
Ledeni dnevi (Tmax < 0): 0