Vremenska postaja Sladki Vrh

46.691233 N| 15.767722 E| 326 meters | Prikaži na zemljevidu

Vreme na kratko
18.9°C 83% 1008.0 mbar 0 km/h 0 km/h 0.0 mm
0.3°C/h 0%/h -0.0 mbar/h N/A ( N/A) N/A ( N/A) 0.0 mm/h

03/07/20 00:30:00 CEST

Vremenska statistika za 09-2017

Vremenska postaja:LaCrosse WS-2355
Programska oprema:weewx v4.0.0
WeeWX aktiven:17 days, 5 hours, 41 minutes
Strežnik aktiven:17 days, 14 hours, 18 minutes
                   MONTHLY CLIMATOLOGICAL SUMMARY for Sep 2017


NAME: Zgornja Velka, Šentilj                  
ELEV: 326 meters    LAT: 46-41.47 N    LONG: 015-46.07 E


                   TEMPERATURE (°C), RAIN (mm), WIND SPEED (km/h)

                                         HEAT   COOL         AVG
      MEAN                               DEG    DEG          WIND                   DOM
DAY   TEMP   HIGH   TIME    LOW   TIME   DAYS   DAYS   RAIN  SPEED   HIGH   TIME    DIR
---------------------------------------------------------------------------------------
 01   19.1   24.2  11:00   16.1  23:05    0.0    0.8    4.7    0.9   10.8  11:20     23
 02   14.4   16.6  12:20   11.9  23:35    3.9    0.0    7.3    0.7    8.6  21:20    112
 03   13.6   18.3  15:30   10.6  23:55    4.7    0.0    0.5    2.2   21.2  11:05    277
 04   13.9   22.5  15:40    6.1  06:35    4.4    0.0    0.0    0.7   13.0  13:00    299
 05   15.4   24.3  16:05    8.1  07:10    2.9    0.0    0.0    0.9   10.8  12:50    324
 06   16.8   24.2  14:20   10.5  03:25    1.5    0.0    0.0    0.5    7.6  13:05    333
 07   14.3   16.9  00:05   12.3  00:00    4.0    0.0    9.8    0.4    9.4  14:25    108
 08   14.0   19.4  14:35   11.1  02:50    4.4    0.0    0.0    0.9   16.6  15:25     68
 09   15.7   25.5  14:40    8.4  06:15    2.6    0.0    0.0    1.5   14.4  14:40    120
 10   18.5   22.0  13:40   15.4  00:25    0.0    0.1    0.0    0.8   18.7  04:05    104
 11   16.0   17.9  16:50   13.6  03:45    2.4    0.0   12.4    0.6   12.2  22:35    289
 12   13.2   15.5  00:05   10.9  00:00    5.1    0.0    3.1    0.6    9.7  01:15    272
 13   13.8   20.5  16:30    6.4  07:00    4.5    0.0    0.0    1.0   12.6  12:25     97
 14   16.5   25.2  13:35    8.9  06:10    1.8    0.0    3.6    2.2   19.1  21:20    308
 15   10.7   13.2  15:40    9.1  03:10    7.6    0.0   14.5    0.4    5.8  03:00     55
 16   12.1   15.4  14:20   10.3  03:25    6.3    0.0   40.4    0.6    6.1  14:50    292
 17   12.1   14.9  16:15    8.9  22:50    6.2    0.0   19.2    0.8   14.8  14:25    284
 18   11.3   15.8  15:35    7.5  05:00    7.1    0.0    7.2    1.0    9.0  10:35    280
 19    9.3   11.6  00:05    7.9  23:40    9.0    0.0   93.8    4.7   17.3  06:45    280
 20    9.4   12.4  13:55    7.8  04:15    8.9    0.0    0.5    0.7    8.6  14:05    287
 21   11.3   17.9  15:55    5.5  06:35    7.0    0.0    0.0    2.3   23.0  15:35    277
 22   11.6   19.8  14:10    5.0  06:20    6.8    0.0    0.0    0.6    9.4  12:35    282
 23   12.6   19.9  15:35    6.4  06:45    5.7    0.0    0.0    0.8   11.9  14:30      9
 24   12.1   15.5  15:20    9.9  04:35    6.2    0.0    0.0    0.0    3.2  20:20    100
 25   12.2   16.1  16:30    9.4  21:50    6.1    0.0    0.0    0.4    8.6  15:30     61
 26   12.0   13.6  17:25   10.9  05:50    6.3    0.0    1.5    1.6   14.4  18:05    285
 27   13.5   16.3  16:30   11.1  00:20    4.9    0.0    1.0    0.7    7.6  15:45    284
 28   13.2   19.3  13:40    8.3  00:00    5.1    0.0    0.0    0.3    7.2  12:15     53
 29   10.2   17.7  14:30    6.2  06:55    8.2    0.0    0.5    0.5   14.4  13:35    297
 30    9.1   16.8  13:25    3.5  06:55    9.3    0.0    0.0    0.7   17.3  13:35     22
---------------------------------------------------------------------------------------
      13.3   25.5     09    3.5     30  153.0    0.9  220.1    1.0   23.0     21    288
    
Tropske noči (Tmin >= 20): 0
Vroči dnevi (Tmax >= 30): 0
Topli dnevi (Tmax >= 25): 2
Hladni dnevi (Tmin < 0): 0
Ledeni dnevi (Tmax < 0): 0