Vremenska postaja Sladki Vrh

46.691233 N| 15.767722 E| 326 meters | Prikaži na zemljevidu

Vreme na kratko
19.1°C 83% 1007.8 mbar 0 km/h 0 km/h 0.0 mm
0.7°C/h 0%/h -0.2 mbar/h N/A ( N/A) N/A ( N/A) 0.0 mm/h

03/07/20 00:45:00 CEST

Vremenska statistika za 10-2017

Vremenska postaja:LaCrosse WS-2355
Programska oprema:weewx v4.0.0
WeeWX aktiven:17 days, 5 hours, 56 minutes
Strežnik aktiven:17 days, 14 hours, 33 minutes
                   MONTHLY CLIMATOLOGICAL SUMMARY for Oct 2017


NAME: Zgornja Velka, Šentilj                  
ELEV: 326 meters    LAT: 46-41.47 N    LONG: 015-46.07 E


                   TEMPERATURE (°C), RAIN (mm), WIND SPEED (km/h)

                                         HEAT   COOL         AVG
      MEAN                               DEG    DEG          WIND                   DOM
DAY   TEMP   HIGH   TIME    LOW   TIME   DAYS   DAYS   RAIN  SPEED   HIGH   TIME    DIR
---------------------------------------------------------------------------------------
 01    8.4   16.9  14:00    2.8  06:55    9.9    0.0    0.0    0.6    9.7  12:45    335
 02    9.3   16.9  14:20    3.5  06:50    9.0    0.0    0.0    0.9    9.4  11:50     55
 03   10.3   14.8  14:05    5.9  02:40    8.0    0.0    3.6    0.3    6.1  16:40    282
 04   11.7   18.0  13:40    6.4  06:10    6.6    0.0    0.5    0.8   12.2  15:05     88
 05   14.4   22.4  14:10    9.6  00:15    3.9    0.0    0.0    0.7   11.2  14:15     72
 06   10.4   14.5  13:05    5.3  23:45    7.9    0.0    3.6    0.6   11.2  10:50     88
 07    8.3   16.0  14:00    2.6  06:30   10.0    0.0    0.0    1.2   16.6  14:55    279
 08    8.7   15.8  14:00    3.6  03:25    9.6    0.0    0.0    0.4    9.7  08:45    309
 09    9.1   13.5  14:00    6.1  03:45    9.3    0.0    0.0    0.4    9.4  13:50     55
 10   11.2   17.0  14:10    7.5  07:10    7.2    0.0    0.0    0.5    9.4  11:25     61
 11   11.8   18.9  13:50    6.7  07:45    6.6    0.0    0.0    0.4   11.9  14:10     65
 12   12.6   20.9  13:50    7.0  07:20    5.8    0.0    0.0    0.4    9.7  13:55     50
 13   13.0   20.9  13:40    7.5  07:30    5.4    0.0    0.0    0.4   13.3  11:50     44
 14   12.4   19.9  13:50    7.9  06:45    5.9    0.0    0.5    0.4    9.4  13:05     61
 15   13.2   20.8  13:40    8.4  06:50    5.2    0.0    0.0    0.3    5.8  14:05    294
 16   13.2   21.6  13:50    7.9  05:40    5.1    0.0    0.5    0.3    7.9  14:45    272
 17   13.5   21.7  13:40    8.3  07:35    4.9    0.0    0.0    0.3    7.2  13:20    295
 18   11.9   19.1  14:00    8.0  00:00    6.5    0.0    0.0    0.6   10.1  14:00    283
 19   11.0   18.8  13:50    6.3  03:05    7.3    0.0    0.5    0.4    8.3  13:25    292
 20   10.9   18.1  14:00    6.1  08:10    7.4    0.0    0.0    0.5    7.2  13:15    291
 21   11.1   18.6  13:35    6.1  08:10    7.2    0.0    0.5    0.2    5.0  12:10    305
 22    8.8   10.8  14:30    6.9  23:55    9.5    0.0   24.3    1.2    9.7  20:35    294
 23    8.0   10.4  14:25    5.9  07:30   10.4    0.0    2.6    2.2   16.6  19:00    271
 24    9.7   16.4  13:45    4.0  00:00    8.6    0.0    0.0    2.6   32.0  14:45    270
 25    7.5   14.9  13:45    1.9  06:10   10.9    0.0    0.0    0.5   10.8  11:10     75
 26   10.0   17.9  13:30    4.3  07:15    8.4    0.0    0.0    0.4    8.3  15:05    325
 27    9.3   12.5  14:05    6.1  00:00    9.0    0.0    4.7    2.1   19.1  17:15    277
 28    7.2   13.6  14:00    2.1  07:25   11.1    0.0    0.0    0.4    6.5  11:35    299
 29   10.9   18.1  13:00    5.3  21:15    7.5    0.0    0.0    3.8   32.4  15:35    284
 30    5.9   11.8  10:30    0.7  07:20   12.5    0.0    0.0    1.5   17.3  10:45    281
 31    4.4   12.1  12:40   -1.0  07:00   13.9    0.0    0.0    0.5    9.4  12:55     70
---------------------------------------------------------------------------------------
      10.3   22.4     05   -1.0     31  250.5    0.0   41.4    0.8   32.4     29    290
    
Tropske noči (Tmin >= 20): 0
Vroči dnevi (Tmax >= 30): 0
Topli dnevi (Tmax >= 25): 0
Hladni dnevi (Tmin < 0): 0
Ledeni dnevi (Tmax < 0): 1