Vremenska postaja Sladki Vrh

46.691233 N| 15.767722 E| 326 meters | Prikaži na zemljevidu

Vreme na kratko
18.5°C 83% 1008.0 mbar 0 km/h 0 km/h 0.0 mm
-0.4°C/h 1%/h 0.1 mbar/h N/A ( N/A) N/A ( N/A) 0.0 mm/h

03/07/20 00:05:00 CEST

Vremenska statistika za 11-2017

Vremenska postaja:LaCrosse WS-2355
Programska oprema:weewx v4.0.0
WeeWX aktiven:17 days, 5 hours, 14 minutes
Strežnik aktiven:17 days, 13 hours, 52 minutes
                   MONTHLY CLIMATOLOGICAL SUMMARY for Nov 2017


NAME: Zgornja Velka, Šentilj                  
ELEV: 326 meters    LAT: 46-41.47 N    LONG: 015-46.07 E


                   TEMPERATURE (°C), RAIN (mm), WIND SPEED (km/h)

                                         HEAT   COOL         AVG
      MEAN                               DEG    DEG          WIND                   DOM
DAY   TEMP   HIGH   TIME    LOW   TIME   DAYS   DAYS   RAIN  SPEED   HIGH   TIME    DIR
---------------------------------------------------------------------------------------
 01    7.8   10.6  15:20    2.0  08:25   10.6    0.0    0.0    0.4    5.4  10:30    299
 02    6.1   12.3  14:30    1.6  06:35   12.2    0.0    0.0    0.1    4.0  09:40    308
 03    5.2    6.7  04:25    4.6  01:15   13.1    0.0    0.0    0.2    2.9  02:55    287
 04
 05
 06
 07    7.0    7.5  12:55    6.9  17:30   11.3    0.0    6.2    1.1    6.1  17:25    285
 08    6.3    7.8  14:15    2.9  22:50   12.0    0.0   14.5    0.7    8.3  13:40    290
 09    5.5    8.1  14:25    3.6  01:15   12.8    0.0    0.0    0.4    7.2  09:30    287
 10    6.4   10.1  12:45    3.0  22:05   12.0    0.0    0.5    0.3   14.0  13:50    120
 11    4.8    9.1  13:15    0.9  06:35   13.6    0.0    0.0    0.3    6.1  08:00    289
 12    4.6    7.4  15:45    3.0  07:00   13.7    0.0    0.0    0.8    9.7  18:15    299
 13    3.6    5.4  01:20    0.6  08:25   14.7    0.0   21.2    3.0   24.5  01:10    281
 14    2.0    5.9  13:00   -2.8  00:00   16.3    0.0    0.0    0.4    7.6  13:50    300
 15    0.6    4.3  14:40   -3.7  06:05   17.7    0.0    0.0    0.4    5.0  09:55    293
 16    4.1    5.9  13:20    2.8  05:50   14.2    0.0    0.0    0.3    4.7  11:25    291
 17    3.7    4.5  11:40    2.9  19:35   14.6    0.0    1.0    0.1    3.6  10:45     78
 18    3.4    7.6  13:15   -0.9  22:35   14.9    0.0    0.5    0.4    5.0  11:45     96
 19   -0.1    3.1  13:00   -2.1  21:50   18.4    0.0    0.0    0.3    5.8  14:00      6
 20    1.3    7.9  14:25   -3.5  07:40   17.0    0.0    0.5    0.2    7.2  10:10    304
 21    2.9    7.3  13:00   -1.4  07:15   15.4    0.0    0.0    0.3    5.4  20:30    305
 22    5.2   13.3  12:55    1.1  00:00   13.1    0.0    0.0    0.2    5.4  12:25    292
 23    4.2   12.4  14:35   -0.8  07:05   14.2    0.0    0.0    0.3    7.6  09:05    284
 24    2.4    7.9  14:40   -0.8  08:20   15.9    0.0    0.0    0.6    6.8  11:10    275
 25    6.3   12.9  12:30    0.4  03:50   12.0    0.0   10.4    1.9   25.2  14:15    172
 26    3.3    6.3  00:05   -2.2  00:00   15.0    0.0   15.5    1.2   10.8  13:25    286
 27   -1.0    4.8  12:55   -3.9  23:55   19.4    0.0    0.0    0.5    9.4  14:15    287
 28   -1.3    3.1  13:40   -4.7  05:00   19.6    0.0    0.5    0.2    4.7  12:45     79
 29    0.5    1.9  16:15   -0.5  04:10   17.8    0.0    3.6    0.6    6.1  01:10    279
 30    0.5    2.9  14:25   -0.6  23:45   17.9    0.0    0.5    0.1    5.4  13:00     68
---------------------------------------------------------------------------------------
       3.3   13.3     22   -4.7     28  399.5    0.0   75.1    0.6   25.2     25    283
    
Tropske noči (Tmin >= 20): 0
Vroči dnevi (Tmax >= 30): 0
Topli dnevi (Tmax >= 25): 0
Hladni dnevi (Tmin < 0): 0
Ledeni dnevi (Tmax < 0): 13