Vremenska postaja Sladki Vrh

46.691233 N| 15.767722 E| 326 meters | Prikaži na zemljevidu

Vreme na kratko
19.3°C 81% 1007.8 mbar 0 km/h 0 km/h 0.0 mm
0.9°C/h -2%/h -0.2 mbar/h N/A ( N/A) N/A ( N/A) 0.0 mm/h

03/07/20 01:00:00 CEST

Vremenska statistika za 12-2017

Vremenska postaja:LaCrosse WS-2355
Programska oprema:weewx v4.0.0
WeeWX aktiven:17 days, 6 hours, 13 minutes
Strežnik aktiven:17 days, 14 hours, 51 minutes
                   MONTHLY CLIMATOLOGICAL SUMMARY for Dec 2017


NAME: Zgornja Velka, Šentilj                  
ELEV: 326 meters    LAT: 46-41.47 N    LONG: 015-46.07 E


                   TEMPERATURE (°C), RAIN (mm), WIND SPEED (km/h)

                                         HEAT   COOL         AVG
      MEAN                               DEG    DEG          WIND                   DOM
DAY   TEMP   HIGH   TIME    LOW   TIME   DAYS   DAYS   RAIN  SPEED   HIGH   TIME    DIR
---------------------------------------------------------------------------------------
 01   -0.1    1.0  11:45   -1.0  04:35   18.4    0.0    2.1    0.4    4.7  00:45    290
 02   -1.1    2.1  12:50   -4.5  23:15   19.4    0.0    0.0    0.5   10.8  14:35     41
 03   -3.7    0.5  13:15   -7.7  00:00   22.0    0.0    0.0    0.4    6.1  11:05    298
 04   -5.1   -1.3  13:50   -8.7  04:30   23.4    0.0    0.0    0.3    8.6  13:00    286
 05   -1.1    3.5  15:00   -4.2  03:30   19.5    0.0    0.5    0.3    8.3  01:40    310
 06   -1.0    3.6  13:25   -3.2  22:45   19.3    0.0    0.0    0.2    4.7  11:45    286
 07   -2.5    1.5  14:25   -4.8  06:40   20.9    0.0    0.0    0.1    3.2  04:10    293
 08    1.1    6.6  13:55   -4.6  02:15   17.2    0.0    7.3    1.2   15.5  19:30    124
 09   -1.6    1.1  13:15   -7.6  00:00   19.9    0.0    1.0    0.1    5.8  13:10     90
 10   -3.4    2.1  23:45   -9.8  06:25   21.7    0.0    0.5    2.1   13.0  17:05    107
 11    6.3   12.8  23:45    1.4  06:05   12.0    0.0    5.7    4.9   33.8  23:10    133
 12   11.0   15.1  08:05    2.2  00:00    7.3    0.0    5.2    2.7   17.3  09:00    117
 13    0.5    2.6  14:05   -0.9  20:25   17.8    0.0    5.2    0.9    9.0  23:30    107
 14    1.9    6.9  13:40   -1.9  02:20   16.5    0.0    2.6    1.1    7.2  08:25    101
 15    1.0    2.6  15:20   -0.8  07:45   17.3    0.0    9.8    1.0    9.0  12:15    349
 16    1.8    5.4  13:45   -0.7  21:55   16.5    0.0    0.0    0.6    7.2  00:15    101
 17   -0.5    3.1  14:45   -2.5  00:00   18.9    0.0    0.5    0.3    7.9  02:00    349
 18   -2.6    1.2  14:50   -5.5  23:35   21.0    0.0    0.0    0.4    6.5  10:15    288
 19   -4.0    0.3  13:50   -6.9  05:05   22.3    0.0    0.0    0.3    5.0  09:15    288
 20   -1.6    0.2  14:45   -3.1  08:15   19.9    0.0    0.0    0.2    3.6  02:45     23
 21   -1.9    1.9  14:20   -6.2  06:25   20.3    0.0    0.5    0.4    5.8  07:30    310
 22    1.2    5.5  13:25   -1.1  02:55   17.1    0.0    0.0    0.6    6.5  07:00    283
 23    0.8    5.8  14:40   -2.5  06:40   17.5    0.0    0.0    0.3    6.5  19:20    294
 24    4.5   11.7  13:35    0.9  08:35   13.9    0.0    0.0    0.3    6.1  08:50    293
 25    0.3    4.9  14:15   -2.6  23:40   18.0    0.0    0.5    0.5    6.5  11:10    283
 26    2.1    9.0  13:05   -4.4  07:00   16.3    0.0    0.0    1.7    7.6  15:05    127
 27    7.0    9.3  14:50    3.6  00:15   11.3    0.0    3.1    3.3   16.2  11:10    138
 28    3.6    7.1  01:50   -0.1  19:55   14.7    0.0    9.3    1.6   11.9  08:20    101
 29   -0.3    2.8  13:05   -4.4  00:00   18.6    0.0    1.0    0.3    7.6  10:55    287
 30   -2.1    2.4  13:00   -4.4  00:05   20.4    0.0    0.0    0.2    7.2  23:00     73
 31    1.8    8.3  14:25   -2.2  00:45   16.6    0.0    7.3    0.6    5.8  13:30     74
---------------------------------------------------------------------------------------
       0.4   15.1     12   -9.8     10  556.1    0.0   62.2    0.9   33.8     11    123
    
Tropske noči (Tmin >= 20): 0
Vroči dnevi (Tmax >= 30): 0
Topli dnevi (Tmax >= 25): 0
Hladni dnevi (Tmin < 0): 1
Ledeni dnevi (Tmax < 0): 27