Vremenska postaja Sladki Vrh

46.691233 N| 15.767722 E| 326 meters | Prikaži na zemljevidu

Vreme na kratko
18.9°C 83% 1008.0 mbar 0 km/h 0 km/h 0.0 mm
0.3°C/h 0%/h -0.0 mbar/h N/A ( N/A) N/A ( N/A) 0.0 mm/h

03/07/20 00:30:00 CEST

Vremenska statistika za 2017

Vremenska postaja:LaCrosse WS-2355
Programska oprema:weewx v4.0.0
WeeWX aktiven:17 days, 5 hours, 41 minutes
Strežnik aktiven:17 days, 14 hours, 18 minutes
                     CLIMATOLOGICAL SUMMARY for year 2017


NAME: Zgornja Velka, Šentilj                  
ELEV: 326 meters    LAT: 46-41.47 N    LONG: 015-46.07 E


                                       TEMPERATURE (°C)

                              HEAT    COOL                             Tropske Vroci  Topli  Hladni  Ledeni
          MEAN   MEAN         DEG     DEG                                >=     >=     >=      <       < 
 YR  MO   MAX    MIN    MEAN  DAYS    DAYS      HI  DAY     LOW  DAY     20     30     25      0       0
---------------------------------------------------------------------------------------------------------
2017 01   -2.2   -9.0   -5.8  748.2    0.0     4.2   13   -16.2   11      0      0      0     31     23
2017 02    7.4   -0.8    2.7  436.3    0.0    16.6   23    -6.0   14      0      0      0     18      3
2017 03   15.9    2.4    8.6  301.1    0.0    23.4   29    -1.9   13      0      0      0      9      0
2017 04   17.0    4.1   10.3  240.6    0.0    24.8   10    -3.9   21      0      0      0      4      0
2017 05   22.5    9.6   15.8   87.2   10.1    30.3   30     4.4   10      0      1     10      0      0
2017 06   27.2   14.1   20.2   11.0   65.4    33.1   23     7.2   08      0      8     22      0      0
2017 07   28.8   14.9   21.5    6.2  105.3    33.9   10     9.5   16      0     13     25      0      0
2017 08   28.8   15.0   21.3   10.0  106.0    36.2   04     8.4   22      2     11     25      0      0
2017 09   18.3    9.3   13.3  153.0    0.9    25.5   09     3.5   30      0      0      2      0      0
2017 10   16.9    5.5   10.3  250.5    0.0    22.4   05    -1.0   31      0      0      0      1      0
2017 11    7.3    0.3    3.3  399.5    0.0    13.3   22    -4.7   28      0      0      0     13      0
2017 12    4.5   -3.2    0.4  556.1    0.0    15.1   12    -9.8   10      0      0      0     27      1
------------------------------------------------------------------------------------------------
          16.2    5.2   10.2 3199.7  287.7    36.2  Aug   -16.2  Jan      2     33     84    103     27


                  PRECIPITATION (mm)

                  MAX         ---DAYS OF RAIN---
                  OBS.               OVER
 YR  MO  TOTAL    DAY  DATE   0.20   2.00  20.00
------------------------------------------------
2017 01    2.6    2.1    13      2      1      0
2017 02   36.8   17.1    06      8      6      0
2017 03    9.3    6.7    01      2      2      0
2017 04   48.7   26.9    28      9      5      1
2017 05   35.7   20.7    15      8      4      1
2017 06  103.1   22.3    25     15     11      1
2017 07   39.4   18.7    23      7      3      0
2017 08   25.4   13.0    20      7      4      0
2017 09  220.1   93.8    19     16     11      2
2017 10   41.4   24.3    22     10      5      1
2017 11   75.1   21.2    13     12      6      1
2017 12   62.2    9.8    15     17     10      0
------------------------------------------------
         699.8   93.8   Sep    113     68      7


           WIND SPEED (km/h)

                                DOM
 YR  MO    AVG     HI   DATE    DIR
-----------------------------------
2017 01    0.9   29.2     05    306 
2017 02    1.5   26.3     27    128 
2017 03    1.8   40.0     10     70 
2017 04    2.1   44.3     19    299 
2017 05    1.2  183.6     10    356 
2017 06    1.2   33.5     23     47 
2017 07    1.1   24.8     01    321 
2017 08    1.2   23.0     21    305 
2017 09    1.0   23.0     21    288 
2017 10    0.8   32.4     29    290 
2017 11    0.6   25.2     25    283 
2017 12    0.9   33.8     11    123 
-----------------------------------
           1.2  183.6    May    308