Vremenska postaja Sladki Vrh

46.691233 N| 15.767722 E| 326 meters | Prikaži na zemljevidu

Vreme na kratko
18.5°C 83% 1008.0 mbar 0 km/h 0 km/h 0.0 mm
-0.4°C/h 1%/h 0.1 mbar/h N/A ( N/A) N/A ( N/A) 0.0 mm/h

03/07/20 00:05:00 CEST

Vremenska statistika za 01-2018

Vremenska postaja:LaCrosse WS-2355
Programska oprema:weewx v4.0.0
WeeWX aktiven:17 days, 5 hours, 14 minutes
Strežnik aktiven:17 days, 13 hours, 52 minutes
                   MONTHLY CLIMATOLOGICAL SUMMARY for Jan 2018


NAME: Zgornja Velka, Šentilj                  
ELEV: 326 meters    LAT: 46-41.47 N    LONG: 015-46.07 E


                   TEMPERATURE (°C), RAIN (mm), WIND SPEED (km/h)

                                         HEAT   COOL         AVG
      MEAN                               DEG    DEG          WIND                   DOM
DAY   TEMP   HIGH   TIME    LOW   TIME   DAYS   DAYS   RAIN  SPEED   HIGH   TIME    DIR
---------------------------------------------------------------------------------------
 01    3.8    8.1  09:10   -0.8  00:20   14.5    0.0    6.7    1.1   12.2  06:55    348
 02    1.4    4.8  14:55   -1.1  23:55   16.9    0.0    3.1    1.0    8.3  00:45    289
 03    1.1    5.6  16:10   -2.7  02:50   17.3    0.0    0.0    1.2   10.4  18:05     49
 04    1.5    4.9  13:40   -1.7  05:55   16.9    0.0    0.0    0.5    7.2  15:25     91
 05    4.4    8.8  20:15   -0.6  07:55   13.9    0.0    0.0    1.2    6.8  21:10    135
 06    8.7   13.9  12:50    2.9  08:10    9.6    0.0    0.0    3.1   11.2  14:55    129
 07    6.0    9.3  01:10    2.4  07:45   12.4    0.0    0.5    1.8    7.2  01:35    222
 08    5.1    7.3  14:30    3.5  00:55   13.3    0.0    0.0    0.6    5.0  02:55    333
 09    5.2    5.7  12:10    4.9  04:05   13.2    0.0    2.6    0.7    7.9  12:15     89
 10    4.9    5.9  14:25    4.4  08:05   13.4    0.0    6.2    0.2    5.8  19:50     84
 11    4.2    4.9  14:55    3.3  22:30   14.2    0.0    0.0    0.7    7.2  17:15    296
 12    3.1    4.9  14:25    0.6  04:25   15.3    0.0    2.1    0.4    8.6  01:40    298
 13    1.8    3.1  00:05    0.3  22:35   16.6    0.0    4.2    0.3    5.8  12:55     17
 14   -0.7    0.4  00:05   -2.2  23:10   19.1    0.0    0.0    0.2    6.5  06:15     62
 15   -2.5   -1.3  12:30   -3.1  05:45   20.8    0.0    0.0    0.0    0.0  00:05    N/A
 16   -0.9    1.3  16:00   -3.1  07:15   19.3    0.0    0.5    0.2   11.2  19:45     58
 17    0.7    3.5  12:25   -5.5  20:00   17.6    0.0    3.6    1.0   19.4  18:00    281
 18   -0.4    5.0  15:00   -4.4  06:50   18.7    0.0    1.6    0.5    8.3  01:25     90
 19    0.0    1.9  14:20   -1.8  05:10   18.3    0.0    1.0    0.6    9.4  12:20     61
 20    0.1    4.2  15:05   -3.5  08:00   18.2    0.0    0.5    1.5   11.2  22:45    128
 21    1.3    5.3  13:05   -0.9  00:00   17.1    0.0    0.0    2.2   94.0  12:45    164
 22   -0.3    3.0  13:10   -4.2  04:50   18.7    0.0    0.0    1.4   11.9  15:15    123
 23    1.3    6.0  15:00   -1.8  23:50   17.0    0.0    0.0    0.7    7.6  13:10    303
 24    0.3    5.9  15:00   -3.3  06:45   18.1    0.0    0.0    0.3    6.1  11:50    297
 25    0.2    5.2  15:20   -2.8  08:05   18.2    0.0    0.0    0.4   10.1  16:00    304
 26    0.4    4.8  14:55   -2.2  02:35   18.0    0.0    0.5    0.7    5.8  21:45    286
 27    0.2    0.9  14:15   -0.5  00:15   18.1    0.0    0.0    0.9    6.1  22:45    285
 28    0.8    3.7  15:00   -0.7  07:45   17.6    0.0    0.5    0.6    6.1  20:40    290
 29    4.0   13.5  13:45   -1.0  07:30   14.3    0.0    0.0    0.7    8.6  13:50    346
 30    5.0   12.6  13:20    0.4  00:00   13.4    0.0    0.0    1.6   11.9  16:45     74
 31    1.0    6.4  15:05   -1.5  00:00   17.4    0.0    0.0    0.2    5.8  15:40     51
---------------------------------------------------------------------------------------
       2.0   13.9     06   -5.5     17  507.0    0.0   33.7    0.9   94.0     21     99
    
Tropske noči (Tmin >= 20): 0
Vroči dnevi (Tmax >= 30): 0
Topli dnevi (Tmax >= 25): 0
Hladni dnevi (Tmin < 0): 1
Ledeni dnevi (Tmax < 0): 22