Vremenska postaja Sladki Vrh

46.691233 N| 15.767722 E| 326 meters | Prikaži na zemljevidu

Vreme na kratko
19.3°C 81% 1007.8 mbar 0 km/h 0 km/h 0.0 mm
0.9°C/h -2%/h -0.2 mbar/h N/A ( N/A) N/A ( N/A) 0.0 mm/h

03/07/20 01:00:00 CEST

Vremenska statistika za 02-2018

Vremenska postaja:LaCrosse WS-2355
Programska oprema:weewx v4.0.0
WeeWX aktiven:17 days, 6 hours, 13 minutes
Strežnik aktiven:17 days, 14 hours, 51 minutes
                   MONTHLY CLIMATOLOGICAL SUMMARY for Feb 2018


NAME: Zgornja Velka, Šentilj                  
ELEV: 326 meters    LAT: 46-41.47 N    LONG: 015-46.07 E


                   TEMPERATURE (°C), RAIN (mm), WIND SPEED (km/h)

                                         HEAT   COOL         AVG
      MEAN                               DEG    DEG          WIND                   DOM
DAY   TEMP   HIGH   TIME    LOW   TIME   DAYS   DAYS   RAIN  SPEED   HIGH   TIME    DIR
---------------------------------------------------------------------------------------
 01    5.2   11.0  13:35   -1.6  00:10   13.1    0.0    1.0    2.9   15.5  13:20    135
 02    0.3    5.8  00:05   -0.4  19:15   18.0    0.0    3.6    0.4   14.4  01:00    279
 03   -0.2    1.8  15:00   -1.6  00:00   18.5    0.0    1.5    0.1    4.0  14:20    279
 04   -0.8    4.3  13:20   -3.7  23:15   19.1    0.0    6.2    0.1    4.7  10:50    339
 05   -0.8    3.0  13:45   -4.8  07:45   19.1    0.0    2.6    0.4   10.8  13:05     78
 06   -1.1   -0.5  17:10   -1.9  23:20   19.5    0.0    0.0    0.9    6.5  17:15     92
 07   -1.0    0.6  14:20   -2.2  03:50   19.3    0.0    0.0    1.6    7.9  15:45    285
 08    0.7    2.9  12:40   -0.4  00:05   17.6    0.0    3.1    0.1    4.3  11:35     97
 09    0.2    1.6  12:55   -0.5  05:20   18.1    0.0    0.0    0.4    4.3  02:40     89
 10   -0.3    0.8  14:30   -1.6  00:00   18.7    0.0    0.0    0.2    7.6  10:55     36
 11   -0.6    3.8  12:10   -4.4  07:55   19.0    0.0    0.0    1.2   11.5  13:15    115
 12   -0.4    2.1  12:35   -3.4  00:45   18.7    0.0    2.1    0.3    6.5  04:40    296
 13   -0.0    3.3  12:10   -1.8  00:00   18.4    0.0    5.2    1.0   11.2  15:00    290
 14   -1.2    4.3  13:30   -5.1  21:50   19.5    0.0    5.2    1.6    7.6  04:40    298
 15   -2.4    4.5  12:55   -8.6  07:20   20.8    0.0    0.5    1.0    7.9  15:50     79
 16   -0.5    3.2  12:00   -4.7  03:40   18.8    0.0    0.5    0.5    5.0  04:50     43
 17    1.1    6.2  12:50   -2.6  07:30   17.2    0.0    0.0    1.6   16.2  12:25     95
 18    1.7    3.9  14:00   -0.4  00:55   16.7    0.0    2.6    2.5   11.9  21:25     16
 19   -0.7    2.1  14:40   -2.1  03:10   19.0    0.0    0.0    0.4   10.8  00:05    308
 20   -1.0    0.9  12:30   -1.9  02:10   19.3    0.0    0.0    1.4    8.3  03:05    290
 21   -0.7    1.3  14:20   -1.6  03:40   19.0    0.0    0.5    0.5    8.3  21:10    159
 22   -1.8   -0.6  12:45   -2.4  07:20   20.1    0.0    0.0    1.7   10.1  11:45    162
 23   -1.5    0.2  14:35   -2.6  05:05   19.8    0.0    0.0    2.2    9.0  10:35    178
 24   -2.9    0.2  15:00   -6.1  00:00   21.3    0.0    0.0    1.3   16.9  19:55     24
 25   -8.0   -3.3  13:15  -11.3  23:20   26.3    0.0    0.5    2.1   16.9  10:20      7
 26  -11.9   -8.5  19:45  -15.3  06:20   30.2    0.0    0.0    2.2   11.5  20:05    294
 27   -9.6   -6.1  13:35  -14.0  00:00   27.9    0.0    0.0    2.0    9.7  01:25    335
 28  -12.8   -4.6  12:45  -18.7  07:20   31.2    0.0    0.0    0.7    9.0  13:25    101
---------------------------------------------------------------------------------------
      -1.8   11.0     01  -18.7     28  564.5    0.0   35.2    1.1   16.9     24     18
    
Tropske noči (Tmin >= 20): 0
Vroči dnevi (Tmax >= 30): 0
Topli dnevi (Tmax >= 25): 0
Hladni dnevi (Tmin < 0): 6
Ledeni dnevi (Tmax < 0): 28