Vremenska postaja Sladki Vrh

46.691233 N| 15.767722 E| 326 meters | Prikaži na zemljevidu

Vreme na kratko
18.8°C 84% 1008.0 mbar 0 km/h 0 km/h 0.0 mm
-0.0°C/h 2%/h 0.1 mbar/h N/A ( N/A) N/A ( N/A) 0.0 mm/h

03/07/20 00:15:00 CEST

Vremenska statistika za 03-2018

Vremenska postaja:LaCrosse WS-2355
Programska oprema:weewx v4.0.0
WeeWX aktiven:17 days, 5 hours, 28 minutes
Strežnik aktiven:17 days, 14 hours, 5 minutes
                   MONTHLY CLIMATOLOGICAL SUMMARY for Mar 2018


NAME: Zgornja Velka, Šentilj                  
ELEV: 326 meters    LAT: 46-41.47 N    LONG: 015-46.07 E


                   TEMPERATURE (°C), RAIN (mm), WIND SPEED (km/h)

                                         HEAT   COOL         AVG
      MEAN                               DEG    DEG          WIND                   DOM
DAY   TEMP   HIGH   TIME    LOW   TIME   DAYS   DAYS   RAIN  SPEED   HIGH   TIME    DIR
---------------------------------------------------------------------------------------
 01  -12.2   -5.5  13:55  -19.6  05:55   30.6    0.0    0.0    1.0   13.0  15:50     69
 02   -7.4   -4.5  14:10   -9.1  00:35   25.7    0.0    0.0    0.4    6.5  14:20    316
 03   -3.1   30.9  13:45   -6.7  02:45   21.4    0.0    0.0    1.0   10.1  17:25     77
 04   -1.0    2.2  15:05   -3.2  06:15   19.3    0.0    1.0    1.3    8.6  13:40     88
 05   -1.0    0.9  14:20   -1.9  08:25   19.3    0.0    1.0    0.8    5.8  04:45     70
 06    0.7    5.2  12:20   -2.8  06:00   17.6    0.0   11.4    0.9    9.7  12:40     83
 07    0.1    5.9  17:15   -3.1  04:15   18.2    0.0    0.0    0.2    6.1  23:50    289
 08    5.0   11.6  12:45   -0.1  23:50   13.3    0.0    1.0    2.5   13.3  11:10    132
 09    3.9   12.1  11:45   -1.7  06:35   14.4    0.0    0.0    0.8    7.6  06:40     81
 10    5.5   15.2  12:50  -11.2  09:05   12.8    0.0    0.0    1.6   11.5  13:30    121
 11    6.7   14.4  10:45    0.4  06:45   11.7    0.0    0.0    1.6   92.2  01:40    124
 12    9.6   15.9  13:40    4.5  00:50    8.7    0.0    0.0    3.2   16.2  08:15    142
 13    8.4   14.8  12:30    3.6  02:40    9.9    0.0    2.6    1.5   11.2  20:10    277
 14    7.6   14.5  13:20    2.6  06:50   10.8    0.0    1.0    1.3    8.3  23:10    106
 15    8.8   15.5  14:05    4.8  00:35    9.5    0.0    0.0    2.4   15.5  12:55    140
 16    7.4   12.2  15:45    3.1  00:00   10.9    0.0    6.2    1.8   92.2  17:00    117
 17    3.1    4.8  10:25    0.2  23:30   15.2    0.0   18.6    1.3    9.0  19:45    311
 18   -1.2   10.2  01:40   -2.4  22:50   19.5    0.0    0.5    0.3    4.7  14:20    288
 19   -2.4   -0.7  13:30   -4.1  00:00   20.8    0.0    0.0    0.5    5.8  11:50    288
 20   -1.3    2.4  12:45   -4.5  04:30   19.7    0.0    5.7    0.5    7.2  12:40    354
 21    0.1    4.8  14:45   -3.2  00:00   18.2    0.0    1.0    2.7   92.2  22:30    305
 22   -0.5    5.8  15:35   -5.4  06:00   18.8    0.0    0.0    1.4   12.6  14:40    359
 23    1.2    6.4  15:45   -3.9  05:10   17.1    0.0    0.0    0.9    7.6  09:55    291
 24    4.5   21.0  14:20   -1.1  23:50   13.8    0.0    0.0    2.2   11.2  15:55     72
 25    1.7    5.0  16:30   -2.1  03:30   16.6    0.0    0.0    0.6    8.6  16:35     80
 26    4.6   24.6  23:25   -2.0  07:10   13.7    0.0    0.0    0.8    8.6  14:00    296
 27    6.0   27.8  01:35    0.6  00:00   12.3    0.0    4.7    1.8   15.8  16:15     40
 28    5.7   30.3  01:20   -0.2  02:50   12.7    0.0    0.0    1.4   11.2  15:25     56
 29    9.3   27.4  20:05    6.9  00:00    9.1    0.0    5.2    1.4    6.8  07:50    112
 30    6.8   17.5  15:20    5.1  06:50   11.5    0.0    7.8    1.5   92.2  10:20    294
 31    8.0   12.6  09:50    3.4  06:20   10.4    0.0    3.6    2.4   16.9  10:10    119
---------------------------------------------------------------------------------------
       2.8   30.9     03  -19.6     01  483.6    0.0   71.5    1.4   92.2     11    104
    
Tropske noči (Tmin >= 20): 0
Vroči dnevi (Tmax >= 30): 2
Topli dnevi (Tmax >= 25): 4
Hladni dnevi (Tmin < 0): 3
Ledeni dnevi (Tmax < 0): 20