Vremenska postaja Sladki Vrh

46.691233 N| 15.767722 E| 326 meters | Prikaži na zemljevidu

Vreme na kratko
19.1°C 81% 1007.8 mbar 0 km/h 0 km/h 0.5 mm
-1.2°C/h 4%/h -0.1 mbar/h N/A ( N/A) N/A ( N/A) 0.0 mm/h

02/07/20 22:45:00 CEST

Vremenska statistika za 04-2018

Vremenska postaja:LaCrosse WS-2355
Programska oprema:weewx v4.0.0
WeeWX aktiven:17 days, 3 hours, 56 minutes
Strežnik aktiven:17 days, 12 hours, 33 minutes
                   MONTHLY CLIMATOLOGICAL SUMMARY for Apr 2018


NAME: Zgornja Velka, Šentilj                  
ELEV: 326 meters    LAT: 46-41.47 N    LONG: 015-46.07 E


                   TEMPERATURE (°C), RAIN (mm), WIND SPEED (km/h)

                                         HEAT   COOL         AVG
      MEAN                               DEG    DEG          WIND                   DOM
DAY   TEMP   HIGH   TIME    LOW   TIME   DAYS   DAYS   RAIN  SPEED   HIGH   TIME    DIR
---------------------------------------------------------------------------------------
 01    9.0   25.4  21:10    4.6  07:05    9.3    0.0    0.0    3.8   23.0  17:30    284
 02    9.2   33.2  12:20   -0.6  06:45    9.2    0.0    0.0    2.3   93.6  21:50    132
 03   13.3   20.9  13:30    5.3  06:55    5.1    0.0    0.0    3.5   18.7  11:55    147
 04   13.5   18.3  16:00   10.8  02:00    4.8    0.0    0.0    4.3   13.3  11:25    149
 05   11.5   23.3  20:50    7.1  23:45    6.8    0.0    8.8    2.3   13.7  14:50    125
 06    9.5   16.1  15:45    2.7  07:15    8.8    0.0    0.5    1.7   14.4  18:00     55
 07    8.3   16.2  14:50    2.3  03:05   10.0    0.0    0.5    2.2   19.4  12:15     90
 08   11.4   21.4  16:30    3.6  06:40    6.9    0.0    0.0    2.3   19.1  15:00    116
 09   14.8   24.3  14:55    6.6  06:45    3.5    0.0    0.0    3.0   14.8  19:05    129
 10   13.1   17.9  16:50    9.8  06:10    5.2    0.0    0.0    4.3   14.8  10:45    142
 11   14.8   21.8  15:50    9.9  00:00    3.5    0.0    0.0    3.3   14.8  14:15    138
 12   12.3   14.9  16:50    9.8  00:15    6.0    0.0    3.1    0.7    6.1  19:20    281
 13   14.2   19.9  13:55    8.1  00:00    4.2    0.0    4.1    3.4   14.0  10:35    143
 14   10.9   21.4  16:50    4.5  04:35    7.5    0.0    0.0    0.8    8.3  18:25     31
 15   15.4   22.3  13:50   10.8  06:20    2.9    0.0    0.0    1.9    9.7  08:10    290
 16   16.9   22.4  16:10   13.3  23:50    1.4    0.0    0.5    1.8   20.5  20:35    340
 17   15.2   20.8  17:40   10.9  23:45    3.1    0.0    7.2    1.9   11.9  15:20    288
 18   13.6   21.1  13:50    8.5  06:25    4.7    0.0    0.0    1.9   13.7  13:35    306
 19   18.4   26.1  16:50    9.3  06:30    0.0    0.1    0.0    1.9   10.4  12:45    298
 20   17.5   26.6  17:25   10.3  06:40    0.8    0.0    0.0    1.2   10.8  13:35    307
 21   17.7   26.9  14:25    9.6  06:15    0.6    0.0    0.0    1.1   14.4  12:05     86
 22   17.8   27.9  16:40   10.9  05:50    0.5    0.0    0.0    0.8    7.2  12:40     32
 23   19.6   29.6  15:40   13.6  06:55    0.0    1.2    1.0    0.8   10.1  00:00    326
 24   17.1   23.8  16:25   12.2  06:30    1.3    0.0    0.0    0.8   15.5  15:30    309
 25   18.3   28.3  16:20   10.1  05:55    0.1    0.0    0.0    0.9    7.9  17:55     16
 26   14.1   20.0  10:45    8.9  00:00    4.2    0.0   14.0    1.8   14.0  14:15     71
 27   12.8   19.2  16:40    8.7  02:00    5.5    0.0    0.5    1.0   11.2  14:00     36
 28   16.8   26.4  16:20    8.1  04:55    1.6    0.0    0.0    0.9    9.7  15:15     59
 29   18.9   27.6  16:00   10.6  06:30    0.0    0.6    0.0    0.9   18.0  13:50     89
 30   17.9   24.7  15:20   11.7  00:00    0.4    0.0    0.0    1.6   15.8  12:10    134
---------------------------------------------------------------------------------------
      14.5   33.2     02   -0.6     02  118.1    1.9   40.4    2.0   93.6     02    135
    
Tropske noči (Tmin >= 20): 0
Vroči dnevi (Tmax >= 30): 1
Topli dnevi (Tmax >= 25): 10
Hladni dnevi (Tmin < 0): 0
Ledeni dnevi (Tmax < 0): 1