Vremenska postaja Sladki Vrh

46.691233 N| 15.767722 E| 326 meters | Prikaži na zemljevidu

Vreme na kratko
18.9°C 83% 1008.0 mbar 0 km/h 0 km/h 0.0 mm
0.3°C/h 0%/h -0.0 mbar/h N/A ( N/A) N/A ( N/A) 0.0 mm/h

03/07/20 00:30:00 CEST

Vremenska statistika za 05-2018

Vremenska postaja:LaCrosse WS-2355
Programska oprema:weewx v4.0.0
WeeWX aktiven:17 days, 5 hours, 41 minutes
Strežnik aktiven:17 days, 14 hours, 18 minutes
                   MONTHLY CLIMATOLOGICAL SUMMARY for May 2018


NAME: Zgornja Velka, Šentilj                  
ELEV: 326 meters    LAT: 46-41.47 N    LONG: 015-46.07 E


                   TEMPERATURE (°C), RAIN (mm), WIND SPEED (km/h)

                                         HEAT   COOL         AVG
      MEAN                               DEG    DEG          WIND                   DOM
DAY   TEMP   HIGH   TIME    LOW   TIME   DAYS   DAYS   RAIN  SPEED   HIGH   TIME    DIR
---------------------------------------------------------------------------------------
 01   15.4   23.2  13:25    9.8  01:30    2.9    0.0    0.0    1.1   10.4  11:05     99
 02   18.2   26.2  17:45   11.5  04:55    0.2    0.0    6.2    0.7   10.1  15:05     96
 03   17.9   25.4  16:20   10.6  05:55    0.4    0.0    1.0    1.9   14.4  00:35    279
 04   18.2   23.3  14:45   14.0  23:55    0.1    0.0   19.7    1.5   11.5  14:35    275
 05   16.6   21.9  17:30   13.5  00:00    1.7    0.0   20.2    1.8   14.4  03:10    286
 06   16.5   23.8  16:00   11.0  06:00    1.8    0.0    0.0    1.1   12.6  12:35     13
 07   17.1   24.3  16:45   11.3  06:35    1.3    0.0    0.0    0.9   11.5  13:15    348
 08   13.7   21.8  14:35    9.9  05:55    4.6    0.0    4.7    0.7    8.3  16:50    278
 09   15.9   23.9  15:25    9.2  06:00    2.4    0.0    0.0    0.7    7.9  11:45    302
 10   18.8   26.3  15:20   11.3  00:05    0.0    0.5    0.0    0.7    7.2  20:20     23
 11   17.4   22.9  16:10   13.7  23:55    0.9    0.0   29.5    0.6    6.5  14:30    309
 12   18.5   25.6  15:45   12.2  05:35    0.0    0.2    0.0    0.9    9.4  17:55     28
 13   18.2   25.6  15:45   12.2  05:05    0.2    0.0    7.8    0.9   12.2  00:05     42
 14   13.8   15.1  10:00   11.5  22:00    4.6    0.0   14.0    1.0   12.6  11:15     43
 15   11.5   13.8  18:25    7.3  23:55    6.8    0.0   22.3    1.4   11.2  07:50    310
 16   13.1   19.9  15:40    6.6  02:00    5.2    0.0    0.0    0.7    7.9  18:00     44
 17   10.8   13.8  07:35    9.3  05:25    7.5    0.0    0.0    0.2    5.0  05:30    297
 18   17.9   23.3  17:30   11.0  06:00    0.4    0.0    0.0    1.5   20.9  13:30    276
 19   15.1   22.2  13:20   10.1  05:55    3.3    0.0   10.9    0.8   14.0  18:10    272
 20   16.0   22.7  14:10   12.3  05:05    2.4    0.0    0.5    1.5   12.2  12:05    281
 21   16.7   23.1  16:50   11.4  05:35    1.6    0.0    0.0    1.2    9.4  12:25    308
 22   16.5   23.3  17:25   10.9  05:10    1.8    0.0    0.0    0.6    9.4  17:15    317
 23   18.6   26.0  17:30   12.8  05:45    0.0    0.3    0.5    0.5    6.1  10:25      3
 24   18.8   25.3  16:05   15.3  04:45    0.0    0.5    0.0    0.9    6.1  08:25    296
 25   18.2   23.1  12:45   14.8  00:00    0.2    0.0    0.0    1.2   15.5  13:20    291
 26   19.2   25.9  17:15   13.6  03:15    0.0    0.8    0.0    1.0   10.4  12:00    347
 27   20.2   27.1  14:25   13.9  05:45    0.0    1.9    0.0    1.1    9.7  13:55    327
 28   21.0   28.0  16:05   14.4  05:40    0.0    2.7    0.0    1.0   10.4  14:20    301
 29   20.7   27.6  12:55   16.8  05:30    0.0    2.4    3.1    1.0   14.4  16:40    339
 30   20.4   26.6  16:40   15.6  05:25    0.0    2.1    0.5    1.8   10.4  05:45    289
 31   23.2   28.4  14:20   16.5  05:50    0.0    4.9    0.0    1.0   10.1  06:55     23
---------------------------------------------------------------------------------------
      17.3   28.4     31    6.6     16   50.4   16.2  140.9    1.0   20.9     18    302
    
Tropske noči (Tmin >= 20): 0
Vroči dnevi (Tmax >= 30): 0
Topli dnevi (Tmax >= 25): 13
Hladni dnevi (Tmin < 0): 0
Ledeni dnevi (Tmax < 0): 0