Vremenska postaja Sladki Vrh

46.691233 N| 15.767722 E| 326 meters | Prikaži na zemljevidu

Vreme na kratko
18.8°C 82% 1007.9 mbar 0 km/h 0 km/h 0.5 mm
-1.0°C/h 2%/h -0.0 mbar/h N/A ( N/A) N/A ( N/A) 0.0 mm/h

02/07/20 23:15:00 CEST

Vremenska statistika za 06-2018

Vremenska postaja:LaCrosse WS-2355
Programska oprema:weewx v4.0.0
WeeWX aktiven:17 days, 4 hours, 26 minutes
Strežnik aktiven:17 days, 13 hours, 3 minutes
                   MONTHLY CLIMATOLOGICAL SUMMARY for Jun 2018


NAME: Zgornja Velka, Šentilj                  
ELEV: 326 meters    LAT: 46-41.47 N    LONG: 015-46.07 E


                   TEMPERATURE (°C), RAIN (mm), WIND SPEED (km/h)

                                         HEAT   COOL         AVG
      MEAN                               DEG    DEG          WIND                   DOM
DAY   TEMP   HIGH   TIME    LOW   TIME   DAYS   DAYS   RAIN  SPEED   HIGH   TIME    DIR
---------------------------------------------------------------------------------------
 01   20.7   30.1  14:50   15.6  00:00    0.0    2.4    1.0    1.0   11.9  15:10    298
 02   20.1   28.8  15:15   14.4  02:35    0.0    1.8    0.0    1.1   13.3  07:50    289
 03   21.6   29.2  16:35   15.1  03:40    0.0    3.3    0.0    1.1   16.2  16:40    315
 04   20.9   28.4  16:10   15.8  05:05    0.0    2.6   12.4    1.2   27.0  18:10     69
 05   19.9   28.3  15:25   15.6  05:10    0.0    1.6    5.2    1.1   17.3  15:40    301
 06   20.3   28.4  15:15   14.9  05:15    0.0    2.0    1.0    0.9   11.5  15:45    316
 07   20.1   26.1  17:35   15.8  05:40    0.0    1.8    0.5    0.3    7.2  12:50    262
 08   20.8   28.2  15:10   14.9  05:00    0.0    2.4    7.3    1.0   15.8  15:30     15
 09   20.2   25.7  16:25   15.3  05:35    0.0    1.8    3.1    1.4   18.4  09:05    292
 10   22.5   28.9  14:15   16.2  03:00    0.0    4.1    0.0    0.7   11.5  21:10    297
 11   23.8   29.8  15:35   16.9  05:40    0.0    5.4    0.0    0.9   11.2  15:35     76
 12   22.1   29.2  16:20   16.2  00:00    0.0    3.8    2.1    0.7   10.1  18:25     94
 13   17.8   23.9  15:00   13.2  05:45    0.5    0.0   47.6    1.2   11.2  13:55     28
 14   16.4   19.4  12:55   14.4  23:45    2.0    0.0    0.5    1.4   16.9  11:50    267
 15   17.9   23.4  17:25   13.5  06:35    0.4    0.0    0.0    1.2   21.2  13:25    263
 16   18.4   26.4  13:20   13.3  04:40    0.0    0.1    0.0    1.1   12.2  11:30    274
 17   20.3   27.8  11:35   15.3  01:50    0.0    1.9    0.0    0.6   10.4  08:05    293
 18   22.6   28.3  14:20   15.6  01:10    0.0    4.2    0.0    2.5   28.8  07:05    272
 19   21.1   28.3  15:10   13.4  05:05    0.0    2.8    0.0    1.0   21.2  10:30    243
 20   22.1   29.3  16:35   14.8  05:25    0.0    3.8    0.0    0.3   10.8  11:10     82
 21   22.7   31.0  16:40   15.2  05:20    0.0    4.4    7.8    1.2   28.1  20:35    281
 22   14.6   17.8  16:05    9.0  00:00    3.8    0.0    6.2    0.8   12.6  15:35     88
 23   14.8   22.1  16:15    6.7  04:45    3.5    0.0    0.5    1.8   18.4  12:50    278
 24   12.3   14.1  08:10   11.4  04:55    6.0    0.0    0.0    0.1    2.9  03:55     85
 25   16.1   21.0  18:10   11.2  00:00    2.2    0.0    3.1    1.1    9.4  17:25     94
 26   15.9   22.8  11:55   10.1  04:25    2.5    0.0    1.0    1.2   13.3  14:05    271
 27   16.4   22.9  15:40   12.6  02:25    2.0    0.0    1.5    1.7   18.4  15:50    276
 28   16.3   21.9  18:45   13.3  06:00    2.0    0.0    4.7    0.7    7.6  03:10    279
 29   20.0   25.9  15:25   15.8  04:40    0.0    1.7    0.0    2.0   19.1  16:00    273
 30   21.3   28.3  11:30   15.9  05:35    0.0    3.0    0.5    1.5   13.7  21:40     74
---------------------------------------------------------------------------------------
      19.5   31.0     21    6.7     23   24.9   54.9  106.2    1.1   28.8     18    284
    
Tropske noči (Tmin >= 20): 0
Vroči dnevi (Tmax >= 30): 2
Topli dnevi (Tmax >= 25): 20
Hladni dnevi (Tmin < 0): 0
Ledeni dnevi (Tmax < 0): 0