Vremenska postaja Sladki Vrh

46.691233 N| 15.767722 E| 326 meters | Prikaži na zemljevidu

Vreme na kratko
18.9°C 83% 1008.0 mbar 0 km/h 0 km/h 0.0 mm
0.3°C/h 0%/h -0.0 mbar/h N/A ( N/A) N/A ( N/A) 0.0 mm/h

03/07/20 00:30:00 CEST

Vremenska statistika za 07-2018

Vremenska postaja:LaCrosse WS-2355
Programska oprema:weewx v4.0.0
WeeWX aktiven:17 days, 5 hours, 41 minutes
Strežnik aktiven:17 days, 14 hours, 18 minutes
                   MONTHLY CLIMATOLOGICAL SUMMARY for Jul 2018


NAME: Zgornja Velka, Šentilj                  
ELEV: 326 meters    LAT: 46-41.47 N    LONG: 015-46.07 E


                   TEMPERATURE (°C), RAIN (mm), WIND SPEED (km/h)

                                         HEAT   COOL         AVG
      MEAN                               DEG    DEG          WIND                   DOM
DAY   TEMP   HIGH   TIME    LOW   TIME   DAYS   DAYS   RAIN  SPEED   HIGH   TIME    DIR
---------------------------------------------------------------------------------------
 01   16.8   22.4  16:05   11.5  03:45    1.5    0.0    0.0    0.9   10.1  12:30     76
 02   18.4   23.9  17:25   12.9  04:20    0.0    0.0    0.0    1.2   12.6  13:10     79
 03   20.7   26.3  16:05   16.5  05:05    0.0    2.3    0.0    0.5   13.0  15:15     55
 04
 05   24.3   30.0  14:50   16.6  06:50    0.0    6.0    6.2    1.5   25.6  19:25     81
 06   17.6   20.2  17:55   16.5  04:20    0.7    0.0   22.3    0.3    6.1  13:45    280
 07   20.7   27.0  15:55   15.1  00:00    0.0    2.3    0.5    1.9   18.4  16:35    266
 08   19.3   26.2  15:15   12.0  05:40    0.0    0.9    0.0    0.5    7.6  14:45    261
 09   20.2   27.2  13:35   13.8  05:50    0.0    1.8    0.0    1.3   16.9  10:30    272
 10
 11   16.4   19.3  14:10   14.8  00:00    1.9    0.0   12.4    0.6    7.9  15:45    276
 12   18.6   24.8  16:40   14.2  04:15    0.0    0.2    0.5    0.7   11.5  13:40     63
 13   20.4   27.2  16:05   15.4  04:50    0.0    2.1    0.0    0.6    8.6  14:20     63
 14   21.8   29.7  15:40   15.1  05:45    0.0    3.4    3.1    1.2   25.6  20:55     63
 15   19.9   25.8  12:45   15.1  04:50    0.0    1.6    0.0    0.7    8.3  07:10    275
 16   19.6   27.5  16:35   13.9  04:30    0.0    1.2    0.5    0.6    8.6  13:55    308
 17   21.2   27.7  13:35   14.4  06:00    0.0    2.8    0.0    2.5   20.9  14:20    281
 18   22.4   30.2  16:05   13.6  06:05    0.0    4.1    0.0    2.5   31.0  16:10    285
 19   23.0   30.4  15:55   15.5  06:00    0.0    4.6    0.0    0.7    8.3  12:45    172
 20   21.5   29.1  14:35   14.6  05:50    0.0    3.2    0.0    0.7    9.7  12:40     23
 21   21.7   29.3  14:25   13.9  05:40    0.0    3.4    0.0    0.7    7.9  14:05     13
 22   20.9   27.9  13:25   16.9  05:55    0.0    2.6    0.5    0.8   11.9  15:35    297
 23   18.3   23.1  17:55   15.9  05:05    0.0    0.0   21.8    1.0    8.3  15:35    278
 24   22.0   29.4  16:45   15.3  05:25    0.0    3.6    0.0    0.9   13.0  11:35    274
 25   23.0   29.8  14:50   16.2  05:05    0.0    4.7    0.0    0.3    8.3  23:50    253
 26   20.9   29.1  14:00   15.8  06:00    0.0    2.6    5.2    0.8   11.2  11:05    279
 27   22.4   30.5  16:30   16.1  05:05    0.0    4.0    0.0    0.7   11.2  16:40    278
 28   22.5   30.2  16:55   16.9  06:00    0.0    4.2    0.0    0.4    9.7  14:05    345
 29   24.6   32.1  15:10   17.9  05:40    0.0    6.2    1.0    0.8   10.4  11:30    273
 30   25.1   32.6  14:05   19.3  06:10    0.0    6.8    0.0    0.7    8.3  14:20    276
 31   25.2   33.3  16:15   18.9  06:05    0.0    6.8    0.0    1.1   13.3  14:10    301
---------------------------------------------------------------------------------------
      21.0   33.3     31   11.5     01    4.2   81.6   74.1    0.9   31.0     18    287
    
Tropske noči (Tmin >= 20): 0
Vroči dnevi (Tmax >= 30): 7
Topli dnevi (Tmax >= 25): 23
Hladni dnevi (Tmin < 0): 0
Ledeni dnevi (Tmax < 0): 0