Vremenska postaja Sladki Vrh

46.691233 N| 15.767722 E| 326 meters | Prikaži na zemljevidu

Vreme na kratko
18.4°C 83% 1008.0 mbar 0 km/h 0 km/h 0.5 mm
-0.7°C/h 2%/h 0.2 mbar/h N/A ( N/A) N/A ( N/A) 0.0 mm/h

02/07/20 23:45:00 CEST

Vremenska statistika za 08-2018

Vremenska postaja:LaCrosse WS-2355
Programska oprema:weewx v4.0.0
WeeWX aktiven:17 days, 4 hours, 56 minutes
Strežnik aktiven:17 days, 13 hours, 33 minutes
                   MONTHLY CLIMATOLOGICAL SUMMARY for Aug 2018


NAME: Zgornja Velka, Šentilj                  
ELEV: 326 meters    LAT: 46-41.47 N    LONG: 015-46.07 E


                   TEMPERATURE (°C), RAIN (mm), WIND SPEED (km/h)

                                         HEAT   COOL         AVG
      MEAN                               DEG    DEG          WIND                   DOM
DAY   TEMP   HIGH   TIME    LOW   TIME   DAYS   DAYS   RAIN  SPEED   HIGH   TIME    DIR
---------------------------------------------------------------------------------------
 01   25.1   32.4  14:40   18.9  05:20    0.0    6.7   15.5    1.2    9.7  13:00    313
 02   22.4   28.7  13:20   20.1  06:00    0.0    4.1    4.7    0.7   10.8  13:20    277
 03   23.4   31.3  15:00   19.5  05:35    0.0    5.1    0.0    1.2   12.2  17:25    280
 04   24.0   30.7  15:35   18.7  06:25    0.0    5.6    0.0    0.8    8.6  12:25    313
 05   23.1   31.1  15:00   17.4  05:40    0.0    4.8    0.0    0.5    8.3  14:30    291
 06   23.7   30.6  15:00   17.9  05:50    0.0    5.4    0.0    0.8    8.6  13:35     29
 07   19.5   23.8  08:40   18.5  06:10    0.0    1.2    0.0    0.1    2.9  00:35     67
 08
 09   28.4   32.5  16:15   22.3  00:00    0.0   10.1    0.0    0.9   10.1  13:50    113
 10   24.6   30.6  14:00   19.6  00:00    0.0    6.3    1.5    1.7   11.2  13:40    350
 11   21.3   27.4  15:35   17.3  05:20    0.0    3.0    0.5    0.6    9.4  11:25    276
 12   21.8   28.3  15:45   16.3  05:40    0.0    3.4    0.0    0.9   10.1  13:25     69
 13   23.0   31.5  15:55   15.3  06:00    0.0    4.7    0.0    0.6   11.5  13:20     82
 14   18.2   20.9  17:15   16.3  04:30    0.1    0.0   30.0    1.0   14.4  11:45    276
 15   20.0   26.5  17:30   15.4  07:00    0.0    1.7    0.0    0.9   11.9  05:15    277
 16   19.9   27.6  14:00   14.3  05:35    0.0    1.6    0.0    0.9    9.4  08:35    288
 17   20.7   28.8  16:50   13.6  06:00    0.0    2.4    0.0    0.5   14.4  13:50     65
 18   22.6   30.3  14:55   15.9  06:50    0.0    4.3    0.0    0.7    7.9  14:05    288
 19   23.0   31.5  16:15   16.9  06:35    0.0    4.6    0.0    1.0   10.4  13:45    282
 20   23.3   31.8  16:40   16.3  06:25    0.0    5.0    0.0    0.5    7.2  09:45    287
 21   23.4   31.8  16:10   16.9  05:30    0.0    5.1    0.0    0.4    9.0  15:00     64
 22   23.1   31.1  16:30   17.1  06:40    0.0    4.8    0.0    1.0   10.1  16:35    287
 23   23.3   31.3  15:45   17.0  06:15    0.0    4.9    0.0    0.2    8.3  08:50    315
 24   21.2   30.5  14:15   16.8  06:25    0.0    2.9    6.2    1.2   12.6  16:15    289
 25   16.6   17.9  11:40   13.9  23:55    1.7    0.0    6.7    1.3   14.8  15:35    277
 26   12.9   15.4  17:25   11.1  08:35    5.4    0.0   14.0    2.2   20.9  04:55    280
 27   14.9   23.2  16:50    8.4  06:40    3.4    0.0    0.0    0.9    9.7  14:20    279
 28   17.7   26.5  16:45   10.7  02:25    0.6    0.0    0.0    0.9    8.6  14:55    292
 29   19.0   26.6  15:10   12.6  06:00    0.0    0.6    0.0    0.9   13.0  13:45     92
 30   19.2   26.7  15:35   13.3  02:55    0.0    0.8    0.5    1.2   17.6  20:35    295
 31   17.9   23.6  15:35   14.1  06:15    0.4    0.0    0.0    1.0   12.6  14:05    282
---------------------------------------------------------------------------------------
      21.1   32.5     09    8.4     27   11.7   99.0   79.8    0.9   20.9     26    289
    
Tropske noči (Tmin >= 20): 2
Vroči dnevi (Tmax >= 30): 15
Topli dnevi (Tmax >= 25): 24
Hladni dnevi (Tmin < 0): 0
Ledeni dnevi (Tmax < 0): 0