Vremenska postaja Sladki Vrh

46.691233 N| 15.767722 E| 326 meters | Prikaži na zemljevidu

Vreme na kratko
19.1°C 83% 1007.8 mbar 0 km/h 0 km/h 0.0 mm
0.7°C/h 0%/h -0.2 mbar/h N/A ( N/A) N/A ( N/A) 0.0 mm/h

03/07/20 00:45:00 CEST

Vremenska statistika za 09-2018

Vremenska postaja:LaCrosse WS-2355
Programska oprema:weewx v4.0.0
WeeWX aktiven:17 days, 5 hours, 56 minutes
Strežnik aktiven:17 days, 14 hours, 33 minutes
                   MONTHLY CLIMATOLOGICAL SUMMARY for Sep 2018


NAME: Zgornja Velka, Šentilj                  
ELEV: 326 meters    LAT: 46-41.47 N    LONG: 015-46.07 E


                   TEMPERATURE (°C), RAIN (mm), WIND SPEED (km/h)

                                         HEAT   COOL         AVG
      MEAN                               DEG    DEG          WIND                   DOM
DAY   TEMP   HIGH   TIME    LOW   TIME   DAYS   DAYS   RAIN  SPEED   HIGH   TIME    DIR
---------------------------------------------------------------------------------------
 01   16.8   17.8  14:40   15.9  06:00    1.6    0.0    9.3    1.6   17.3  04:50    280
 02   17.4   20.8  14:20   15.9  02:35    0.9    0.0    2.6    0.7    7.6  17:05    279
 03   18.1   22.5  15:35   16.1  05:45    0.2    0.0   11.9    0.6    6.5  17:05    316
 04   16.9   18.7  16:45   15.7  06:45    1.4    0.0   14.5    0.2    5.4  14:25     46
 05   19.4   26.6  15:15   15.9  05:45    0.0    1.1    0.0    0.3   13.7  13:00     44
 06   19.0   25.3  14:25   14.3  05:50    0.0    0.6    5.7    0.3    7.6  16:10     64
 07   18.9   25.5  14:30   14.6  05:00    0.0    0.6    0.5    1.0    8.6  13:15    293
 08   19.1   25.8  16:05   15.1  03:30    0.0    0.8    0.0    0.5    9.0  14:20    299
 09   19.4   26.3  16:30   14.9  23:45    0.0    1.1    0.0    0.1    6.8  15:45     77
 10   19.1   27.2  15:55   14.1  05:00    0.0    0.8    0.0    0.8    8.6  10:10    279
 11   19.6   27.9  15:40   14.5  07:05    0.0    1.3    0.0    0.7    6.8  10:20      0
 12   20.3   28.9  15:55   14.0  07:20    0.0    2.0    0.0    0.6    9.0  13:25    305
 13   19.7   26.9  14:10   15.3  06:05    0.0    1.4    0.0    0.1    6.1  14:15     68
 14   20.0   26.8  16:00   15.9  06:25    0.0    1.7   11.9    0.9   10.4  18:20      8
 15   19.5   24.8  16:10   15.3  22:35    0.0    1.2    0.0    0.3    7.6  15:35     88
 16   18.2   24.9  15:25   13.3  07:00    0.2    0.0    0.0    0.5   16.6  14:10     59
 17   18.1   26.4  16:15   12.4  06:25    0.2    0.0    0.0    0.4    7.9  16:20     80
 18   17.9   25.8  14:35   12.8  06:25    0.4    0.0    0.0    0.3   11.2  16:10     87
 19   18.7   27.0  16:00   13.2  03:55    0.0    0.4    0.0    0.0    6.1  15:05    314
 20   19.1   26.8  14:35   14.6  07:00    0.0    0.8    0.0    0.3    7.2  13:45    304
 21   18.9   26.6  15:30   12.8  06:40    0.0    0.6    0.0    1.1   14.8  13:05     82
 22   12.9   17.8  06:30   10.5  20:50    5.5    0.0    8.3    0.3    7.6  06:25     74
 23   14.0   18.8  15:45   10.9  00:30    4.4    0.0    0.0    0.5    9.7  17:10     75
 24   13.1   17.3  14:10    5.4  00:00    5.2    0.0    4.7    3.0   27.4  12:05    271
 25    8.6   14.3  14:20    3.4  05:10    9.7    0.0    0.0    1.2   10.1  14:25     87
 26    8.9   15.0  15:45    1.9  06:10    9.4    0.0    0.0    1.8   11.2  14:50    346
 27    9.7   19.2  14:10    2.4  05:50    8.7    0.0    0.0    0.7    9.4  14:30     21
 28   11.9   21.3  14:00    5.2  06:25    6.4    0.0    0.0    0.4    7.6  14:55     71
 29   11.5   17.4  14:00    5.0  23:15    6.8    0.0    0.0    1.6   13.3  15:20    103
 30    8.1   16.3  13:40    1.9  06:50   10.2    0.0    0.0    0.8    9.4  12:25    350
---------------------------------------------------------------------------------------
      16.4   28.9     12    1.9     26   71.2   14.3   69.4    0.7   27.4     24    328
    
Tropske noči (Tmin >= 20): 0
Vroči dnevi (Tmax >= 30): 0
Topli dnevi (Tmax >= 25): 15
Hladni dnevi (Tmin < 0): 0
Ledeni dnevi (Tmax < 0): 0