Vremenska postaja Sladki Vrh

46.691233 N| 15.767722 E| 326 meters | Prikaži na zemljevidu

Vreme na kratko
19.4°C 80% 1007.8 mbar 0 km/h 0 km/h 0.0 mm
0.6°C/h -4%/h -0.2 mbar/h N/A ( N/A) N/A ( N/A) 0.0 mm/h

03/07/20 01:15:00 CEST

Vremenska statistika za 10-2018

Vremenska postaja:LaCrosse WS-2355
Programska oprema:weewx v4.0.0
WeeWX aktiven:17 days, 6 hours, 26 minutes
Strežnik aktiven:17 days, 15 hours, 4 minutes
                   MONTHLY CLIMATOLOGICAL SUMMARY for Oct 2018


NAME: Zgornja Velka, Šentilj                  
ELEV: 326 meters    LAT: 46-41.47 N    LONG: 015-46.07 E


                   TEMPERATURE (°C), RAIN (mm), WIND SPEED (km/h)

                                         HEAT   COOL         AVG
      MEAN                               DEG    DEG          WIND                   DOM
DAY   TEMP   HIGH   TIME    LOW   TIME   DAYS   DAYS   RAIN  SPEED   HIGH   TIME    DIR
---------------------------------------------------------------------------------------
 01    7.2   13.4  11:45    2.6  07:10   11.1    0.0    0.5    0.3    6.1  10:30    291
 02    9.7   14.1  15:45    5.8  00:00    8.6    0.0    1.0    0.5   10.4  16:20     65
 03   10.1   17.4  15:45    3.0  07:20    8.2    0.0    0.5    0.4   11.2  15:05     72
 04   10.9   17.9  13:30    5.9  07:35    7.4    0.0    0.0    0.6   12.2  15:40     80
 05   10.0   18.5  13:35    5.0  07:35    8.3    0.0    0.0    0.7    9.7  13:45     69
 06   12.8   21.8  13:15    5.4  06:50    5.5    0.0    1.0    0.7   10.4  12:05    125
 07   14.7   19.3  13:30   11.1  04:45    3.6    0.0    0.5    0.2    6.1  13:20    321
 08   14.9   18.7  15:45   11.3  23:55    3.4    0.0    0.0    0.6    8.3  13:30    285
 09   14.1   20.7  13:40   10.4  07:45    4.2    0.0    0.0    0.4    7.9  14:15    334
 10   13.6   20.4  14:05    9.6  23:05    4.8    0.0    0.0    0.3    6.1  12:40    296
 11   12.8   21.0  13:50    7.6  07:00    5.5    0.0    0.0    0.5    7.2  12:00    286
 12   12.2   20.0  13:55    7.9  06:00    6.1    0.0    0.5    0.5    7.6  14:30    295
 13   12.2   19.7  13:45    8.2  05:20    6.1    0.0    0.0    0.8    6.1  09:15    292
 14   11.3   19.0  13:45    6.9  07:15    7.0    0.0    0.0    0.6    8.6  12:15    315
 15   10.7   15.4  13:55    7.2  07:20    7.6    0.0    0.0    0.5    5.8  09:00    282
 16   11.2   15.1  14:45    7.9  08:30    7.1    0.0    0.0    0.0    2.2  05:55    284
 17   12.7   17.2  15:40    8.5  07:45    5.6    0.0    0.0    0.4    6.5  17:05    287
 18   13.7   18.8  15:55   10.1  22:10    4.7    0.0    0.0    0.6    6.5  14:00    288
 19   13.1   19.4  15:45    9.5  00:00    5.3    0.0    0.5    0.6   11.5  13:35    282
 20   11.0   17.6  13:40    7.1  07:15    7.3    0.0    0.0    0.5    8.3  11:15    287
 21    8.4   11.8  16:20    5.0  21:45    9.9    0.0    0.0    0.8   14.8  16:45     49
 22    8.5   13.2  13:30    5.6  22:35    9.8    0.0    0.0    0.7    9.7  13:05    281
 23    9.3   15.6  13:10    3.8  07:55    9.1    0.0    0.0    0.6   18.7  11:45     95
 24   10.9   19.3  13:30    6.1  07:40    7.4    0.0    0.0    3.6   32.8  15:55    283
 25   10.1   16.4  13:35    6.3  22:45    8.3    0.0    0.0    0.8   11.2  13:15    104
 26    9.6   16.3  13:40    4.7  06:25    8.8    0.0    0.0    0.9    7.9  13:50     65
 27   11.6   16.7  15:20    8.1  05:00    6.7    0.0    7.3    1.6   10.4  07:50    111
 28    8.9   10.4  20:45    7.8  04:50    9.5    0.0   12.4    0.8    7.9  00:40    310
 29   13.3   19.1  13:05    9.4  03:25    5.0    0.0    3.1    0.8   10.1  23:50     76
 30   13.5   17.1  02:15    9.0  00:00    4.8    0.0    1.0    3.0   26.6  16:40    142
 31   11.2   16.8  12:30    7.1  05:45    7.1    0.0    0.0    2.1   10.8  15:45    116
---------------------------------------------------------------------------------------
      11.5   21.8     06    2.6     01  214.0    0.0   28.5    0.8   32.8     24    223
    
Tropske noči (Tmin >= 20): 0
Vroči dnevi (Tmax >= 30): 0
Topli dnevi (Tmax >= 25): 0
Hladni dnevi (Tmin < 0): 0
Ledeni dnevi (Tmax < 0): 0