Vremenska postaja Sladki Vrh

46.691233 N| 15.767722 E| 326 meters | Prikaži na zemljevidu

Vreme na kratko
18.8°C 84% 1008.0 mbar 0 km/h 0 km/h 0.0 mm
-0.0°C/h 2%/h 0.1 mbar/h N/A ( N/A) N/A ( N/A) 0.0 mm/h

03/07/20 00:15:00 CEST

Vremenska statistika za 11-2018

Vremenska postaja:LaCrosse WS-2355
Programska oprema:weewx v4.0.0
WeeWX aktiven:17 days, 5 hours, 28 minutes
Strežnik aktiven:17 days, 14 hours, 5 minutes
                   MONTHLY CLIMATOLOGICAL SUMMARY for Nov 2018


NAME: Zgornja Velka, Šentilj                  
ELEV: 326 meters    LAT: 46-41.47 N    LONG: 015-46.07 E


                   TEMPERATURE (°C), RAIN (mm), WIND SPEED (km/h)

                                         HEAT   COOL         AVG
      MEAN                               DEG    DEG          WIND                   DOM
DAY   TEMP   HIGH   TIME    LOW   TIME   DAYS   DAYS   RAIN  SPEED   HIGH   TIME    DIR
---------------------------------------------------------------------------------------
 01   10.7   16.3  14:00    5.4  05:15    7.6    0.0    0.5    1.4   13.7  13:50    121
 02   11.6   14.1  14:00    8.9  03:35    6.7    0.0    4.7    0.6    6.8  11:10    283
 03   13.7   15.4  12:55   12.7  23:50    4.6    0.0    0.5    0.3    5.0  10:15    293
 04   12.8   14.1  13:30   12.2  06:20    5.5    0.0    0.0    0.2    4.3  15:15     76
 05   11.8   12.9  11:45   10.6  22:40    6.6    0.0    0.5    0.4    9.0  19:25     80
 06   10.3   11.9  14:05    9.1  04:45    8.0    0.0    0.0    0.3    5.8  13:20     79
 07    9.8   11.6  13:10    7.9  06:15    8.6    0.0    0.0    0.2    6.1  15:15    308
 08    9.9   12.1  13:25    8.8  06:00    8.4    0.0    0.0    0.3    5.0  06:30    302
 09   10.4   12.4  13:00    9.8  00:20    7.9    0.0    0.0    0.2    7.2  09:50     75
 10
 11   12.9   18.9  12:55    7.4  23:55    5.4    0.0    0.0    1.2   10.8  12:35    122
 12    9.1   16.8  14:40    4.9  07:00    9.3    0.0    0.0    0.8    8.6  12:10    154
 13    8.1   10.1  15:05    5.4  07:10   10.2    0.0    0.0    0.5    7.2  14:25    283
 14    9.0   12.3  12:45    5.0  00:00    9.3    0.0    0.0    0.2    5.8  10:30    114
 15    6.8    9.8  12:15    3.9  01:05   11.5    0.0    0.0    0.2    6.8  13:40    348
 16    5.1    8.4  12:25    1.9  18:55   13.2    0.0    0.0    0.6    9.7  12:05    305
 17    1.7    6.1  12:50   -0.8  06:20   16.7    0.0    0.0    0.7   11.5  13:10    304
 18    1.6    3.4  15:25    0.1  00:05   16.7    0.0    0.0    0.9    7.2  00:05    282
 19    0.5    0.8  23:40    0.1  03:10   17.9    0.0    1.0    0.3    8.6  22:15     18
 20    0.5    0.9  00:45   -0.0  07:30   17.9    0.0    2.1    0.4    9.0  01:40     82
 21    2.1    3.9  14:25    0.4  00:05   16.2    0.0    7.3    0.2    5.4  01:20    288
 22    4.2    5.6  13:55    2.8  00:05   14.1    0.0    0.5    0.0    2.5  11:10     77
 23    5.1    6.2  12:10    4.4  04:10   13.2    0.0    0.0    0.5    5.8  10:40    102
 24    5.6    7.4  13:30    4.5  07:35   12.7    0.0    0.5    0.7    8.3  03:10     71
 25    5.8    6.5  14:45    5.0  22:55   12.5    0.0    5.7    0.6    6.1  05:35    290
 26    5.1    5.9  12:55    4.2  00:00   13.3    0.0   32.6    2.0    8.3  05:20    283
 27    2.0    4.2  00:10    0.3  00:00   16.3    0.0    2.6    0.7    8.6  08:10     73
 28   -0.0    3.3  12:55   -3.1  21:00   18.4    0.0    0.5    0.7   12.6  10:25     29
 29   -3.4   -0.2  14:30   -5.6  07:40   21.7    0.0    0.0    0.5    7.2  14:30     94
 30   -4.9   -3.9  14:25   -7.1  04:40   23.3    0.0    0.0    0.4    4.7  01:05     78
---------------------------------------------------------------------------------------
       6.0   18.9     11   -7.1     30  353.6    0.0   59.1    0.6   13.7     01    324
    
Tropske noči (Tmin >= 20): 0
Vroči dnevi (Tmax >= 30): 0
Topli dnevi (Tmax >= 25): 0
Hladni dnevi (Tmin < 0): 2
Ledeni dnevi (Tmax < 0): 5