Vremenska postaja Sladki Vrh

46.691233 N| 15.767722 E| 326 meters | Prikaži na zemljevidu

Vreme na kratko
18.8°C 82% 1007.9 mbar 0 km/h 0 km/h 0.5 mm
-1.1°C/h 3%/h -0.1 mbar/h N/A ( N/A) N/A ( N/A) 0.0 mm/h

02/07/20 23:05:00 CEST

Vremenska statistika za 12-2018

Vremenska postaja:LaCrosse WS-2355
Programska oprema:weewx v4.0.0
WeeWX aktiven:17 days, 4 hours, 14 minutes
Strežnik aktiven:17 days, 12 hours, 51 minutes
                   MONTHLY CLIMATOLOGICAL SUMMARY for Dec 2018


NAME: Zgornja Velka, Šentilj                  
ELEV: 326 meters    LAT: 46-41.47 N    LONG: 015-46.07 E


                   TEMPERATURE (°C), RAIN (mm), WIND SPEED (km/h)

                                         HEAT   COOL         AVG
      MEAN                               DEG    DEG          WIND                   DOM
DAY   TEMP   HIGH   TIME    LOW   TIME   DAYS   DAYS   RAIN  SPEED   HIGH   TIME    DIR
---------------------------------------------------------------------------------------
 01   -2.2    0.4  13:40   -3.9  00:00   20.5    0.0    0.5    0.1    5.4  11:25     48
 02   -2.9   -1.5  19:15   -5.2  05:00   21.2    0.0    0.0    0.5    6.1  18:40    282
 03   -0.4    2.3  10:20   -1.6  00:05   18.7    0.0    0.0    0.1    4.7  08:00    274
 04    5.4   11.3  14:30    1.2  08:05   12.9    0.0    0.0    0.4    6.1  10:05    292
 05    1.9    5.7  12:10   -1.1  06:10   16.5    0.0    0.0    0.5    6.8  11:40     72
 06    1.3    2.6  14:00   -0.9  23:50   17.0    0.0    0.0    0.4    4.7  17:45    315
 07    2.0    7.5  13:55   -1.4  03:45   16.3    0.0    0.0    0.4    5.4  14:00    319
 08    3.9    6.9  13:35    0.0  00:00   14.4    0.0    8.3    1.0   11.5  05:35     98
 09    2.2    8.9  13:35   -1.1  03:40   16.1    0.0    0.5    1.0    8.3  22:55     86
 10    2.0    7.3  14:05   -2.2  23:50   16.4    0.0    0.0    0.4    5.8  06:25    289
 11    0.6    6.5  14:05   -2.7  04:45   17.7    0.0    0.0    0.8   18.0  13:45    286
 12    1.0    6.1  13:05   -2.8  22:45   17.3    0.0    0.0    0.6   10.8  13:25    315
 13   -1.3   -0.1  14:05   -3.8  03:20   19.6    0.0    0.0    0.5    9.4  06:20     75
 14   -1.5   -1.0  00:05   -2.2  23:30   19.9    0.0    0.0    0.7    5.0  02:30     63
 15   -2.8    0.4  12:45   -7.5  00:00   21.1    0.0    0.5    0.1    4.7  01:40     90
 16   -6.5   -3.1  14:35  -10.6  07:40   24.9    0.0    0.0    0.1    3.6  13:20     90
 17   -4.6   -0.7  14:45   -7.0  22:40   23.0    0.0    0.0    0.0    2.5  06:05     90
 18   -4.1    0.3  15:10   -7.9  04:20   22.5    0.0    0.0    0.0    4.0  11:15     90
 19   -2.3    1.8  14:05   -6.6  06:10   20.6    0.0    1.0    0.9    5.8  18:55     65
 20   -1.3    0.9  13:20   -3.5  07:05   19.7    0.0    0.5    0.5    4.7  05:25     54
 21   -2.1    1.9  18:15   -4.7  08:10   20.4    0.0    0.0    0.9    8.3  13:35     33
 22    1.6    4.9  13:30   -1.1  07:50   16.8    0.0    1.5    0.7    8.6  09:55     18
 23    1.9    5.5  13:00   -1.0  05:10   16.5    0.0    0.0    1.0   10.8  04:40    290
 24    3.3    8.9  13:05   -1.2  23:40   15.1    0.0    0.0    2.9   28.1  12:10    282
 25   -0.8    2.9  14:55   -3.6  08:10   19.2    0.0    0.0    0.6    8.6  00:25     81
 26   -1.7    2.5  13:10   -3.7  03:55   20.0    0.0    0.0    0.3    5.0  21:55    315
 27   -1.6    3.6  14:35   -5.4  07:35   20.0    0.0    0.0    0.4    6.1  09:40    284
 28    0.8    4.3  15:15   -2.1  00:00   17.5    0.0    0.0    0.8    6.8  06:45    286
 29   -0.7    4.1  14:00   -3.0  02:05   19.0    0.0    0.0    0.6    9.7  11:05    287
 30    0.4    4.1  20:35   -2.6  07:10   17.9    0.0    0.0    0.6    7.9  20:20    289
 31    2.8    6.8  13:05   -0.1  07:10   15.5    0.0    0.0    0.5    6.5  11:05     38
---------------------------------------------------------------------------------------
      -0.2   11.3     04  -10.6     16  574.1    0.0   13.0    0.6   28.1     24    329
    
Tropske noči (Tmin >= 20): 0
Vroči dnevi (Tmax >= 30): 0
Topli dnevi (Tmax >= 25): 0
Hladni dnevi (Tmin < 0): 5
Ledeni dnevi (Tmax < 0): 29