Vremenska postaja Sladki Vrh

46.691233 N| 15.767722 E| 326 meters | Prikaži na zemljevidu

Vreme na kratko
19.1°C 83% 1007.8 mbar 0 km/h 0 km/h 0.0 mm
0.7°C/h 0%/h -0.2 mbar/h N/A ( N/A) N/A ( N/A) 0.0 mm/h

03/07/20 00:45:00 CEST

Vremenska statistika za 2018

Vremenska postaja:LaCrosse WS-2355
Programska oprema:weewx v4.0.0
WeeWX aktiven:17 days, 5 hours, 56 minutes
Strežnik aktiven:17 days, 14 hours, 33 minutes
                     CLIMATOLOGICAL SUMMARY for year 2018


NAME: Zgornja Velka, Šentilj                  
ELEV: 326 meters    LAT: 46-41.47 N    LONG: 015-46.07 E


                                       TEMPERATURE (°C)

                              HEAT    COOL                             Tropske Vroci  Topli  Hladni  Ledeni
          MEAN   MEAN         DEG     DEG                                >=     >=     >=      <       < 
 YR  MO   MAX    MIN    MEAN  DAYS    DAYS      HI  DAY     LOW  DAY     20     30     25      0       0
---------------------------------------------------------------------------------------------------------
2018 01    5.5   -0.9    2.0  507.0    0.0    13.9   06    -5.5   17      0      0      0     22      1
2018 02    1.6   -4.5   -1.8  564.5    0.0    11.0   01   -18.7   28      0      0      0     28      6
2018 03   11.7   -1.7    2.8  483.6    0.0    30.9   03   -19.6   01      0      2      4     20      3
2018 04   23.0    8.4   14.5  118.1    1.9    33.2   02    -0.6   02      0      1     10      1      0
2018 05   23.5   12.1   17.3   50.4   16.2    28.4   31     6.6   16      0      0     13      0      0
2018 06   25.9   14.1   19.5   24.9   54.9    31.0   21     6.7   23      0      2     20      0      0
2018 07   27.7   15.3   21.0    4.2   81.6    33.3   31    11.5   01      0      7     23      0      0
2018 08   28.0   16.1   21.1   11.7   99.0    32.5   09     8.4   27      2     15     24      0      0
2018 09   22.9   11.8   16.4   71.2   14.3    28.9   12     1.9   26      0      0     15      0      0
2018 10   17.4    7.2   11.5  214.0    0.0    21.8   06     2.6   01      0      0      0      0      0
2018 11    8.5    4.1    6.0  353.6    0.0    18.9   11    -7.1   30      0      0      0      7      2
2018 12    3.6   -3.2   -0.2  574.1    0.0    11.3   04   -10.6   16      0      0      0     30      5
------------------------------------------------------------------------------------------------
          16.6    6.6   10.8 2977.3  268.0    33.3  Jul   -19.6  Mar      2     27    109    108     17


                  PRECIPITATION (mm)

                  MAX         ---DAYS OF RAIN---
                  OBS.               OVER
 YR  MO  TOTAL    DAY  DATE   0.20   2.00  20.00
------------------------------------------------
2018 01   33.7    6.7    01     14      7      0
2018 02   35.2    6.2    04     14      8      0
2018 03   71.5   18.6    17     15      9      0
2018 04   40.4   14.0    26     10      5      0
2018 05  140.9   29.5    11     14     10      3
2018 06  106.2   47.6    13     18     10      1
2018 07   74.1   22.3    06     11      6      2
2018 08   79.8   30.0    14      9      6      1
2018 09   69.4   14.5    04      9      8      0
2018 10   28.5   12.4    28     11      3      0
2018 11   59.1   32.6    26     13      6      1
2018 12   13.0    8.3    08      7      1      0
------------------------------------------------
         751.6   47.6   Jun    145     79      8


           WIND SPEED (km/h)

                                DOM
 YR  MO    AVG     HI   DATE    DIR
-----------------------------------
2018 01    0.9   94.0     21     99 
2018 02    1.1   16.9     24     18 
2018 03    1.4   92.2     11    104 
2018 04    2.0   93.6     02    135 
2018 05    1.0   20.9     18    302 
2018 06    1.1   28.8     18    284 
2018 07    0.9   31.0     18    287 
2018 08    0.9   20.9     26    289 
2018 09    0.7   27.4     24    328 
2018 10    0.8   32.8     24    223 
2018 11    0.6   13.7     01    324 
2018 12    0.6   28.1     24    329 
-----------------------------------
           1.0   94.0    Jan    293