Vremenska postaja Sladki Vrh

46.691233 N| 15.767722 E| 326 meters | Prikaži na zemljevidu

Vreme na kratko
18.9°C 83% 1008.0 mbar 0 km/h 0 km/h 0.0 mm
0.3°C/h 0%/h -0.0 mbar/h N/A ( N/A) N/A ( N/A) 0.0 mm/h

03/07/20 00:30:00 CEST

Vremenska statistika za 01-2019

Vremenska postaja:LaCrosse WS-2355
Programska oprema:weewx v4.0.0
WeeWX aktiven:17 days, 5 hours, 41 minutes
Strežnik aktiven:17 days, 14 hours, 18 minutes
                   MONTHLY CLIMATOLOGICAL SUMMARY for Jan 2019


NAME: Zgornja Velka, Šentilj                  
ELEV: 326 meters    LAT: 46-41.47 N    LONG: 015-46.07 E


                   TEMPERATURE (°C), RAIN (mm), WIND SPEED (km/h)

                                         HEAT   COOL         AVG
      MEAN                               DEG    DEG          WIND                   DOM
DAY   TEMP   HIGH   TIME    LOW   TIME   DAYS   DAYS   RAIN  SPEED   HIGH   TIME    DIR
---------------------------------------------------------------------------------------
 01    2.1    7.1  13:20   -1.9  22:25   16.2    0.0    0.0    0.7    9.7  22:55    106
 02   -0.2    3.9  13:35   -2.9  08:00   18.5    0.0    0.0    4.0   29.9  14:55    283
 03   -2.0    0.9  13:30   -4.6  23:30   20.3    0.0    0.0    4.0   25.9  14:30    282
 04   -3.0    0.9  14:10   -6.7  05:45   21.3    0.0    0.0    1.1    5.8  05:55    114
 05   -0.6    1.8  19:05   -2.6  04:50   18.9    0.0    0.0    0.5    6.8  07:55     91
 06   -0.3    3.7  13:05   -3.7  22:40   18.7    0.0    0.0    1.2    6.5  02:00     84
 07   -1.9   -0.5  14:15   -5.4  00:00   20.2    0.0    0.0    0.8    6.8  11:55     93
 08   -3.5   -1.6  13:40   -5.6  00:15   21.8    0.0    0.0    0.6    7.6  06:05     34
 09   -0.1    4.4  13:30   -4.1  00:05   18.5    0.0    0.0    0.5   11.2  16:10     10
 10    0.2    2.3  13:15   -1.7  07:55   18.1    0.0    0.0    1.1   12.2  17:35    315
 11   -2.6    1.5  13:15   -5.7  08:30   21.0    0.0    0.0    0.4    7.2  11:00    347
 12   -0.6    5.3  14:45   -3.9  00:05   18.9    0.0    0.0    1.1    6.5  13:00     85
 13    2.4    8.1  14:20   -3.2  08:30   15.9    0.0    0.0    1.4    9.4  21:10    113
 14    3.2    9.2  13:35   -0.9  04:15   15.2    0.0    0.0    3.1   22.7  13:50    286
 15   -0.4    4.8  13:15   -5.1  07:20   18.8    0.0    0.0    0.8    9.7  13:05    293
 16    0.3    5.9  11:45   -3.1  00:00   18.1    0.0    0.0    0.3    4.7  08:40    326
 17    5.4   12.0  13:20   -3.6  00:55   12.9    0.0    0.0    2.6   14.4  14:00    135
 18    2.9    6.3  00:35    0.4  07:20   15.4    0.0    0.0    2.2   10.4  03:25    278
 19   -1.2    0.4  13:50   -2.1  07:55   19.5    0.0    0.0    0.3    5.8  12:35     35
 20   -1.4    1.4  12:55   -3.5  19:25   19.7    0.0    0.0    0.3    5.8  11:25    287
 21   -1.3    0.8  14:40   -3.0  23:45   19.7    0.0    0.0    0.2    5.0  12:05    290
 22   -3.1   -0.3  13:05   -4.8  21:15   21.4    0.0    0.0    0.3    6.8  15:40    307
 23   -3.8   -2.7  13:55   -4.7  07:05   22.1    0.0    0.0    0.3    6.1  12:50    328
 24   -2.2    0.5  15:00   -5.8  00:00   20.5    0.0    0.0    1.7   12.2  11:45    290
 25   -6.4   -0.9  13:20  -10.2  07:00   24.7    0.0    0.0    0.4    5.8  11:05     44
 26   -5.6   -0.1  15:10  -10.7  02:45   23.9    0.0    0.0    0.8    5.4  16:20     71
 27   -3.1    2.9  22:45   -8.4  06:35   21.4    0.0    0.0    0.8    5.8  12:30    161
 28    1.5    3.3  14:30    0.1  05:20   16.9    0.0    1.6    1.7   10.4  08:55    134
 29   -0.1    3.6  14:15   -2.2  19:10   18.4    0.0    2.1    0.9    9.7  09:10    298
 30   -0.9    3.1  13:10   -3.2  03:50   19.3    0.0   23.8    1.3   11.5  13:00    107
 31   -2.3   -0.2  15:15   -4.8  23:10   20.6    0.0   25.4    0.5    6.1  03:05    280
---------------------------------------------------------------------------------------
      -1.0   12.0     17  -10.7     26  596.9    0.0   52.8    1.1   29.9     02    292
    
Tropske noči (Tmin >= 20): 0
Vroči dnevi (Tmax >= 30): 0
Topli dnevi (Tmax >= 25): 0
Hladni dnevi (Tmin < 0): 7
Ledeni dnevi (Tmax < 0): 29