Vremenska postaja Sladki Vrh

46.691233 N| 15.767722 E| 326 meters | Prikaži na zemljevidu

Vreme na kratko
18.8°C 82% 1007.9 mbar 0 km/h 0 km/h 0.5 mm
-1.1°C/h 3%/h -0.1 mbar/h N/A ( N/A) N/A ( N/A) 0.0 mm/h

02/07/20 23:05:00 CEST

Vremenska statistika za 02-2019

Vremenska postaja:LaCrosse WS-2355
Programska oprema:weewx v4.0.0
WeeWX aktiven:17 days, 4 hours, 14 minutes
Strežnik aktiven:17 days, 12 hours, 51 minutes
                   MONTHLY CLIMATOLOGICAL SUMMARY for Feb 2019


NAME: Zgornja Velka, Šentilj                  
ELEV: 326 meters    LAT: 46-41.47 N    LONG: 015-46.07 E


                   TEMPERATURE (°C), RAIN (mm), WIND SPEED (km/h)

                                         HEAT   COOL         AVG
      MEAN                               DEG    DEG          WIND                   DOM
DAY   TEMP   HIGH   TIME    LOW   TIME   DAYS   DAYS   RAIN  SPEED   HIGH   TIME    DIR
---------------------------------------------------------------------------------------
 01   -0.8    2.6  22:25   -4.7  00:05   19.2    0.0    0.0    0.8    6.5  11:30    300
 02    9.1   14.3  11:45    6.0  22:10    9.2    0.0    0.0    1.2   14.8  09:55     61
 03    5.4    7.4  13:30    2.6  00:00   12.9    0.0    0.0    1.6   15.1  17:30    280
 04    1.4    6.1  13:25   -2.5  22:45   17.0    0.0    0.0    1.2   11.2  18:30     46
 05   -0.5    2.2  15:40   -3.4  00:00   18.8    0.0    0.0    0.3    5.8  13:55     86
 06   -1.2    4.6  13:10   -4.4  00:00   19.6    0.0    0.0    0.9   10.1  12:10    334
 07   -3.1    1.9  15:40   -7.0  07:25   21.4    0.0    0.0    0.4    5.8  13:55    290
 08   -0.2    5.6  13:40   -4.1  04:20   18.6    0.0    0.0    0.6    5.0  13:15     73
 09   -0.1    5.6  15:40   -3.9  04:40   18.4    0.0    0.0    0.7   10.1  14:00    286
 10    4.1   12.1  13:45   -1.8  07:10   14.2    0.0    0.0    2.8   13.0  16:25    148
 11    4.4    8.0  15:40    0.9  23:40   13.9    0.0    0.0    3.6   27.0  15:50    279
 12    2.4    8.4  12:35   -2.5  07:30   15.9    0.0    0.0    3.1   22.7  13:15    280
 13    2.6    8.9  15:10   -2.4  07:10   15.7    0.0    0.0    1.1   13.7  13:05     38
 14    2.2   10.3  15:55   -0.8  00:30   16.1    0.0    0.0    0.4    5.4  01:30    287
 15    2.7   10.6  13:10   -1.7  07:45   15.6    0.0    0.0    1.0   11.2  11:15     53
 16    3.8   13.4  13:05   -1.9  04:20   14.6    0.0    0.0    1.0   10.1  10:30    288
 17    4.8   13.9  13:40   -1.3  07:50   13.5    0.0    0.0    0.7    7.2  12:10    300
 18    4.9   14.2  13:10   -1.8  07:25   13.5    0.0    0.0    0.7    9.7  15:10    350
 19    4.4   13.8  14:00   -1.6  07:05   14.0    0.0    0.0    1.0    9.0  10:00    295
 20    5.5   12.2  13:20   -0.2  05:05   12.8    0.0    0.0    1.0   11.2  13:40     97
 21    6.5   14.0  13:00    0.1  03:55   11.9    0.0    0.0    0.8    8.3  20:40    111
 22    6.2   12.1  11:15    0.4  23:50   12.1    0.0    0.0    3.3   19.1  13:10    336
 23   -2.0    1.1  10:50   -4.9  07:15   20.4    0.0    0.0    3.9   20.9  01:30     59
 24    1.7    4.0  12:25   -5.6  08:10   16.6    0.0    0.0    1.3   10.4  15:25    286
 25    4.9   11.1  14:10    0.4  07:30   13.4    0.0    0.0    0.6    7.9  13:25     86
 26   10.1   18.9  14:35    2.5  07:15    8.2    0.0    0.0    3.7   23.8  13:25    287
 27    6.9   15.4  13:25    0.2  06:55   11.4    0.0    0.0    1.0   10.1  10:20     41
 28   10.1   22.3  13:30   -0.1  07:10    8.3    0.0    0.0    1.2    8.6  12:50    292
---------------------------------------------------------------------------------------
       3.5   22.3     28   -7.0     07  417.4    0.0    0.0    1.4   27.0     11    302
    
Tropske noči (Tmin >= 20): 0
Vroči dnevi (Tmax >= 30): 0
Topli dnevi (Tmax >= 25): 0
Hladni dnevi (Tmin < 0): 0
Ledeni dnevi (Tmax < 0): 20