Vremenska postaja Sladki Vrh

46.691233 N| 15.767722 E| 326 meters | Prikaži na zemljevidu

Vreme na kratko
18.9°C 83% 1008.0 mbar 0 km/h 0 km/h 0.0 mm
0.3°C/h 0%/h -0.0 mbar/h N/A ( N/A) N/A ( N/A) 0.0 mm/h

03/07/20 00:30:00 CEST

Vremenska statistika za 03-2019

Vremenska postaja:LaCrosse WS-2355
Programska oprema:weewx v4.0.0
WeeWX aktiven:17 days, 5 hours, 41 minutes
Strežnik aktiven:17 days, 14 hours, 18 minutes
                   MONTHLY CLIMATOLOGICAL SUMMARY for Mar 2019


NAME: Zgornja Velka, Šentilj                  
ELEV: 326 meters    LAT: 46-41.47 N    LONG: 015-46.07 E


                   TEMPERATURE (°C), RAIN (mm), WIND SPEED (km/h)

                                         HEAT   COOL         AVG
      MEAN                               DEG    DEG          WIND                   DOM
DAY   TEMP   HIGH   TIME    LOW   TIME   DAYS   DAYS   RAIN  SPEED   HIGH   TIME    DIR
---------------------------------------------------------------------------------------
 01   10.0   16.8  14:10    4.1  07:05    8.4    0.0    0.0    0.9   10.8  13:35    293
 02    5.3    9.9  14:35    0.8  00:00   13.0    0.0    0.0    0.9    8.6  04:20     84
 03    7.1   17.6  13:40   -0.7  06:05   11.2    0.0    0.0    1.6   11.2  14:20     90
 04    9.5   19.1  12:40    2.9  07:15    8.8    0.0    0.0    3.0   21.6  21:50    148
 05    6.2   14.6  13:25    0.5  07:00   12.1    0.0    0.0    1.5   13.3  13:25    116
 06    8.1   15.1  15:05    0.4  07:05   10.2    0.0    0.0    3.1   22.7  14:55    131
 07   13.4   19.8  13:35    9.3  00:20    5.0    0.0    0.0    4.1   24.1  13:35    149
 08   10.5   16.6  13:25    6.3  03:10    7.9    0.0    7.2    1.7   13.3  12:55    297
 09   10.0   16.8  14:05    5.6  04:35    8.3    0.0    0.0    1.9   14.0  14:35    114
 10    9.2   18.1  12:45    1.8  06:55    9.1    0.0    0.0    2.0   24.5  12:45    119
 11    6.4   12.2  11:40    0.4  22:30   11.9    0.0    0.0    2.5   22.0  10:15    242
 12    3.9   11.7  14:05   -3.3  05:25   14.5    0.0    0.0    2.3   19.1  10:15    253
 13    3.7    8.5  12:55    0.3  05:15   14.7    0.0    0.0    2.3   16.6  13:00    229
 14    4.9   13.1  12:25   -1.8  03:15   13.4    0.0    0.0    1.3    6.8  06:45    267
 15    5.7   14.3  13:05   -0.7  06:30   12.6    0.0    0.0    0.9   13.3  12:35     82
 16    7.4   14.3  15:45    1.7  06:00   10.9    0.0    0.0    1.7   16.6  11:00     88
 17   10.3   21.2  12:40    2.1  05:10    8.0    0.0    0.0    2.7   20.2  15:35    152
 18    4.6    9.1  00:05    2.2  00:00   13.7    0.0   16.1    1.2   17.3  07:50    277
 19    4.6    8.2  12:10    2.2  00:05   13.7    0.0    1.0    0.4    8.3  11:30    308
 20    4.4   10.4  14:20   -1.2  23:10   13.9    0.0    0.0    1.7   25.9  09:45    329
 21    4.7   12.3  15:05   -1.8  05:55   13.6    0.0    0.0    1.7   10.1  09:10    288
 22    9.5   17.6  15:40   -0.4  06:00    8.8    0.0    0.0    1.4   10.8  12:15    292
 23   10.2   19.9  15:40    2.4  06:30    8.1    0.0    0.0    1.4    9.4  12:35    299
 24   12.5   22.1  14:50    4.6  06:30    5.9    0.0    0.0    1.9   16.2  15:05    317
 25    8.0   13.3  12:50    3.8  00:00   10.4    0.0   13.5    1.5   28.1  17:30     97
 26    6.3   13.2  15:05    0.1  23:40   12.0    0.0    0.3    1.9   19.8  12:15    309
 27    4.4    9.8  15:55   -0.2  02:00   13.9    0.0    0.0    1.1   14.8  16:05     30
 28    6.6   13.0  15:55    0.1  05:10   11.8    0.0    0.0    1.3    8.3  12:30    290
 29   10.1   15.6  14:40    3.6  22:45    8.2    0.0    0.0    0.6    9.4  14:50    332
 30    8.8   19.4  15:50   -0.3  00:25    9.5    0.0    0.0    0.8   11.5  10:40    100
 31   11.5   20.8  16:10    3.3  06:25    6.9    0.0    0.0    1.3   11.9  15:40    357
---------------------------------------------------------------------------------------
       7.7   22.1     24   -3.3     12  330.5    0.0   38.1    1.7   28.1     25    139
    
Tropske noči (Tmin >= 20): 0
Vroči dnevi (Tmax >= 30): 0
Topli dnevi (Tmax >= 25): 0
Hladni dnevi (Tmin < 0): 0
Ledeni dnevi (Tmax < 0): 9