Vremenska postaja Sladki Vrh

46.691233 N| 15.767722 E| 326 meters | Prikaži na zemljevidu

Vreme na kratko
18.6°C 83% 1008.0 mbar 0 km/h 0 km/h 0.5 mm
-0.9°C/h 3%/h 0.1 mbar/h N/A ( N/A) N/A ( N/A) 0.0 mm/h

02/07/20 23:30:00 CEST

Vremenska statistika za 04-2019

Vremenska postaja:LaCrosse WS-2355
Programska oprema:weewx v4.0.0
WeeWX aktiven:17 days, 4 hours, 41 minutes
Strežnik aktiven:17 days, 13 hours, 18 minutes
                   MONTHLY CLIMATOLOGICAL SUMMARY for Apr 2019


NAME: Zgornja Velka, Šentilj                  
ELEV: 326 meters    LAT: 46-41.47 N    LONG: 015-46.07 E


                   TEMPERATURE (°C), RAIN (mm), WIND SPEED (km/h)

                                         HEAT   COOL         AVG
      MEAN                               DEG    DEG          WIND                   DOM
DAY   TEMP   HIGH   TIME    LOW   TIME   DAYS   DAYS   RAIN  SPEED   HIGH   TIME    DIR
---------------------------------------------------------------------------------------
 01   11.9   19.1  14:45    6.8  06:30    6.4    0.0    0.0    1.4   15.1  15:05     48
 02   10.0   17.8  15:50    1.9  07:10    8.3    0.0    0.0    1.0   13.7  15:55     95
 03   11.5   19.4  15:20    5.6  03:25    6.8    0.0    0.0    2.3   16.9  15:35    143
 04   10.4   17.4  13:25    4.5  03:55    7.9    0.0    0.0    3.4   15.1  16:00    131
 05    8.4   10.3  11:10    4.3  00:00    9.9    0.0   12.4    0.6   11.9  15:45     87
 06    7.4   13.1  17:40    3.3  00:45   10.9    0.0    0.5    0.5    6.5  12:45     43
 07    8.3   16.4  14:55    3.6  07:00   10.1    0.0    0.0    0.7    7.9  12:45    146
 08   12.3   19.7  16:05    5.8  00:35    6.0    0.0    0.0    1.9   12.2  22:55    293
 09   13.9   20.2  15:05    8.2  06:30    4.4    0.0    0.0    1.4   12.6  11:50    313
 10   10.6   12.7  00:05    9.5  00:00    7.7    0.0    8.3    1.4    9.4  17:05    282
 11    6.8    9.5  00:05    5.5  23:45   11.5    0.0   36.8    0.6    7.6  03:00    330
 12    6.7   10.2  14:30    3.4  05:45   11.6    0.0    2.1    1.0    9.4  20:35     58
 13    6.5    8.9  15:20    4.1  06:35   11.9    0.0    0.0    1.0    9.7  18:55     69
 14    5.5    6.9  15:30    3.8  03:10   12.8    0.0    4.1    0.9    8.6  17:40    285
 15    9.0   15.6  16:50    3.6  23:25    9.3    0.0    1.6    1.8   14.4  14:15    303
 16    9.1   17.7  17:05    1.8  06:40    9.2    0.0    0.0    1.4   20.5  13:35     78
 17   10.5   18.2  15:15    4.1  06:25    7.8    0.0    0.0    1.9   11.9  17:25      5
 18   11.2   18.6  16:40    5.6  05:35    7.1    0.0    0.0    1.2   10.1  17:55    327
 19   12.7   21.9  17:35    5.3  06:40    5.7    0.0    0.0    1.4   10.1  13:10    291
 20   13.2   21.5  16:00    6.5  05:45    5.1    0.0    0.0    1.4   13.0  14:40    310
 21   13.2   23.1  16:20    4.6  06:25    5.1    0.0    0.0    1.4   10.4  15:10     60
 22   14.3   24.0  16:25    4.9  06:50    4.0    0.0    0.0    1.3   10.4  16:35     86
 23    9.7   11.3  14:15    7.4  04:20    8.6    0.0    4.7    0.7    6.8  17:15    283
 24   15.3   22.3  14:00    9.3  03:15    3.0    0.0    0.0    1.4   14.8  13:15    136
 25   20.1   25.1  15:20   12.5  06:50    0.0    1.8    0.0    2.1   19.8  13:55    136
 26   17.0   25.3  14:35   11.9  05:55    1.3    0.0    0.0    1.1   16.9  17:40    112
 27   13.0   19.3  13:20    5.9  00:00    5.4    0.0    0.5    1.1   10.1  10:15    294
 28   11.3   18.1  16:30    4.8  05:55    7.0    0.0    0.0    1.9   16.6  12:50    345
 29    9.0   13.1  10:00    3.6  05:55    9.4    0.0    0.0    0.3    7.6  09:45    281
 30    9.5   13.6  11:10    6.8  06:10    8.8    0.0    4.7    2.7   27.7  12:45    286
---------------------------------------------------------------------------------------
      10.9   25.3     26    1.8     16  223.2    1.8   75.6    1.3   27.7     30    346
    
Tropske noči (Tmin >= 20): 0
Vroči dnevi (Tmax >= 30): 0
Topli dnevi (Tmax >= 25): 2
Hladni dnevi (Tmin < 0): 0
Ledeni dnevi (Tmax < 0): 0