Vremenska postaja Sladki Vrh

46.691233 N| 15.767722 E| 326 meters | Prikaži na zemljevidu

Vreme na kratko
19.1°C 83% 1007.8 mbar 0 km/h 0 km/h 0.0 mm
0.7°C/h 0%/h -0.2 mbar/h N/A ( N/A) N/A ( N/A) 0.0 mm/h

03/07/20 00:45:00 CEST

Vremenska statistika za 05-2019

Vremenska postaja:LaCrosse WS-2355
Programska oprema:weewx v4.0.0
WeeWX aktiven:17 days, 5 hours, 56 minutes
Strežnik aktiven:17 days, 14 hours, 33 minutes
                   MONTHLY CLIMATOLOGICAL SUMMARY for May 2019


NAME: Zgornja Velka, Šentilj                  
ELEV: 326 meters    LAT: 46-41.47 N    LONG: 015-46.07 E


                   TEMPERATURE (°C), RAIN (mm), WIND SPEED (km/h)

                                         HEAT   COOL         AVG
      MEAN                               DEG    DEG          WIND                   DOM
DAY   TEMP   HIGH   TIME    LOW   TIME   DAYS   DAYS   RAIN  SPEED   HIGH   TIME    DIR
---------------------------------------------------------------------------------------
 01   13.6   21.4  17:05    6.6  06:35    4.7    0.0    0.0    2.4   19.8  13:10    282
 02   15.3   24.8  16:20    5.4  06:30    3.0    0.0    0.0    1.1   14.0  16:05    331
 03   13.3   18.2  11:55    9.1  04:50    5.0    0.0    5.2    1.2   16.6  11:35    296
 04   10.4   12.3  16:50    8.8  06:10    7.9    0.0   16.6    0.7    9.4  09:35    286
 05    6.8   10.4  00:05    4.9  23:10   11.6    0.0   15.5    4.5   25.2  12:15    278
 06    5.9    9.5  12:10    3.3  02:35   12.4    0.0    4.2    4.0   21.6  11:45    280
 07    8.6   14.9  15:20    2.8  02:40    9.7    0.0    0.0    1.1   22.7  11:25    297
 08   10.8   18.9  15:15    1.4  05:20    7.5    0.0    0.0    1.7   33.8  16:10    129
 09   10.2   11.8  10:50    8.3  04:45    8.1    0.0    2.6    1.0   10.1  00:50    122
 10   14.5   21.1  14:10    5.1  06:00    3.8    0.0    1.0    0.9    7.6  12:35     32
 11   15.0   22.7  14:45    6.9  06:05    3.3    0.0    0.0    1.2   19.1  13:25     97
 12   10.9   13.3  14:55    9.3  05:35    7.5    0.0    3.6    3.7   19.1  19:40    284
 13    8.2   10.1  00:05    6.8  06:50   10.1    0.0   16.1    3.1   21.6  09:25    271
 14    8.0   10.4  12:25    5.6  23:55   10.3    0.0    0.0    2.8   23.0  11:35    289
 15    6.6    8.3  12:40    4.9  05:20   11.7    0.0   11.9    0.0    3.6  17:35     80
 16    9.6   13.7  17:20    6.4  05:25    8.7    0.0    0.0    0.8    9.4  13:35     71
 17   11.1   16.5  16:20    5.2  06:20    7.2    0.0    0.0    1.6   18.0  10:05     75
 18   11.8   19.3  17:20    4.8  05:20    6.5    0.0    1.6    0.6    8.3  11:30    342
 19   13.8   19.4  13:15    9.5  04:10    4.6    0.0    0.0    0.5    8.3  12:15    307
 20   14.4   20.2  12:05    9.8  05:30    4.0    0.0    0.5    1.5   14.8  11:05    137
 21   14.5   18.9  14:10    9.3  03:25    3.8    0.0    0.0    0.8   10.8  10:45    119
 22   16.6   23.2  16:40   10.3  05:00    1.7    0.0    0.0    0.8   22.7  16:05    271
 23   16.2   23.5  16:05   10.7  02:40    2.2    0.0    0.0    2.1   20.9  18:10    290
 24   17.6   24.0  16:55   10.9  05:55    0.7    0.0    0.0    0.8   11.2  11:15     67
 25   17.4   25.8  16:25    9.5  05:25    0.9    0.0    0.0    0.5    9.0  15:25     60
 26   18.5   26.2  16:15   11.3  05:40    0.0    0.1    0.0    0.0    2.5  09:55    323
 27   14.9   16.9  10:15   12.9  21:35    3.4    0.0    4.7    0.2    6.5  11:15    114
 28   14.9   18.4  14:00   13.2  00:10    3.5    0.0   33.7    0.5    6.8  13:40    281
 29   11.9   13.6  00:20    9.8  00:00    6.4    0.0   32.6    1.9    9.4  11:10    282
 30   11.2   14.3  16:05    9.0  06:30    7.1    0.0   14.0    2.1   11.5  02:10    285
 31   14.9   21.3  16:50    9.4  04:55    3.4    0.0    0.0    0.9    9.7  14:40    290
---------------------------------------------------------------------------------------
      12.5   26.2     26    1.4     08  180.9    0.1  163.7    1.5   33.8     08    282
    
Tropske noči (Tmin >= 20): 0
Vroči dnevi (Tmax >= 30): 0
Topli dnevi (Tmax >= 25): 2
Hladni dnevi (Tmin < 0): 0
Ledeni dnevi (Tmax < 0): 0