Vremenska postaja Sladki Vrh

46.691233 N| 15.767722 E| 326 meters | Prikaži na zemljevidu

Vreme na kratko
18.4°C 83% 1008.0 mbar 0 km/h 0 km/h 0.5 mm
-0.7°C/h 2%/h 0.2 mbar/h N/A ( N/A) N/A ( N/A) 0.0 mm/h

02/07/20 23:45:00 CEST

Vremenska statistika za 06-2019

Vremenska postaja:LaCrosse WS-2355
Programska oprema:weewx v4.0.0
WeeWX aktiven:17 days, 4 hours, 56 minutes
Strežnik aktiven:17 days, 13 hours, 33 minutes
                   MONTHLY CLIMATOLOGICAL SUMMARY for Jun 2019


NAME: Zgornja Velka, Šentilj                  
ELEV: 326 meters    LAT: 46-41.47 N    LONG: 015-46.07 E


                   TEMPERATURE (°C), RAIN (mm), WIND SPEED (km/h)

                                         HEAT   COOL         AVG
      MEAN                               DEG    DEG          WIND                   DOM
DAY   TEMP   HIGH   TIME    LOW   TIME   DAYS   DAYS   RAIN  SPEED   HIGH   TIME    DIR
---------------------------------------------------------------------------------------
 01   18.8   25.9  17:00   11.6  05:05    0.0    0.4    0.0    2.0   21.2  13:50    310
 02   20.0   27.0  16:05   13.8  05:10    0.0    1.7    0.0    1.2   11.5  14:55     92
 03   20.9   27.8  15:15   14.0  05:20    0.0    2.5    0.0    1.4   10.1  15:25    357
 04   20.5   28.8  15:25   14.1  05:50    0.0    2.2    0.0    1.0   12.2  15:05    290
 05   20.4   29.1  16:40   14.1  05:20    0.0    2.1    4.1    0.3   15.5  17:45     83
 06   20.4   28.2  16:25   15.3  00:00    0.0    2.1    0.0    0.7   17.3  17:20      0
 07   21.1   28.2  16:15   12.9  05:00    0.0    2.8    0.0    0.9   11.5  15:35    122
 08   22.2   28.4  12:05   15.9  03:25    0.0    3.9    0.0    2.4   23.0  16:10     79
 09   21.1   27.8  16:00   13.3  05:35    0.0    2.8    0.0    0.8    8.6  13:30     49
 10   22.7   30.1  15:15   14.9  05:20    0.0    4.4    0.0    0.7   11.5  11:35     95
 11   23.4   30.5  16:30   16.9  04:10    0.0    5.1    0.0    0.4   10.1  13:45     81
 12   23.6   30.6  16:10   15.6  05:35    0.0    5.3    0.0    1.1   16.2  15:50     84
 13   24.5   31.4  15:35   17.9  04:50    0.0    6.2    0.0    1.0   14.0  12:30    128
 14   24.3   31.8  16:05   16.3  01:15    0.0    6.0    0.0    0.8   11.2  15:15     48
 15   23.6   30.1  17:30   16.5  05:15    0.0    5.2    0.0    0.4    9.7  16:20     77
 16   22.8   29.9  15:45   17.6  23:55    0.0    4.4    1.0    1.9   22.0  18:25      0
 17   16.1   17.6  00:05   14.9  05:25    2.2    0.0    0.0    0.4    7.6  00:45    278
 18   23.0   27.3  16:15   17.3  00:00    0.0    4.7    0.0    0.9   10.1  15:30     46
 19   20.9   29.8  15:15   15.5  06:00    0.0    2.5  199.4    1.1   25.2  17:40    345
 20   21.6   29.4  15:00   14.1  05:45    0.0    3.3 1223.8    0.8   13.0  15:05    298
 21   22.1   28.3  17:25   17.1  06:10    0.0    3.7    0.0    1.0    8.6  12:40    322
 22   19.2   22.8  10:15   16.9  16:15    0.0    0.8   24.4    1.6   16.2  09:30    279
 23   18.4   22.4  17:10   16.9  02:35    0.0    0.0   56.5    1.2   19.1  16:30    266
 24   22.4   28.6  16:35   17.2  05:15    0.0    4.1    0.5    1.4   14.4  11:05    294
 25   18.3   19.1  02:15   17.4  06:10    0.0    0.0    0.0    0.3    5.4  06:45    276
 26   25.2   31.6  16:00   18.6  06:05    0.0    6.8    0.0    0.6   18.0  17:10     50
 27   20.4   20.7  00:05   20.1  04:45    0.0    2.0    0.0    0.0    0.0  00:05    N/A
 28
 29   23.8   27.9  16:55   15.2  00:00    0.0    5.4    0.0    1.1    8.3  13:40     67
 30   22.1   29.8  16:30   12.6  05:25    0.0    3.8    0.0    1.1   13.0  13:50    126
---------------------------------------------------------------------------------------
      21.7   31.8     14   11.6     01    2.2   94.3 1509.7    1.1   25.2     19     36
    
Tropske noči (Tmin >= 20): 1
Vroči dnevi (Tmax >= 30): 7
Topli dnevi (Tmax >= 25): 24
Hladni dnevi (Tmin < 0): 0
Ledeni dnevi (Tmax < 0): 0