Vremenska postaja Sladki Vrh

46.691233 N| 15.767722 E| 326 meters | Prikaži na zemljevidu

Vreme na kratko
19.1°C 83% 1007.8 mbar 0 km/h 0 km/h 0.0 mm
0.7°C/h 0%/h -0.2 mbar/h N/A ( N/A) N/A ( N/A) 0.0 mm/h

03/07/20 00:45:00 CEST

Vremenska statistika za 07-2019

Vremenska postaja:LaCrosse WS-2355
Programska oprema:weewx v4.0.0
WeeWX aktiven:17 days, 5 hours, 56 minutes
Strežnik aktiven:17 days, 14 hours, 33 minutes
                   MONTHLY CLIMATOLOGICAL SUMMARY for Jul 2019


NAME: Zgornja Velka, Šentilj                  
ELEV: 326 meters    LAT: 46-41.47 N    LONG: 015-46.07 E


                   TEMPERATURE (°C), RAIN (mm), WIND SPEED (km/h)

                                         HEAT   COOL         AVG
      MEAN                               DEG    DEG          WIND                   DOM
DAY   TEMP   HIGH   TIME    LOW   TIME   DAYS   DAYS   RAIN  SPEED   HIGH   TIME    DIR
---------------------------------------------------------------------------------------
 01   17.8   19.9  00:05   16.3  03:30    0.5    0.0    0.0    0.0    0.0  00:05    N/A
 02   27.1   31.1  14:50   20.4  17:05    0.0    8.8    0.5    1.9   18.7  15:15    269
 03   22.0   28.2  16:40   16.1  00:00    0.0    3.6   30.0    1.6   12.2  18:45    335
 04   16.2   20.2  10:05   15.2  05:30    2.1    0.0    0.0    0.6    6.1  07:15    277
 05
 06
 07
 08
 09
 10
 11
 12   18.4   25.0  15:30   14.6  00:00    0.0    0.1   12.4    1.1   21.2  18:25     91
 13   14.8   19.2  09:35   13.3  04:50    3.6    0.0    0.0    0.2    5.0  08:10    288
 14   21.0   25.8  16:15   15.3  22:40    0.0    2.7    0.0    1.0   14.4  12:55    274
 15   18.8   25.4  15:55   13.2  06:00    0.0    0.5    0.0    1.3   17.3  10:00     57
 16   19.1   27.0  16:20   11.0  05:30    0.0    0.8    0.0    0.6    9.4  16:15    277
 17   20.2   27.1  15:10   12.2  06:10    0.0    1.8    0.0    0.7   11.9  11:40     61
 18   19.1   27.3  16:20   14.1  06:10    0.0    0.8    2.6    1.4   15.5  17:25    270
 19   20.6   28.6  15:55   12.6  03:50    0.0    2.2    0.0    0.7    9.7  15:05     51
 20   22.4   30.6  15:35   14.8  04:45    0.0    4.1    0.0    1.0   15.5  15:10     92
 21   22.6   32.0  14:50   17.5  05:30    0.0    4.3    1.6    0.9   14.4  17:20    293
 22   22.8   29.5  15:20   16.9  03:20    0.0    4.4    0.5    0.5    8.6  14:00    299
 23   24.3   31.9  16:10   17.2  05:20    0.0    5.9    0.0    0.8   14.8  11:55    281
 24   24.3   31.1  16:25   17.9  05:05    0.0    6.0    0.0    0.8    8.6  10:25     17
 25   25.3   32.6  16:10   18.4  05:45    0.0    7.0    0.0    0.5    8.3  13:45     82
 26   22.2   27.1  16:15   20.1  03:55    0.0    3.9    0.0    0.1    4.7  19:15     19
 27   21.9   29.2  11:50   19.3  06:05    0.0    3.6    0.0    0.2    5.4  10:30     51
 28   18.5   20.5  14:10   17.3  06:30    0.0    0.2   16.6    0.6    6.8  15:00    306
 29   20.3   26.7  16:05   17.5  02:30    0.0    1.9   12.4    0.7   11.2  18:00    271
 30   23.2   30.8  16:25   16.4  05:35    0.0    4.8    0.0    0.8    9.0  15:00    275
 31   23.9   29.9  14:00   18.3  00:00    0.0    5.6    0.0    0.8   14.8  21:45    277
---------------------------------------------------------------------------------------
      21.5   32.6     25   11.0     16    6.2   73.1   76.7    0.8   21.2     12    300
    
Tropske noči (Tmin >= 20): 2
Vroči dnevi (Tmax >= 30): 7
Topli dnevi (Tmax >= 25): 19
Hladni dnevi (Tmin < 0): 0
Ledeni dnevi (Tmax < 0): 0