Vremenska postaja Sladki Vrh

46.691233 N| 15.767722 E| 326 meters | Prikaži na zemljevidu

Vreme na kratko
18.8°C 84% 1008.0 mbar 0 km/h 0 km/h 0.0 mm
-0.0°C/h 2%/h 0.1 mbar/h N/A ( N/A) N/A ( N/A) 0.0 mm/h

03/07/20 00:15:00 CEST

Vremenska statistika za 08-2019

Vremenska postaja:LaCrosse WS-2355
Programska oprema:weewx v4.0.0
WeeWX aktiven:17 days, 5 hours, 28 minutes
Strežnik aktiven:17 days, 14 hours, 5 minutes
                   MONTHLY CLIMATOLOGICAL SUMMARY for Aug 2019


NAME: Zgornja Velka, Šentilj                  
ELEV: 326 meters    LAT: 46-41.47 N    LONG: 015-46.07 E


                   TEMPERATURE (°C), RAIN (mm), WIND SPEED (km/h)

                                         HEAT   COOL         AVG
      MEAN                               DEG    DEG          WIND                   DOM
DAY   TEMP   HIGH   TIME    LOW   TIME   DAYS   DAYS   RAIN  SPEED   HIGH   TIME    DIR
---------------------------------------------------------------------------------------
 01   21.8   27.9  15:30   15.8  06:15    0.0    3.5    0.0    1.0    9.4  10:15    312
 02   19.6   22.7  11:25   16.6  00:00    0.0    1.2   34.7    0.8   15.1  14:00    276
 03   18.6   25.8  16:30   14.6  23:50    0.0    0.3    1.0    1.0   17.3  18:10    279
 04   18.9   26.2  16:10   12.9  05:00    0.0    0.6    0.0    0.7   10.1  13:30    282
 05   20.4   28.2  16:45   12.7  05:50    0.0    2.0    0.0    0.6    6.8  10:05    291
 06   22.5   29.2  16:30   16.1  05:15    0.0    4.2    0.0    0.7    9.4  10:40    329
 07   23.5   30.5  14:10   17.1  06:10    0.0    5.1    0.0    0.4    9.0  11:25    166
 08   19.8   23.4  22:30   17.5  23:10    0.0    1.4    5.7    0.2    5.0  16:20    299
 09   21.9   29.4  17:15   15.0  06:15    0.0    3.6    0.5    0.9   10.1  09:55     26
 10   24.6   31.5  16:05   17.3  05:50    0.0    6.2    0.0    0.7   12.2  15:55     80
 11   22.8   28.1  16:55   18.8  00:00    0.0    4.4    0.0    0.7    7.6  15:00     84
 12   23.7   31.2  16:50   16.8  04:40    0.0    5.3    0.0    0.7    9.4  15:25     18
 13   20.1   23.1  00:05   16.3  00:00    0.0    1.8   17.1    0.4    5.8  06:20     84
 14   16.7   23.1  13:20   13.4  23:25    1.6    0.0   16.1    0.7    9.4  00:55    273
 15   17.0   23.9  16:00   10.1  06:20    1.3    0.0    0.0    0.9   16.9  17:30     57
 16   17.8   24.9  16:15   13.3  00:00    0.6    0.0    1.0    0.5    7.9  15:20    303
 17   18.6   26.7  16:25   11.0  06:20    0.0    0.3    0.0    0.6   11.2  12:35     72
 18   22.4   29.3  16:05   16.3  04:15    0.0    4.0    0.0    0.9   11.5  16:55    102
 19   22.5   29.5  15:20   15.3  06:35    0.0    4.2    0.0    1.6   12.2  22:35    347
 20   22.9   29.9  16:45   17.0  06:00    0.0    4.6    0.0    1.0    7.2  08:30    287
 21   20.2   23.0  16:15   15.2  23:40    0.0    1.9    0.0    0.9    9.4  12:15     97
 22   18.5   23.1  13:40   14.0  03:15    0.0    0.2    0.0    0.6    9.0  09:25    276
 23   20.0   25.0  16:35   16.7  05:30    0.0    1.7    0.5    1.0    9.4  15:55    280
 24   21.1   28.6  14:40   17.3  00:00    0.0    2.7    8.3    2.0   12.6  17:25    285
 25   20.3   26.1  14:35   16.2  05:30    0.0    1.9    6.7    1.1   12.2  10:20    278
 26   20.5   27.8  15:25   17.4  05:05    0.0    2.1    2.1    0.9   16.9  16:00    283
 27   21.3   28.2  15:20   16.1  03:35    0.0    3.0    0.0    0.6    6.1  12:10    298
 28   22.6   29.1  15:35   17.9  04:55    0.0    4.3    0.0    0.6    9.7  13:35    294
 29   22.8   28.9  15:50   18.6  01:30    0.0    4.4    0.0    0.5    7.6  10:05    285
 30   22.9   29.8  15:30   17.3  06:35    0.0    4.6    0.5    1.3   10.4  12:35    283
 31   22.5   29.9  16:10   16.9  05:25    0.0    4.1    0.0    0.7    9.7  01:20    273
---------------------------------------------------------------------------------------
      20.9   31.5     10   10.1     15    3.5   83.6   94.3    0.8   17.3     03    291
    
Tropske noči (Tmin >= 20): 0
Vroči dnevi (Tmax >= 30): 3
Topli dnevi (Tmax >= 25): 23
Hladni dnevi (Tmin < 0): 0
Ledeni dnevi (Tmax < 0): 0