Vremenska postaja Sladki Vrh

46.691233 N| 15.767722 E| 326 meters | Prikaži na zemljevidu

Vreme na kratko
19.4°C 80% 1007.8 mbar 0 km/h 0 km/h 0.0 mm
0.6°C/h -4%/h -0.2 mbar/h N/A ( N/A) N/A ( N/A) 0.0 mm/h

03/07/20 01:15:00 CEST

Vremenska statistika za 09-2019

Vremenska postaja:LaCrosse WS-2355
Programska oprema:weewx v4.0.0
WeeWX aktiven:17 days, 6 hours, 26 minutes
Strežnik aktiven:17 days, 15 hours, 4 minutes
                   MONTHLY CLIMATOLOGICAL SUMMARY for Sep 2019


NAME: Zgornja Velka, Šentilj                  
ELEV: 326 meters    LAT: 46-41.47 N    LONG: 015-46.07 E


                   TEMPERATURE (°C), RAIN (mm), WIND SPEED (km/h)

                                         HEAT   COOL         AVG
      MEAN                               DEG    DEG          WIND                   DOM
DAY   TEMP   HIGH   TIME    LOW   TIME   DAYS   DAYS   RAIN  SPEED   HIGH   TIME    DIR
---------------------------------------------------------------------------------------
 01   22.4   30.4  15:20   16.7  06:00    0.0    4.1    0.0    0.5    6.1  09:15    285
 02   19.5   25.0  13:45   15.2  23:55    0.0    1.2   14.5    1.5   12.2  15:30    277
 03   16.4   22.8  16:15   10.3  00:00    1.9    0.0    2.1    1.2   16.6  14:55    269
 04   15.3   23.9  16:40    9.2  06:35    3.0    0.0    0.0    0.7    6.8  11:10    292
 05   16.7   25.3  16:00   10.1  02:20    1.6    0.0    0.0    0.5   10.1  14:00     50
 06   15.0   16.9  09:25   13.4  00:00    3.3    0.0    9.3    1.2   13.0  14:30    273
 07   14.5   16.6  16:25   13.0  00:00    3.8    0.0   15.0    0.9    7.6  20:15    279
 08   14.1   17.6  16:30   12.1  06:45    4.3    0.0   26.9    0.7    7.2  13:25    283
 09   13.8   18.8  16:30    9.4  00:00    4.6    0.0    3.6    1.5   16.2  16:00    276
 10   12.6   21.1  16:35    8.7  01:25    5.8    0.0    0.5    0.7   13.7  12:20    263
 11   15.1   22.1  16:40    9.3  06:30    3.3    0.0    0.0    0.5    6.1  15:00    282
 12   16.7   24.5  15:45   11.4  06:50    1.7    0.0    0.0    0.5    7.2  14:05    274
 13   17.1   25.8  15:50   11.2  05:25    1.2    0.0    0.0    0.5    8.3  08:15    284
 14   17.2   23.5  16:15   13.6  22:40    1.1    0.0    0.0    0.7    7.6  13:45    308
 15   17.4   24.9  16:20   11.2  07:00    0.9    0.0    0.0    0.8   14.4  12:40     65
 16   18.9   27.1  16:00   13.0  02:30    0.0    0.5    0.0    0.6    7.2  09:50    280
 17   19.8   24.9  16:30   15.9  04:10    0.0    1.4    0.0    0.3   11.5  12:40     94
 18   13.2   16.0  00:05    9.6  21:45    5.1    0.0    0.0    0.9   16.2  08:30     79
 19   12.0   17.9  14:15    6.6  00:00    6.4    0.0    0.0    0.9    8.6  15:05     61
 20    9.5   17.3  16:20    4.2  04:15    8.8    0.0    0.0    0.9    9.7  08:30    286
 21   10.4   18.4  14:35    4.4  05:25    8.0    0.0    0.0    0.9    9.0  12:55     61
 22   11.1   19.1  16:35    3.9  06:15    7.2    0.0    0.0    0.6    7.2  10:55     27
 23   14.0   20.7  15:50    8.4  06:15    4.4    0.0    4.7    0.6    7.2  12:30    277
 24   16.2   22.1  14:10   12.8  00:00    2.2    0.0    0.0    0.5    7.6  14:00    280
 25   14.5   19.6  11:50   10.6  03:55    3.8    0.0    2.1    0.5    7.9  22:10    288
 26   14.6   21.9  14:30    9.9  07:25    3.7    0.0    5.7    0.6    7.6  00:05    290
 27   15.7   22.0  14:25   11.1  06:50    2.7    0.0    0.0    0.7    9.7  14:05     98
 28   14.9   18.5  10:45   12.5  02:35    3.4    0.0    0.0    0.5   10.8  14:35     47
 29   16.1   20.9  15:45   13.2  06:15    2.3    0.0    0.0    1.0    9.7  12:10     92
 30   17.0   25.6  14:05   10.9  04:35    1.4    0.0    0.0    0.5    8.3  13:05     72
---------------------------------------------------------------------------------------
      15.4   30.4     01    3.9     22   95.8    7.2   84.4    0.7   16.6     03    290
    
Tropske noči (Tmin >= 20): 0
Vroči dnevi (Tmax >= 30): 1
Topli dnevi (Tmax >= 25): 5
Hladni dnevi (Tmin < 0): 0
Ledeni dnevi (Tmax < 0): 0