Vremenska postaja Sladki Vrh

46.691233 N| 15.767722 E| 326 meters | Prikaži na zemljevidu

Vreme na kratko
18.8°C 82% 1007.9 mbar 0 km/h 0 km/h 0.5 mm
-1.0°C/h 2%/h -0.0 mbar/h N/A ( N/A) N/A ( N/A) 0.0 mm/h

02/07/20 23:15:00 CEST

Vremenska statistika za 10-2019

Vremenska postaja:LaCrosse WS-2355
Programska oprema:weewx v4.0.0
WeeWX aktiven:17 days, 4 hours, 26 minutes
Strežnik aktiven:17 days, 13 hours, 3 minutes
                   MONTHLY CLIMATOLOGICAL SUMMARY for Oct 2019


NAME: Zgornja Velka, Šentilj                  
ELEV: 326 meters    LAT: 46-41.47 N    LONG: 015-46.07 E


                   TEMPERATURE (°C), RAIN (mm), WIND SPEED (km/h)

                                         HEAT   COOL         AVG
      MEAN                               DEG    DEG          WIND                   DOM
DAY   TEMP   HIGH   TIME    LOW   TIME   DAYS   DAYS   RAIN  SPEED   HIGH   TIME    DIR
---------------------------------------------------------------------------------------
 01   16.8   22.3  14:20   12.2  02:20    1.5    0.0    0.0    1.0   14.8  14:05    115
 02   14.0   23.4  13:40   10.8  23:20    4.4    0.0   19.7    1.2   16.9  14:35    298
 03   10.0   14.3  15:30    4.1  00:00    8.3    0.0    3.1    0.6   14.4  15:20    278
 04    8.1   15.1  13:50    2.9  07:30   10.2    0.0    0.0    0.9   13.3  12:55     89
 05   10.6   17.1  13:50    6.8  00:25    7.7    0.0    0.0    0.6    9.7  10:40    295
 06    8.8   14.8  13:45    3.1  07:45    9.5    0.0    0.0    0.7    9.7  02:40     41
 07    7.3    9.2  15:30    4.1  23:25   11.0    0.0    0.0    0.4    6.1  12:50    324
 08    8.3   14.5  13:25    3.6  05:25   10.1    0.0    0.0    1.1   13.0  13:35    110
 09   11.5   21.4  13:30    4.0  06:20    6.8    0.0    0.0    0.6   14.4  22:10    130
 10   10.9   12.4  11:40    6.9  23:25    7.5    0.0    3.1    0.5    8.6  16:50     97
 11   10.8   16.2  14:00    7.6  23:30    7.6    0.0    0.0    0.7   20.2  15:40     93
 12   10.2   17.7  14:05    5.3  06:55    8.2    0.0    0.0    0.7    7.9  12:30    260
 13   12.0   19.9  13:25    6.9  08:00    6.4    0.0    0.5    0.3    7.2  12:15    316
 14   12.4   18.5  13:35    7.5  06:30    5.9    0.0    0.0    0.5    9.0  14:10    275
 15   12.9   19.8  13:45    7.3  07:35    5.4    0.0    0.0    1.2   17.6  22:50    137
 16   13.3   17.2  12:40    8.8  00:00    5.0    0.0    0.0    1.3   10.4  06:35     96
 17   10.8   16.8  14:40    6.6  04:40    7.5    0.0    0.0    0.2    8.6  16:30     73
 18   11.0   17.6  13:40    6.5  04:10    7.3    0.0    0.5    0.6    5.4  10:10    280
 19   12.0   18.9  15:40    7.5  06:30    6.3    0.0    0.0    0.9    7.2  12:30    240
 20   16.7   23.1  13:00   12.8  01:00    1.7    0.0    0.0    2.1   15.5  10:50    130
 21   18.0   25.8  13:15   12.7  00:00    0.4    0.0    0.0    1.7    9.7  21:30    115
 22   13.3   20.2  13:25    8.9  06:45    5.0    0.0    0.0    0.3    5.4  10:10    290
 23   13.6   20.3  16:05    8.8  08:15    4.7    0.0    0.0    0.3    7.2  13:25    281
 24   10.6   12.6  21:00    9.2  00:00    7.7    0.0    0.0    0.2    2.9  21:10     74
 25   11.1   18.8  15:20    6.4  05:10    7.2    0.0    0.0    0.0    0.0  00:05    N/A
 26   11.5   19.0  14:00    5.8  07:20    6.9    0.0    0.0    0.1    6.1  15:45     62
 27   11.4   19.8  12:30    6.2  05:05    7.0    0.0    0.0    0.4    8.3  08:55    280
 28   10.1   15.9  12:55    7.0  06:25    8.2    0.0    0.5    0.4   12.2  16:25     59
 29    6.7    7.9  00:05    5.9  18:10   11.6    0.0    6.2    0.2    5.4  04:15    279
 30    5.6    6.9  10:15    3.9  23:35   12.7    0.0    1.6    0.4    6.1  09:55    294
 31    4.5    5.9  14:10    3.7  07:00   13.9    0.0    3.1    0.1    3.2  12:25     68
---------------------------------------------------------------------------------------
      11.1   25.8     21    2.9     04  223.7    0.0   38.3    0.7   20.2     11    122
    
Tropske noči (Tmin >= 20): 0
Vroči dnevi (Tmax >= 30): 0
Topli dnevi (Tmax >= 25): 1
Hladni dnevi (Tmin < 0): 0
Ledeni dnevi (Tmax < 0): 0