Vremenska postaja Sladki Vrh

46.691233 N| 15.767722 E| 326 meters | Prikaži na zemljevidu

Vreme na kratko
18.9°C 83% 1008.0 mbar 0 km/h 0 km/h 0.0 mm
0.3°C/h 0%/h -0.0 mbar/h N/A ( N/A) N/A ( N/A) 0.0 mm/h

03/07/20 00:30:00 CEST

Vremenska statistika za 11-2019

Vremenska postaja:LaCrosse WS-2355
Programska oprema:weewx v4.0.0
WeeWX aktiven:17 days, 5 hours, 41 minutes
Strežnik aktiven:17 days, 14 hours, 18 minutes
                   MONTHLY CLIMATOLOGICAL SUMMARY for Nov 2019


NAME: Zgornja Velka, Šentilj                  
ELEV: 326 meters    LAT: 46-41.47 N    LONG: 015-46.07 E


                   TEMPERATURE (°C), RAIN (mm), WIND SPEED (km/h)

                                         HEAT   COOL         AVG
      MEAN                               DEG    DEG          WIND                   DOM
DAY   TEMP   HIGH   TIME    LOW   TIME   DAYS   DAYS   RAIN  SPEED   HIGH   TIME    DIR
---------------------------------------------------------------------------------------
 01    5.2    8.3  12:55    0.7  07:25   13.2    0.0    0.0    0.6   14.4  16:45    116
 02    6.5   10.9  15:25    2.8  05:55   11.8    0.0    0.5    0.4    5.0  00:35    273
 03   14.1   18.1  13:15    7.3  00:05    4.2    0.0    1.0    2.4   19.4  11:55    145
 04   11.0   13.3  00:05    6.9  00:00    7.3    0.0    5.7    2.0   14.8  06:25    140
 05    8.7   14.6  10:30    6.2  01:20    9.7    0.0    8.8    1.6   13.7  16:15    280
 06    8.8   11.1  13:30    6.1  07:05    9.5    0.0    7.2    0.2    5.4  14:20     40
 07    7.8   11.1  13:00    3.6  23:30   10.5    0.0    0.5    0.4    5.8  13:50    110
 08    6.2    7.6  15:15    4.4  00:05   12.1    0.0    0.5    0.4    6.1  01:25    296
 09    7.7   10.9  12:05    5.5  19:00   10.6    0.0    0.5    0.7    9.7  15:20    306
 10    5.8    8.5  14:15    1.3  00:00   12.6    0.0    0.0    0.4    7.9  09:15    276
 11    3.7    6.7  15:25    0.4  01:40   14.6    0.0    0.0    0.3    6.1  15:15    309
 12    5.8    6.8  14:00    4.9  03:10   12.5    0.0   18.7    1.0    8.6  21:20    279
 13    5.0    6.4  15:30    2.1  23:55   13.4    0.0   23.3    1.0    9.7  16:40    283
 14    3.7    5.8  13:20    0.8  02:40   14.6    0.0    0.0    0.4    5.8  11:05    282
 15    7.0    9.4  15:45    5.1  02:50   11.3    0.0    0.0    0.3    8.6  09:20     89
 16    9.0   11.7  13:35    7.9  03:00    9.3    0.0   10.9    1.7    6.5  14:30    153
 17    9.3   10.5  14:50    8.5  03:55    9.0    0.0    3.1    0.8    6.8  22:45     67
 18    8.3   12.4  12:45    4.1  23:10   10.1    0.0    3.1    1.6   12.2  13:15    114
 19    5.6    9.8  15:00    2.6  06:45   12.8    0.0    0.0    0.4    7.2  09:35    295
 20    5.8    7.5  22:00    2.8  02:40   12.6    0.0   20.7    0.8    9.7  14:15    281
 21    7.4   10.1  15:35    4.7  08:15   11.0    0.0    1.6    0.9    7.2  11:45    146
 22    5.7    7.3  14:30    4.3  08:35   12.6    0.0    0.5    0.6    6.8  11:35    282
 23    5.3    6.8  04:20    1.9  23:55   13.0    0.0    0.0    1.2    9.7  11:50     98
 24    3.9    4.7  12:05    1.8  00:35   14.5    0.0    0.0    0.2    4.0  06:50    310
 25    4.3    5.6  11:50    2.9  18:45   14.0    0.0    0.5    0.4    5.0  10:40     80
 26    4.5    6.0  13:30    3.1  00:15   13.9    0.0    0.5    0.1    4.7  01:50     93
 27    6.6    9.9  14:20    3.9  07:15   11.7    0.0    0.0    1.4    6.1  11:50    121
 28    7.3    9.6  13:45    5.9  02:55   11.0    0.0    4.7    0.7    6.1  02:05    283
 29    5.9    8.6  14:55    2.9  06:05   12.4    0.0    0.0    0.7   92.2  08:20    298
 30    2.4    7.3  12:55   -2.0  00:00   16.0    0.0    0.5    0.8   16.2  11:10    302
---------------------------------------------------------------------------------------
       6.6   18.1     03   -2.0     01  351.8    0.0  112.9    0.8   92.2     29    170
    
Tropske noči (Tmin >= 20): 0
Vroči dnevi (Tmax >= 30): 0
Topli dnevi (Tmax >= 25): 0
Hladni dnevi (Tmin < 0): 0
Ledeni dnevi (Tmax < 0): 1