Vremenska postaja Sladki Vrh

46.691233 N| 15.767722 E| 326 meters | Prikaži na zemljevidu

Vreme na kratko
18.4°C 83% 1008.0 mbar 0 km/h 0 km/h 0.5 mm
-0.7°C/h 2%/h 0.2 mbar/h N/A ( N/A) N/A ( N/A) 0.0 mm/h

02/07/20 23:45:00 CEST

Vremenska statistika za 12-2019

Vremenska postaja:LaCrosse WS-2355
Programska oprema:weewx v4.0.0
WeeWX aktiven:17 days, 4 hours, 56 minutes
Strežnik aktiven:17 days, 13 hours, 33 minutes
                   MONTHLY CLIMATOLOGICAL SUMMARY for Dec 2019


NAME: Zgornja Velka, Šentilj                  
ELEV: 326 meters    LAT: 46-41.47 N    LONG: 015-46.07 E


                   TEMPERATURE (°C), RAIN (mm), WIND SPEED (km/h)

                                         HEAT   COOL         AVG
      MEAN                               DEG    DEG          WIND                   DOM
DAY   TEMP   HIGH   TIME    LOW   TIME   DAYS   DAYS   RAIN  SPEED   HIGH   TIME    DIR
---------------------------------------------------------------------------------------
 01    0.7    4.0  12:55   -3.1  04:20   17.6    0.0    0.0    1.3   11.9  13:35    139
 02    1.3    2.1  14:30   -0.8  22:35   17.0    0.0   10.9    0.5   10.8  08:15    288
 03   -0.7    4.4  13:40   -3.9  23:50   19.0    0.0    0.0    1.0    8.6  12:05    321
 04   -2.6    1.0  14:25   -5.1  07:50   20.9    0.0    0.0    0.9    8.6  20:55    176
 05   -1.8   -0.9  13:40   -2.7  00:05   20.1    0.0    0.0    1.0    7.2  08:55    162
 06   -1.5   -0.0  14:20   -2.4  23:15   19.9    0.0    0.0    0.4    5.0  17:30    101
 07   -1.4    2.1  15:10   -2.7  08:10   19.7    0.0    0.0    0.4    5.0  10:15    302
 08   -2.6    0.1  13:35   -4.2  07:30   21.0    0.0    0.0    0.4    6.1  11:40    279
 09   -0.3    2.4  19:40   -3.8  02:05   18.6    0.0    8.8    0.5    7.6  04:00    284
 10    1.0    6.4  14:00   -3.3  00:00   17.4    0.0    0.0    1.0   14.8  13:35    283
 11   -3.4    0.9  12:55   -5.7  23:05   21.8    0.0    0.0    0.5    8.3  00:30    277
 12   -2.7   -1.2  14:20   -5.8  02:05   21.0    0.0    0.0    0.9    9.4  10:05    281
 13   -0.7    2.8  12:55   -2.7  00:05   19.0    0.0    0.5    1.1    8.3  13:25    164
 14   -0.2    2.4  14:05   -2.5  23:45   18.5    0.0    3.6    0.9    8.6  17:50     59
 15   -0.4    4.5  14:50   -3.8  06:35   18.7    0.0    4.2    0.7   13.7  13:25     88
 16    3.9    8.4  14:05   -0.6  07:55   14.4    0.0    0.5    0.5    7.6  09:40     99
 17    8.9   15.6  13:55    3.8  06:40    9.5    0.0    0.0    0.9    7.6  14:05     87
 18   11.0   15.9  13:05    7.3  23:45    7.3    0.0    0.0    2.3    9.7  13:15    130
 19   10.0   14.1  12:25    7.0  00:00    8.3    0.0    0.0    2.3    9.4  14:35    130
 20    8.6   12.3  18:10    4.6  03:00    9.8    0.0    0.0    3.4   13.7  18:20    135
 21    9.3   10.9  04:15    3.7  00:00    9.1    0.0   19.2    2.0   15.8  13:35    126
 22    2.8    4.3  23:50    0.6  05:40   15.5    0.0   32.6    2.0   16.9  18:15    282
 23    5.0    9.3  13:55    2.1  08:00   13.3    0.0    0.5    1.1   14.8  18:10    281
 24    3.1    8.4  13:00   -0.1  08:00   15.2    0.0    0.0    0.2    4.0  11:45     18
 25    2.3    7.9  14:50   -1.9  04:15   16.1    0.0    0.5    0.3    8.6  10:30    280
 26    1.8    6.7  13:05   -1.2  22:25   16.6    0.0    0.0    0.1    4.7  11:15    297
 27    0.0    2.3  13:50   -1.8  23:55   18.3    0.0    0.0    0.1    4.7  22:05    279
 28   -0.8    3.1  13:00   -4.4  23:55   19.1    0.0    0.0    1.2   23.4  13:50    318
 29   -4.2    0.4  14:30   -7.2  07:50   22.5    0.0    0.0    0.2    5.8  16:50    312
 30   -4.4   -0.2  14:45   -8.5  04:30   22.8    0.0    0.0    0.3    7.6  12:30    289
 31   -0.8    5.3  15:05   -4.6  03:10   19.1    0.0    0.0    0.4    4.3  11:10     54
---------------------------------------------------------------------------------------
       1.2   15.9     18   -8.5     30  527.0    0.0   81.3    0.9   23.4     28    169
    
Tropske noči (Tmin >= 20): 0
Vroči dnevi (Tmax >= 30): 0
Topli dnevi (Tmax >= 25): 0
Hladni dnevi (Tmin < 0): 4
Ledeni dnevi (Tmax < 0): 24