Vremenska postaja Sladki Vrh

46.691233 N| 15.767722 E| 326 meters | Prikaži na zemljevidu

Vreme na kratko
19.4°C 80% 1007.8 mbar 0 km/h 0 km/h 0.0 mm
0.6°C/h -4%/h -0.2 mbar/h N/A ( N/A) N/A ( N/A) 0.0 mm/h

03/07/20 01:15:00 CEST

Vremenska statistika za 2019

Vremenska postaja:LaCrosse WS-2355
Programska oprema:weewx v4.0.0
WeeWX aktiven:17 days, 6 hours, 26 minutes
Strežnik aktiven:17 days, 15 hours, 4 minutes
                     CLIMATOLOGICAL SUMMARY for year 2019


NAME: Zgornja Velka, Šentilj                  
ELEV: 326 meters    LAT: 46-41.47 N    LONG: 015-46.07 E


                                       TEMPERATURE (°C)

                              HEAT    COOL                             Tropske Vroci  Topli  Hladni  Ledeni
          MEAN   MEAN         DEG     DEG                                >=     >=     >=      <       < 
 YR  MO   MAX    MIN    MEAN  DAYS    DAYS      HI  DAY     LOW  DAY     20     30     25      0       0
---------------------------------------------------------------------------------------------------------
2019 01    2.8   -4.1   -1.0  596.9    0.0    12.0   17   -10.7   26      0      0      0     30      7
2019 02    9.8   -1.6    3.5  417.4    0.0    22.3   28    -7.0   07      0      0      0     21      0
2019 03   15.0    1.6    7.7  330.5    0.0    22.1   24    -3.3   12      0      0      0     11      0
2019 04   17.0    5.6   10.9  223.2    1.8    25.3   26     1.8   16      0      0      2      0      0
2019 05   17.5    7.8   12.5  180.9    0.1    26.2   26     1.4   08      0      0      2      0      0
2019 06   27.6   15.7   21.7    2.2   94.3    31.8   14    11.6   01      1      7     24      0      0
2019 07   27.4   16.1   21.5    6.2   73.1    32.6   25    11.0   16      2      7     19      0      0
2019 08   27.2   15.7   20.9    3.5   83.6    31.5   10    10.1   15      0      3     23      0      0
2019 09   21.7   10.7   15.4   95.8    7.2    30.4   01     3.9   22      0      1      5      0      0
2019 10   16.9    6.9   11.1  223.7    0.0    25.8   21     2.9   04      0      0      1      0      0
2019 11    9.2    3.8    6.6  351.8    0.0    18.1   03    -2.0   01      0      0      0      1      0
2019 12    5.0   -1.7    1.2  527.0    0.0    15.9   18    -8.5   30      0      0      0     24      5
------------------------------------------------------------------------------------------------
          16.2    6.2   10.6 2959.0  260.2    32.6  Jul   -10.7  Jan      3     18     76     87     12


                  PRECIPITATION (mm)

                  MAX         ---DAYS OF RAIN---
                  OBS.               OVER
 YR  MO  TOTAL    DAY  DATE   0.20   2.00  20.00
------------------------------------------------
2019 01   52.8   25.4    31      4      3      2
2019 02    0.0    0.0    01      0      0      0
2019 03   38.1   16.1    18      5      3      0
2019 04   75.6   36.8    11     10      7      1
2019 05  163.7   33.7    28     15     12      2
2019 06 1509.7 1223.8    20      7      5      4
2019 07   76.7   30.0    03      8      5      1
2019 08   94.3   34.7    02     12      7      1
2019 09   84.4   26.9    08     10      9      1
2019 10   38.3   19.7    02      9      5      0
2019 11  112.9   23.3    13     20     10      2
2019 12   81.3   32.6    22     10      6      1
------------------------------------------------
        2328.0 1223.8   Jun    110     72     15


           WIND SPEED (km/h)

                                DOM
 YR  MO    AVG     HI   DATE    DIR
-----------------------------------
2019 01    1.1   29.9     02    292 
2019 02    1.4   27.0     11    302 
2019 03    1.7   28.1     25    139 
2019 04    1.3   27.7     30    346 
2019 05    1.5   33.8     08    282 
2019 06    1.1   25.2     19     36 
2019 07    0.8   21.2     12    300 
2019 08    0.8   17.3     03    291 
2019 09    0.7   16.6     03    290 
2019 10    0.7   20.2     11    122 
2019 11    0.8   92.2     29    170 
2019 12    0.9   23.4     28    169 
-----------------------------------
           1.1   92.2    Nov    281