Vremenska postaja Sladki Vrh

46.691233 N| 15.767722 E| 326 meters | Prikaži na zemljevidu

Vreme na kratko
18.6°C 83% 1008.0 mbar 0 km/h 0 km/h 0.5 mm
-0.9°C/h 3%/h 0.1 mbar/h N/A ( N/A) N/A ( N/A) 0.0 mm/h

02/07/20 23:30:00 CEST

Vremenska statistika za 01-2020

Vremenska postaja:LaCrosse WS-2355
Programska oprema:weewx v4.0.0
WeeWX aktiven:17 days, 4 hours, 41 minutes
Strežnik aktiven:17 days, 13 hours, 18 minutes
                   MONTHLY CLIMATOLOGICAL SUMMARY for Jan 2020


NAME: Zgornja Velka, Šentilj                  
ELEV: 326 meters    LAT: 46-41.47 N    LONG: 015-46.07 E


                   TEMPERATURE (°C), RAIN (mm), WIND SPEED (km/h)

                                         HEAT   COOL         AVG
      MEAN                               DEG    DEG          WIND                   DOM
DAY   TEMP   HIGH   TIME    LOW   TIME   DAYS   DAYS   RAIN  SPEED   HIGH   TIME    DIR
---------------------------------------------------------------------------------------
 01   -2.1    2.0  14:20   -4.7  08:10   20.4    0.0    0.0    0.3    4.0  12:15    295
 02   -2.4    3.4  13:30   -5.6  07:35   20.7    0.0    0.0    0.0    5.4  12:50     38
 03   -2.8    1.2  14:30   -5.5  06:50   21.1    0.0    0.5    0.3    4.0  10:30     71
 04   -0.4    4.7  12:50   -4.2  02:35   18.8    0.0    0.0    0.8   23.4  23:30    295
 05    1.4    4.7  13:25   -3.6  23:25   17.0    0.0    0.0    2.2   15.5  17:05    302
 06   -3.7    1.2  13:10   -7.0  07:50   22.1    0.0    0.0    0.4    7.2  11:25    205
 07   -5.5   -0.9  16:50   -7.6  06:25   23.8    0.0    0.0    0.1    3.6  09:30    316
 08
 09
 10   -1.3    1.0  16:15   -2.4  19:20   19.6    0.0    0.0    0.0    1.8  23:45    304
 11    0.5    7.2  13:20   -3.2  23:50   17.9    0.0    0.0    0.5    7.9  10:20     52
 12   -2.1    3.1  14:45   -5.1  08:05   20.4    0.0    0.0    0.2    5.4  09:55    281
 13   -2.4    2.1  13:15   -5.6  06:20   20.7    0.0    0.0    0.5    6.1  16:45     87
 14   -2.8   -2.0  13:10   -3.5  09:35   21.1    0.0    0.0    0.3    5.8  15:30    108
 15   -3.2   -2.8  00:10   -3.6  23:30   21.6    0.0    0.0    0.8    6.1  22:20    108
 16   -1.8    1.8  14:55   -4.7  06:50   20.1    0.0    0.5    0.4    6.8  00:25    107
 17   -1.3   -0.4  01:25   -2.2  04:35   19.6    0.0    0.0    0.8    6.1  11:35    328
 18   -1.4   -0.9  15:15   -1.8  08:10   19.7    0.0    0.0    0.1    4.3  06:20     72
 19   -0.4    3.1  14:25   -3.1  00:00   18.7    0.0    0.5    0.4    5.8  17:55    316
 20   -0.1    3.6  14:30   -3.7  02:00   18.5    0.0    0.0    0.6   13.3  14:25    298
 21   -2.9    1.9  15:25   -5.9  08:05   21.2    0.0    0.0    0.4    6.5  13:45    286
 22   -4.4   -3.4  14:45   -5.3  00:05   22.7    0.0    0.0    0.3    4.7  11:30    294
 23   -3.9    0.5  13:45   -6.2  04:50   22.2    0.0    0.5    0.1    5.8  15:15    155
 24   -4.3   -2.9  14:40   -6.6  02:00   22.7    0.0    0.0    0.0    0.0  00:05    N/A
 25   -3.4   -1.9  15:45   -4.8  05:05   21.7    0.0    0.0    0.0    0.0  00:05    N/A
 26   -2.7   -1.5  15:40   -3.7  03:50   21.0    0.0    0.0    0.0    0.0  00:05    N/A
 27   -2.0   -0.3  14:45   -4.9  07:50   20.3    0.0    0.0    0.2    4.7  20:05     88
 28    2.3    9.6  14:00   -1.2  08:55   16.1    0.0    3.6    1.8   20.9  17:50    109
 29    0.5    5.2  14:25   -1.6  20:00   17.8    0.0    0.0    1.0    7.6  02:15    222
 30    1.6    8.1  13:15   -3.6  07:25   16.7    0.0    0.0    1.4   11.2  12:45    109
 31    4.6   10.3  13:30    0.8  00:40   13.7    0.0    0.0    1.0    7.6  10:35     95
---------------------------------------------------------------------------------------
      -1.5   10.3     31   -7.6     07  578.0    0.0    5.7    0.5   23.4     04     79
    
Tropske noči (Tmin >= 20): 0
Vroči dnevi (Tmax >= 30): 0
Topli dnevi (Tmax >= 25): 0
Hladni dnevi (Tmin < 0): 10
Ledeni dnevi (Tmax < 0): 28