Vremenska postaja Sladki Vrh

46.691233 N| 15.767722 E| 326 meters | Prikaži na zemljevidu

Vreme na kratko
19.1°C 83% 1007.8 mbar 0 km/h 0 km/h 0.0 mm
0.7°C/h 0%/h -0.2 mbar/h N/A ( N/A) N/A ( N/A) 0.0 mm/h

03/07/20 00:45:00 CEST

Vremenska statistika za 02-2020

Vremenska postaja:LaCrosse WS-2355
Programska oprema:weewx v4.0.0
WeeWX aktiven:17 days, 5 hours, 56 minutes
Strežnik aktiven:17 days, 14 hours, 33 minutes
                   MONTHLY CLIMATOLOGICAL SUMMARY for Feb 2020


NAME: Zgornja Velka, Šentilj                  
ELEV: 326 meters    LAT: 46-41.47 N    LONG: 015-46.07 E


                   TEMPERATURE (°C), RAIN (mm), WIND SPEED (km/h)

                                         HEAT   COOL         AVG
      MEAN                               DEG    DEG          WIND                   DOM
DAY   TEMP   HIGH   TIME    LOW   TIME   DAYS   DAYS   RAIN  SPEED   HIGH   TIME    DIR
---------------------------------------------------------------------------------------
 01    5.8   14.9  13:10   -1.1  08:05   12.6    0.0    0.0    0.9   10.1  14:50     89
 02    6.4   13.6  12:50    0.8  08:15   11.9    0.0    0.0    1.4    9.0  08:30    116
 03    6.8   13.6  13:55    2.3  05:35   11.6    0.0    0.0    0.6    6.8  10:10     25
 04    5.7    8.7  01:50   -1.2  23:40   12.6    0.0    1.6    6.0   40.0  09:45    276
 05    1.9    5.7  12:10   -0.2  02:05   16.5    0.0    0.0    7.7   31.3  14:15    282
 06    0.6    6.8  15:20   -3.7  05:55   17.7    0.0    0.0    1.5   14.8  00:05    282
 07   -0.9    4.9  15:00   -4.9  06:00   19.3    0.0    0.0    0.5    9.7  11:30    278
 08   -0.4    6.4  13:40   -5.2  06:15   18.8    0.0    0.0    0.5    7.6  11:55     89
 09    1.6    8.1  14:45   -4.4  07:10   16.7    0.0    0.0    1.4   94.0  00:00    131
 10    8.5   15.4  13:00    3.8  06:45    9.8    0.0    1.0    3.1   94.0  22:50    117
 11    2.7    5.5  01:00    2.3  03:10   15.6    0.0    0.0    0.1    2.9  00:05    106
 12
 13
 14
 15
 16
 17
 18
 19
 20
 21
 22
 23
 24
 25
 26
 27
 28
 29
---------------------------------------------------------------------------------------
       3.5   15.4     10   -5.2     08  163.0    0.0    2.6    2.2   94.0     10    275
    
Tropske noči (Tmin >= 20): 0
Vroči dnevi (Tmax >= 30): 0
Topli dnevi (Tmax >= 25): 0
Hladni dnevi (Tmin < 0): 0
Ledeni dnevi (Tmax < 0): 7