Vremenska postaja Sladki Vrh

46.691233 N| 15.767722 E| 326 meters | Prikaži na zemljevidu

Vreme na kratko
18.4°C 83% 1008.0 mbar 0 km/h 0 km/h 0.5 mm
-0.7°C/h 2%/h 0.2 mbar/h N/A ( N/A) N/A ( N/A) 0.0 mm/h

02/07/20 23:45:00 CEST

Vremenska statistika za 03-2020

Vremenska postaja:LaCrosse WS-2355
Programska oprema:weewx v4.0.0
WeeWX aktiven:17 days, 4 hours, 56 minutes
Strežnik aktiven:17 days, 13 hours, 33 minutes
                   MONTHLY CLIMATOLOGICAL SUMMARY for Mar 2020


NAME: Zgornja Velka, Šentilj                  
ELEV: 326 meters    LAT: 46-41.47 N    LONG: 015-46.07 E


                   TEMPERATURE (°C), RAIN (mm), WIND SPEED (km/h)

                                         HEAT   COOL         AVG
      MEAN                               DEG    DEG          WIND                   DOM
DAY   TEMP   HIGH   TIME    LOW   TIME   DAYS   DAYS   RAIN  SPEED   HIGH   TIME    DIR
---------------------------------------------------------------------------------------
 01
 02
 03
 04
 05
 06
 07
 08
 09
 10
 11
 12
 13
 14
 15   -0.8    2.5  18:50   -2.7  23:55   19.1    0.0    0.0    0.2    2.5  22:25     81
 16    3.8   13.8  15:05   -4.4  05:50   14.5    0.0    0.0    1.3   15.5  12:25    130
 17    9.4   19.3  12:55    0.3  05:20    9.0    0.0    0.0    0.9    9.0  16:00    325
 18   11.4   18.2  15:30    5.3  05:45    7.0    0.0    0.0    0.2    6.1  13:20    299
 19   11.1   20.5  14:50    3.8  06:35    7.2    0.0    0.0    0.8   12.2  13:25    110
 20   12.2   21.9  15:25    5.1  04:45    6.2    0.0    0.0    1.1   13.3  13:30    100
 21    7.6   14.3  10:35    3.0  00:00   10.8    0.0    0.5    2.2   28.1  19:05     32
 22    2.7    7.0  13:40   -1.7  00:00   15.7    0.0    0.0    3.8   24.8  16:55     25
 23    0.4    4.9  15:40   -4.5  06:35   18.0    0.0    0.0    4.8   24.5  13:05    298
 24    1.6    5.1  13:25   -1.1  05:35   16.8    0.0    0.0    4.3   23.4  11:00    339
 25   -0.0    0.8  11:30   -0.4  19:25   18.3    0.0    2.6    0.7    7.6  14:45     45
 26    1.0    2.6  14:15   -0.7  04:00   17.3    0.0    4.7    2.2   10.4  23:45    290
 27    7.6   14.4  14:35    1.9  00:05   10.8    0.0    0.0    2.8   14.0  11:10    303
 28    9.4   18.0  14:20    2.4  06:15    9.0    0.0    0.0    1.5   12.2  15:45    289
 29    9.8   17.2  13:15    5.1  07:25    8.5    0.0    1.0    1.3   16.9  14:30     18
 30    4.6    7.9  00:05    0.7  00:00   13.8    0.0    0.0    1.8   16.9  06:35     52
 31    1.8    7.9  16:10   -3.7  05:55   16.6    0.0    0.0    1.8   16.6  13:25     26
---------------------------------------------------------------------------------------
       6.0   21.9     20   -4.5     23  218.4    0.0    8.8    2.0   28.1     21    347
    
Tropske noči (Tmin >= 20): 0
Vroči dnevi (Tmax >= 30): 0
Topli dnevi (Tmax >= 25): 0
Hladni dnevi (Tmin < 0): 0
Ledeni dnevi (Tmax < 0): 8