Vremenska postaja Sladki Vrh

46.691233 N| 15.767722 E| 326 meters | Prikaži na zemljevidu

Vreme na kratko
19.1°C 83% 1007.8 mbar 0 km/h 0 km/h 0.0 mm
0.7°C/h 0%/h -0.2 mbar/h N/A ( N/A) N/A ( N/A) 0.0 mm/h

03/07/20 00:45:00 CEST

Vremenska statistika za 04-2020

Vremenska postaja:LaCrosse WS-2355
Programska oprema:weewx v4.0.0
WeeWX aktiven:17 days, 5 hours, 56 minutes
Strežnik aktiven:17 days, 14 hours, 33 minutes
                   MONTHLY CLIMATOLOGICAL SUMMARY for Apr 2020


NAME: Zgornja Velka, Šentilj                  
ELEV: 326 meters    LAT: 46-41.47 N    LONG: 015-46.07 E


                   TEMPERATURE (°C), RAIN (mm), WIND SPEED (km/h)

                                         HEAT   COOL         AVG
      MEAN                               DEG    DEG          WIND                   DOM
DAY   TEMP   HIGH   TIME    LOW   TIME   DAYS   DAYS   RAIN  SPEED   HIGH   TIME    DIR
---------------------------------------------------------------------------------------
 01    4.3    9.3  16:05   -2.7  00:00   14.1    0.0    0.0    1.2   11.2  14:40    353
 02    3.2   12.6  15:30   -4.9  05:55   15.2    0.0    0.0    1.3   16.2  11:20     99
 03    8.0   18.4  16:05   -1.1  04:15   10.4    0.0    0.0    1.5   10.8  14:15    304
 04    8.8   15.3  16:50    2.6  05:20    9.5    0.0    0.0    1.0   15.1  11:50    347
 05    9.6   18.0  15:15    2.3  06:15    8.7    0.0    0.0    2.1   14.4  15:20    308
 06   10.1   18.7  15:00    2.6  07:15    8.2    0.0    0.0    1.3   19.8  14:20     92
 07    9.6   19.1  16:00    1.0  07:05    8.8    0.0    0.0    1.5   11.2  12:25     25
 08    7.6   12.0  19:55    5.4  23:30   10.8    0.0    0.0    0.0    0.0  19:55    N/A
 09   12.7   24.4  16:30    2.4  07:10    5.6    0.0    0.0    0.8    7.6  14:25    332
 10   15.2   24.2  16:50    6.8  04:55    3.1    0.0    0.0    0.9    9.7  12:20    354
 11   15.1   27.7  15:00    6.3  05:30    3.2    0.0    0.0    1.5    6.8  08:50    340
 12   15.2   25.4  16:35    7.8  06:35    3.2    0.0    0.0    2.0    3.2  20:20    344
 13   15.2   25.5  15:10    6.4  05:05    3.1    0.0    0.0    1.5   19.4  16:15    261
 14    7.5   12.9  00:05   -0.5  00:00   10.8    0.0    2.1    2.5   19.1  17:20    348
 15    6.0   15.1  15:30   -2.6  06:35   12.3    0.0    0.0    1.0   13.0  12:15      6
 16   11.8   23.4  16:55    0.9  05:10    6.6    0.0    0.0    0.8   11.5  12:50    357
 17   16.5   26.6  15:20    7.6  06:55    1.9    0.0    0.0    1.1    9.0  12:15    279
 18   17.2   25.0  16:45    9.5  06:55    1.2    0.0    0.0    0.9   18.0  22:10    303
 19   14.0   23.0  15:20    9.6  23:00    4.3    0.0    5.2    1.7   13.7  00:35    260
 20   10.1   15.8  16:30    6.9  06:05    8.2    0.0    3.1    1.0    9.4  13:40    331
 21    9.8   17.5  16:25    4.6  06:25    8.6    0.0    0.0    1.3   12.2  12:10    292
 22   10.3   18.4  16:25    2.9  06:50    8.0    0.0    0.0    1.4   14.8  14:10    314
 23   11.1   19.8  16:25    3.1  06:00    7.3    0.0    0.0    1.2   12.6  12:10    300
 24   13.5   23.1  15:30    3.3  06:50    4.8    0.0    0.0    0.7   12.2  13:15     20
 25   16.0   25.2  13:35    7.9  06:40    2.4    0.0    0.0    2.0   20.5  16:25    320
 26   12.4   19.5  16:05    7.1  01:35    5.9    0.0    0.0    1.0   14.8  13:30     42
 27   16.0   23.2  14:10    9.0  07:25    2.3    0.0    6.2    1.3   14.4  18:40    315
 28   13.7   23.3  13:25    8.5  06:15    4.7    0.0    0.5    0.7    6.5  11:40    337
 29   12.5   19.4  11:30    7.3  06:00    5.8    0.0    9.3    1.1   19.4  11:30    278
 30   14.6   20.9  16:20    9.5  06:05    3.7    0.0    1.0    0.8   13.3  16:00     48
---------------------------------------------------------------------------------------
      11.8   27.7     11   -4.9     02  202.5    0.0   27.5    1.3   20.5     25    333
    
Tropske noči (Tmin >= 20): 0
Vroči dnevi (Tmax >= 30): 0
Topli dnevi (Tmax >= 25): 5
Hladni dnevi (Tmin < 0): 0
Ledeni dnevi (Tmax < 0): 5