Vremenska postaja Sladki Vrh

46.691233 N| 15.767722 E| 326 meters | Prikaži na zemljevidu

Vreme na kratko
18.8°C 84% 1008.0 mbar 0 km/h 0 km/h 0.0 mm
-0.0°C/h 2%/h 0.1 mbar/h N/A ( N/A) N/A ( N/A) 0.0 mm/h

03/07/20 00:15:00 CEST

Vremenska statistika za 05-2020

Vremenska postaja:LaCrosse WS-2355
Programska oprema:weewx v4.0.0
WeeWX aktiven:17 days, 5 hours, 28 minutes
Strežnik aktiven:17 days, 14 hours, 5 minutes
                   MONTHLY CLIMATOLOGICAL SUMMARY for May 2020


NAME: Zgornja Velka, Šentilj                  
ELEV: 326 meters    LAT: 46-41.47 N    LONG: 015-46.07 E


                   TEMPERATURE (°C), RAIN (mm), WIND SPEED (km/h)

                                         HEAT   COOL         AVG
      MEAN                               DEG    DEG          WIND                   DOM
DAY   TEMP   HIGH   TIME    LOW   TIME   DAYS   DAYS   RAIN  SPEED   HIGH   TIME    DIR
---------------------------------------------------------------------------------------
 01   13.7   19.2  16:05   10.6  07:45    4.6    0.0    6.7    1.3   16.6  18:00     34
 02   10.5   14.2  08:15    9.5  05:55    7.8    0.0    0.0    0.4    9.0  01:25    238
 03
 04
 05
 06
 07
 08
 09
 10   20.1   23.9  17:09   14.9  23:09    0.0    1.8    0.0    0.0    0.0  12:09    N/A
 11   16.6   22.5  16:09   12.8  04:09    1.8    0.0    0.0    1.1   10.8  16:09    339
 12    8.7   14.9  00:09    6.2  07:09    9.7    0.0    7.3    0.8    7.2  11:09     85
 13   13.3   19.6  16:09    6.3  06:09    5.1    0.0    0.5    0.0    2.5  23:16     20
 14   15.3   20.3  09:07   11.1  05:18    3.0    0.0    0.0    2.9   16.2  11:18     69
 15   11.8   18.6  15:07    8.4  23:58    6.5    0.0    1.0    1.2   10.8  00:50    286
 16   12.2   16.9  15:21    8.4  00:00    6.2    0.0    0.0    0.3   12.2  14:04     33
 17   14.0   20.1  14:06   10.0  02:36    4.3    0.0    5.2    0.7    7.2  10:56    291
 18   16.4   23.3  15:15   10.1  05:02    2.0    0.0    0.0    0.6   10.4  12:17     33
 19   14.8   17.4  09:44   12.8  00:00    3.5    0.0    3.1    0.7    9.4  21:52    270
 20   15.6   20.6  15:55   10.0  23:58    2.8    0.0    0.5    1.9   17.3  15:12    246
 21   15.7   22.3  14:39    9.2  00:56    2.6    0.0    0.0    1.6   13.7  13:30      6
 22   15.8   23.1  17:25    9.4  06:32    2.5    0.0    0.0    1.1   12.2  12:10     28
 23   18.3   25.4  16:50   12.9  00:00    0.0    0.0    1.6    1.5   16.6  22:30    308
 24   15.3   20.5  17:06   10.1  05:58    3.0    0.0    5.2    3.5   25.9  07:58    235
 25   14.2   20.7  16:30    9.8  04:30    4.1    0.0    0.5    2.4   19.4  15:41    235
 26   12.8   18.3  15:25    8.3  05:35    5.5    0.0    2.1    3.5   25.2  19:09    218
 27   14.4   21.8  14:36    6.6  05:17    4.0    0.0    0.0    1.7   17.6  09:16    252
 28   14.1   20.1  10:15    8.1  04:00    4.2    0.0    0.0    2.6   22.3  13:22    228
 29   13.4   17.5  11:17    9.4  01:23    5.0    0.0    0.5    1.5   12.6  10:34    224
 30   12.1   16.9  10:50    7.3  22:50    6.2    0.0    0.0    0.8   11.2  09:22    243
 31   10.9   17.2  11:22    5.8  05:20    7.5    0.0    2.1    1.4   22.7  13:20    250
---------------------------------------------------------------------------------------
      14.1   25.4     23    5.8     31  101.8    1.8   36.3    1.4   25.9     24    245
    
Tropske noči (Tmin >= 20): 0
Vroči dnevi (Tmax >= 30): 0
Topli dnevi (Tmax >= 25): 1
Hladni dnevi (Tmin < 0): 0
Ledeni dnevi (Tmax < 0): 0