Vremenska postaja Sladki Vrh

46.691233 N| 15.767722 E| 326 meters | Prikaži na zemljevidu

Vreme na kratko
18.9°C 83% 1008.0 mbar 0 km/h 0 km/h 0.0 mm
0.3°C/h 0%/h -0.0 mbar/h N/A ( N/A) N/A ( N/A) 0.0 mm/h

03/07/20 00:30:00 CEST

Vremenska statistika za 2020

Vremenska postaja:LaCrosse WS-2355
Programska oprema:weewx v4.0.0
WeeWX aktiven:17 days, 5 hours, 41 minutes
Strežnik aktiven:17 days, 14 hours, 18 minutes
                     CLIMATOLOGICAL SUMMARY for year 2020


NAME: Zgornja Velka, Šentilj                  
ELEV: 326 meters    LAT: 46-41.47 N    LONG: 015-46.07 E


                                       TEMPERATURE (°C)

                              HEAT    COOL                             Tropske Vroci  Topli  Hladni  Ledeni
          MEAN   MEAN         DEG     DEG                                >=     >=     >=      <       < 
 YR  MO   MAX    MIN    MEAN  DAYS    DAYS      HI  DAY     LOW  DAY     20     30     25      0       0
---------------------------------------------------------------------------------------------------------
2020 01    2.0   -4.1   -1.5  578.0    0.0    10.3   31    -7.6   07      0      0      0     28     10
2020 02    9.4   -1.0    3.5  163.0    0.0    15.4   10    -5.2   08      0      0      0      7      0
2020 03   11.5    0.5    6.0  218.4    0.0    21.9   20    -4.5   23      0      0      0      8      0
2020 04   20.1    4.3   11.8  202.5    0.0    27.7   11    -4.9   02      0      0      5      5      0
2020 05   19.8    9.5   14.1  101.8    1.8    25.4   23     5.8   31      0      0      1      0      0
2020 06   24.6   11.6   18.2   31.2   27.1    30.8   28   -18.9   15      0      2     16      1      0
2020 07   26.0   16.8   22.0    0.0    7.7    30.0   01    15.7   02      0      1      2      0      0
2020 08
2020 09
2020 10
2020 11
2020 12
------------------------------------------------------------------------------------------------
          15.6    4.4    9.8 1294.8   36.6    30.8  Jun   -18.9  Jun      0      3     24     49     10


                  PRECIPITATION (mm)

                  MAX         ---DAYS OF RAIN---
                  OBS.               OVER
 YR  MO  TOTAL    DAY  DATE   0.20   2.00  20.00
------------------------------------------------
2020 01    5.7    3.6    28      5      1      0
2020 02    2.6    1.6    04      2      0      0
2020 03    8.8    4.7    26      4      2      0
2020 04   27.5    9.3    29      7      5      0
2020 05   36.3    7.3    12     13      7      0
2020 06   80.3   22.8    29     16      8      1
2020 07    5.2    4.7    01      2      1      0
2020 08
2020 09
2020 10
2020 11
2020 12
------------------------------------------------
         166.2   22.8   Jun     49     24      1


           WIND SPEED (km/h)

                                DOM
 YR  MO    AVG     HI   DATE    DIR
-----------------------------------
2020 01    0.5   23.4     04     79 
2020 02    2.2   94.0     10    275 
2020 03    2.0   28.1     21    347 
2020 04    1.3   20.5     25    333 
2020 05    1.4   25.9     24    245 
2020 06    1.3  183.6     24    248 
2020 07    1.2   35.6     01    244 
2020 08
2020 09
2020 10
2020 11
2020 12
-----------------------------------
           1.3  183.6    Jun    284